{"id":209,"date":"2019-08-07T12:03:56","date_gmt":"2019-08-07T10:03:56","guid":{"rendered":"http:\/\/scpet.sample.si\/srednja-tehniska-in-strokovna-sola\/dijaki\/dijaska-skupnost-stss-copy\/"},"modified":"2025-11-26T10:58:29","modified_gmt":"2025-11-26T09:58:29","slug":"uciteljski-zbor","status":"publish","type":"page","link":"https:\/\/www.scpet.si\/srednja-tehniska-in-strokovna-sola\/uciteljski-zbor\/","title":{"rendered":"U\u010diteljski zbor"},"content":{"rendered":"<p><div class=\"fusion-fullwidth fullwidth-box fusion-builder-row-1 nonhundred-percent-fullwidth non-hundred-percent-height-scrolling\" style=\"background-color: rgba(255,255,255,0);background-position: center center;background-repeat: no-repeat;padding-top:0px;padding-right:0px;padding-bottom:0px;padding-left:0px;margin-bottom: 0px;margin-top: 0px;border-width: 0px 0px 0px 0px;border-color:#eae9e9;border-style:solid;\" ><div class=\"fusion-builder-row fusion-row\"><div class=\"fusion-layout-column fusion_builder_column fusion-builder-column-0 fusion_builder_column_1_1 1_1 fusion-one-full fusion-column-first fusion-column-last\" style=\"margin-top:0px;margin-bottom:0px;\"><div class=\"fusion-column-wrapper fusion-flex-column-wrapper-legacy\" style=\"background-position:left top;background-repeat:no-repeat;-webkit-background-size:cover;-moz-background-size:cover;-o-background-size:cover;background-size:cover;padding: 0px 0px 0px 0px;\"><div class=\"fusion-text fusion-text-1\"><h2>U\u010diteljski zbor\u00a0 2025\/2026<\/h2>\n<\/div><div class=\"fusion-text fusion-text-2\"><\/div><div class=\"fusion-clearfix\"><\/div><\/div><\/div><\/div><\/div><div class=\"fusion-fullwidth fullwidth-box fusion-builder-row-2 fusion-flex-container nonhundred-percent-fullwidth non-hundred-percent-height-scrolling\" style=\"background-color: rgba(255,255,255,0);background-position: center center;background-repeat: no-repeat;border-width: 0px 0px 0px 0px;border-color:#eae9e9;border-style:solid;\" ><div class=\"fusion-builder-row fusion-row fusion-flex-align-items-flex-start\" style=\"max-width:1331.2px;margin-left: calc(-4% \/ 2 );margin-right: calc(-4% \/ 2 );\"><div class=\"fusion-layout-column fusion_builder_column fusion-builder-column-1 fusion_builder_column_1_1 1_1 fusion-flex-column\"><div class=\"fusion-column-wrapper fusion-flex-justify-content-flex-start fusion-content-layout-column\" style=\"background-position:left top;background-repeat:no-repeat;-webkit-background-size:cover;-moz-background-size:cover;-o-background-size:cover;background-size:cover;padding: 0px 0px 0px 0px;\"><div class=\"fusion-text fusion-text-3\"><table class=\"table-1\">\n<tbody>\n<tr>\n<td width=\"161\"><strong>U\u010ditelj\/U\u010diteljica<\/strong><\/td>\n<td width=\"106\"><strong>Program<\/strong><\/td>\n<td width=\"175\"><strong>Predmeti<\/strong><\/td>\n<td width=\"220\"><strong>Slu\u017ebeni e-naslov<\/strong><\/td>\n<\/tr>\n<tr>\n<td width=\"161\">BE\u0160LI\u010c Marko<\/td>\n<td width=\"106\">EKT, TEK<\/td>\n<td width=\"175\">OMU, KOM<\/td>\n<td width=\"220\"><a href=\"mailto:marko.beslic@scpet.si\">marko.beslic@scpet.si<\/a><\/td>\n<\/tr>\n<tr>\n<td width=\"161\">BOBNAR Brina<\/td>\n<td width=\"106\">EKT, TEK<\/td>\n<td width=\"175\">SLO, ADR<br \/>\nRazrednik 1.A<\/td>\n<td width=\"220\"><a href=\"mailto:brina.bobnar@scpet.si\">brina.bobnar@scpet.si<\/a><\/td>\n<\/tr>\n<tr>\n<td width=\"161\">FLORJAN\u010cI\u010c Ale\u0161<\/td>\n<td width=\"106\">EKT, TEK<\/td>\n<td width=\"175\">\u0160VZ, M\u0160P, P\u0160<br \/>\n\u0160portni koordinator<\/td>\n<td width=\"220\"><a href=\"mailto:ales.florjancic@scpet.si\">ales.florjancic@scpet.si<\/a><\/td>\n<\/tr>\n<tr>\n<td width=\"161\">GLAVI\u010c Andreja<\/td>\n<td width=\"106\">TEK<\/td>\n<td width=\"175\">ELE, SIP<br \/>\nRazrednik 3.D<\/td>\n<td width=\"220\"><a href=\"mailto:andreja.glavic@scpet.si\">andreja.glavic@scpet.si<\/a><\/td>\n<\/tr>\n<tr>\n<td width=\"161\">GRABI\u0106 Dejan<\/td>\n<td width=\"106\">EKT<\/td>\n<td width=\"175\">POP<br \/>\nRazrednik 1.C<\/td>\n<td width=\"220\"><a href=\"mailto:dejan.grabic@scpet.si\">dejan.grabic@scpet.si<\/a><\/td>\n<\/tr>\n<tr>\n<td width=\"161\">ISLAMBEGOVI\u0106 Dino<\/td>\n<td width=\"106\">TEK<\/td>\n<td width=\"175\">ELE,\u00a0 MTK, ITK<\/td>\n<td width=\"220\"><a href=\"mailto:dino.islambegovic@scpet.si\">dino.islambegovic@scpet.si<\/a><\/td>\n<\/tr>\n<tr>\n<td width=\"161\">KIRPA Maria<\/td>\n<td width=\"106\">EKT, TEK<\/td>\n<td width=\"175\">ANJ<br \/>\nRazrednik 3.B<\/td>\n<td width=\"220\"><a href=\"mailto:maria.kirpa@scpet.si\">maria.kirpa@scpet.si<\/a><\/td>\n<\/tr>\n<tr>\n<td width=\"161\">KOLARI\u010c Estera<\/td>\n<td width=\"106\">EKT<\/td>\n<td width=\"175\">SOG, PPO, BPO, POP Razrednik 4.B<\/td>\n<td width=\"220\"><a href=\"mailto:estera.kolaric@scpet.si\">estera.kolaric@scpet.si<\/a><\/td>\n<\/tr>\n<tr>\n<td width=\"161\">KORBAR Maksima<\/td>\n<td width=\"106\">EKT<\/td>\n<td width=\"175\">PPO, FPO<\/td>\n<td width=\"220\"><a href=\"mailto:maksima.korbar@scpet.si\">maksima.korbar@scpet.si<\/a><\/td>\n<\/tr>\n<tr>\n<td width=\"161\">KO\u0160\u010cAK Peter<\/td>\n<td width=\"106\">EKT<\/td>\n<td width=\"175\">PKO, PPO, PUD Razrednik 4.A<\/td>\n<td width=\"220\"><a href=\"mailto:peter.koscak@scpet.si\">peter.koscak@scpet.si<\/a><\/td>\n<\/tr>\n<tr>\n<td width=\"161\">KO\u0160TOMAJ Rok<\/td>\n<td width=\"106\">EKT<\/td>\n<td width=\"175\">ANJ, NEM<br \/>\nRazrednik 2.B<\/td>\n<td width=\"220\"><a href=\"mailto:rok.kostomaj@scpet.si\">rok.kostomaj@scpet.si<\/a><\/td>\n<\/tr>\n<tr>\n<td width=\"161\">KREGAR Mateja<\/td>\n<td width=\"106\">TEK<\/td>\n<td width=\"175\">IN\u0160, MEL, EPR<\/td>\n<td width=\"220\"><a href=\"mailto:mateja.kregar@scpet.si\">mateja.kregar@scpet.si<\/a><\/td>\n<\/tr>\n<tr>\n<td width=\"161\">KU\u010cI\u0160 Eva<\/td>\n<td width=\"106\">EKT, TEK<\/td>\n<td width=\"175\">MAT<br \/>\nRazrednik 2.D<\/td>\n<td width=\"220\"><a href=\"mailto:eva.kucis@scpet.si\">eva.kucis@scpet.si<\/a><\/td>\n<\/tr>\n<tr>\n<td width=\"161\">LAZAR Nejc<\/td>\n<td width=\"106\">EKT, TEK<\/td>\n<td width=\"175\">SLO<br \/>\nRazrednik 3.A<\/td>\n<td width=\"220\"><a href=\"mailto:nejc.lazar@scpet.si\">nejc.lazar@scpet.si<\/a><\/td>\n<\/tr>\n<tr>\n<td width=\"161\">LEBAN TROJAR Zoran<\/td>\n<td width=\"106\">EKT<\/td>\n<td width=\"175\">EKP, SOG, FMA, M\u0160P<\/td>\n<td width=\"220\"><a href=\"mailto:zoran.leban-trojar@scpet.si\">zoran.leban-trojar@scpet.si<\/a><\/td>\n<\/tr>\n<tr>\n<td width=\"161\">LUKAN Darja<\/td>\n<td width=\"106\">EKT<\/td>\n<td width=\"175\">SOG,<\/p>\n<p>EKP<\/td>\n<td width=\"220\"><a href=\"mailto:darja.lukan@scpet.si\">darja.lukan@scpet.si<\/a><\/td>\n<\/tr>\n<tr>\n<td width=\"161\">LULIK Anita<\/td>\n<td width=\"106\">EKT, TEK<\/td>\n<td width=\"175\">UME<\/td>\n<td width=\"220\"><a href=\"mailto:anita.lulik@scpet.si\">anita.lulik@scpet.si<\/a><\/td>\n<\/tr>\n<tr>\n<td width=\"161\">MAR\u010cI\u010c Renata<\/td>\n<td width=\"106\">EKT, TEK<\/td>\n<td width=\"175\">PSI, ADR<br \/>\nRazrednik 1.E<\/td>\n<td width=\"220\"><a href=\"mailto:renata.marcic@scpet.si\">renata.marcic@scpet.si<\/a><\/td>\n<\/tr>\n<tr>\n<td width=\"161\">MENCEJ Rok<\/td>\n<td width=\"106\">EKT<\/td>\n<td width=\"175\">POP, KPO, M\u0160P, PKO, FPO<br \/>\nRazrednik 4.C<\/td>\n<td width=\"220\"><a href=\"mailto:rok.mencej@scpet.si\">rok.mencej@scpet.si<\/a><\/td>\n<\/tr>\n<tr>\n<td width=\"161\">MILEK Jasna<\/td>\n<td width=\"106\">EKT<\/td>\n<td width=\"175\">BIO<\/td>\n<td width=\"220\"><a href=\"mailto:jasna.milek@scpet.si\">jasna.milek@scpet.si<\/a><\/td>\n<\/tr>\n<tr>\n<td width=\"161\">MLIN\u0160EK Matja\u017e<\/td>\n<td width=\"106\">TEK<\/td>\n<td width=\"175\">\u00a0TKS, EPR<br \/>\nRazrednik 4.E<\/td>\n<td width=\"220\"><a href=\"mailto:matjaz.mlinsek@scpet.si\">matjaz.mlinsek@scpet.si<\/a><\/td>\n<\/tr>\n<tr>\n<td width=\"161\">NAPOKOJ Matja\u017e<\/td>\n<td width=\"106\">EKT, TEK<\/td>\n<td width=\"175\">GEO, ZGO, ADR Razrednik 3.E<\/td>\n<td width=\"220\"><a href=\"mailto:matjaz.napakoj@scpet.si\">matjaz.napakoj@scpet.si<\/a><\/td>\n<\/tr>\n<tr>\n<td width=\"161\">ORE\u0160NIK FIN\u017dGAR Da\u0161a<\/td>\n<td width=\"106\">EKT, TEK<\/td>\n<td width=\"175\">ANJ<\/p>\n<p>Razrednik 2.E<\/td>\n<td width=\"220\"><a href=\"mailto:dasa.oresnik@scpet.si\">dasa.oresnik@scpet.si<\/a><\/td>\n<\/tr>\n<tr>\n<td width=\"161\">PLESEC Ana<\/td>\n<td width=\"106\">EKT<\/td>\n<td width=\"175\">KOM, PKO, NTR, PLG\u00a0 Razrednik 1.B<\/td>\n<td width=\"220\"><a href=\"mailto:ana.plesec@scpet.si\">ana.plesec@scpet.si<\/a><\/td>\n<\/tr>\n<tr>\n<td width=\"161\">PLESEC Matja\u017e<\/td>\n<td width=\"106\">EKT, TEK<\/td>\n<td width=\"175\">\u0160VZ, M\u0160P, P\u0160<br \/>\n\u0160portni koordinator<\/td>\n<td width=\"220\"><a href=\"mailto:matjaz.plesec@scpet.si\">matjaz.plesec@scpet.si<\/a><\/td>\n<\/tr>\n<tr>\n<td width=\"161\">PODLOGAR Andrejka<\/td>\n<td width=\"106\">EKT, TEK<\/td>\n<td width=\"175\">ZGO, SOC, ADR<br \/>\nRazrednik 3.C<\/td>\n<td width=\"220\"><a href=\"mailto:andrejka.podlogar@scpet.si\">andrejka.podlogar@scpet.si<\/a><\/td>\n<\/tr>\n<tr>\n<td width=\"161\">PRAPROTNIK Tine<\/td>\n<td width=\"106\">EKT, TEK<\/td>\n<td width=\"175\">MAT, FIZ<br \/>\nRazrednik 1.D<\/td>\n<td width=\"220\"><a href=\"mailto:tine.praprotnik@scpet.si\">tine.praprotnik@scpet.si<\/a><\/td>\n<\/tr>\n<tr>\n<td width=\"161\">PRIMO\u017dI\u010c Petra<\/td>\n<td width=\"106\">EKT, TEK<\/td>\n<td width=\"175\">\u0160VZ, P\u0160<br \/>\n\u0160portni koordinator<\/td>\n<td width=\"220\"><a href=\"mailto:petra.primozic@scpet.si\">petra.primozic@scpet.si<\/a><\/td>\n<\/tr>\n<tr>\n<td width=\"161\">RAKEF Gregor<\/td>\n<td width=\"106\">TEK<\/td>\n<td width=\"175\">BKO, PSN, IN\u0160<\/td>\n<td width=\"220\"><a href=\"mailto:gregor.rakef@scpet.si\">gregor.rakef@scpet.si<\/a><\/td>\n<\/tr>\n<tr>\n<td width=\"161\">SIMI\u0106 Anja<\/td>\n<td width=\"106\">EKT, TEK<\/td>\n<td width=\"175\">MAT<\/td>\n<td width=\"220\"><a href=\"mailto:anja.simic@scpet.si\">anja.simic@scpet.si<\/a><\/td>\n<\/tr>\n<tr>\n<td width=\"161\">SIMI\u0106 Peter<\/td>\n<td width=\"106\">EKT, TEK<\/td>\n<td width=\"175\">SLO<\/td>\n<td width=\"220\"><a href=\"mailto:peter.simic@scpet.si\">peter.simic@scpet.si<\/a><\/td>\n<\/tr>\n<tr>\n<td width=\"161\">RUPRET Darko<\/td>\n<td width=\"106\">EKT<\/td>\n<td width=\"175\">FMA<\/td>\n<td width=\"220\"><a href=\"mailto:darko.rupret@scpet.si\">darko.rupret@scpet.si<\/a><\/td>\n<\/tr>\n<tr>\n<td width=\"161\">STARE\u0160INI\u010c BECELE Mojca<\/td>\n<td width=\"106\">EKT<\/td>\n<td width=\"175\">NEM, STN<\/td>\n<td width=\"220\"><a href=\"mailto:mojca.staresinic-becele@scpet.si\">mojca.staresinic-becele@scpet.si<\/a><\/td>\n<\/tr>\n<tr>\n<td width=\"161\">\u0160UT Merilin<\/td>\n<td width=\"106\">EKT, TEK<\/td>\n<td width=\"175\">KEM, KPO<\/td>\n<td width=\"220\"><a href=\"mailto:merilin.sut@scpet.si\">merilin.sut@scpet.si<\/a><\/td>\n<\/tr>\n<tr>\n<td width=\"161\">VUKOVI\u0106 Luka<\/td>\n<td width=\"106\">TEK<\/td>\n<td width=\"175\">\u0160portni koordinator<\/td>\n<td width=\"220\"><a href=\"mailto:luka.vukovic@scpet.si\">luka.vukovic@scpet.si<\/a><\/td>\n<\/tr>\n<tr>\n<td width=\"161\">VUKOVI\u0106 Sr\u0111an<\/td>\n<td width=\"106\">EKT<\/td>\n<td width=\"175\">SOG, ZAV, POP, PPO Razrednik 2.C<\/td>\n<td width=\"220\"><a href=\"mailto:srdzan.vukovic@scpet.si\">srdzan.vukovic@scpet.si<\/a><\/td>\n<\/tr>\n<tr>\n<td width=\"161\">ZABUKOVEC Alenka<\/td>\n<td width=\"106\">TEK<\/td>\n<td width=\"175\">ITK, PRO<\/td>\n<td width=\"220\"><a href=\"mailto:alenka.zabukovec@scpet.si\">alenka.zabukovec@scpet.si<\/a><\/td>\n<\/tr>\n<tr>\n<td width=\"161\">ZALETEL Jan<\/td>\n<td width=\"106\">EKT, TEK<\/td>\n<td width=\"175\">\u0160VZ, P\u0160<br \/>\n\u0160portni koordinator<\/td>\n<td width=\"220\"><a href=\"mailto:jan.zaletel@scpet.si\">jan.zaletel@scpet.si<\/a><\/td>\n<\/tr>\n<tr>\n<td width=\"161\">\u017dAGAR Gregor<\/td>\n<td width=\"106\">TEK<\/td>\n<td width=\"175\">FIZ, MAT<br \/>\nRazrednik 4.D<\/td>\n<td width=\"220\"><a href=\"mailto:gregor.zagar@scpet.si\">gregor.zagar@scpet.si<\/a><\/td>\n<\/tr>\n<tr>\n<td width=\"161\">\u017dI\u017dEK Iztok<\/td>\n<td width=\"106\">EKT, TEK<\/td>\n<td width=\"175\">\u0160VZ, P\u0160<br \/>\n\u0160portni koordinator<\/td>\n<td width=\"220\"><a href=\"mailto:iztok.zizek@scpet.si\">iztok.zizek@scpet.si<\/a><\/td>\n<\/tr>\n<\/tbody>\n<\/table>\n<\/div><\/div><style type=\"text\/css\">.fusion-body .fusion-builder-column-1{width:100% !important;margin-top : 0px;margin-bottom : 0px;}.fusion-builder-column-1 > .fusion-column-wrapper {padding-top : 0px !important;padding-right : 0px !important;margin-right : 1.92%;padding-bottom : 0px !important;padding-left : 0px !important;margin-left : 1.92%;}@media only screen and (max-width:1024px) {.fusion-body .fusion-builder-column-1{width:100% !important;}.fusion-builder-column-1 > .fusion-column-wrapper {margin-right : 1.92%;margin-left : 1.92%;}}@media only screen and (max-width:640px) {.fusion-body .fusion-builder-column-1{width:100% !important;}.fusion-builder-column-1 > .fusion-column-wrapper {margin-right : 1.92%;margin-left : 1.92%;}}<\/style><\/div><\/div><style type=\"text\/css\">.fusion-body .fusion-flex-container.fusion-builder-row-2{ padding-top : 0px;margin-top : 0px;padding-right : 0px;padding-bottom : 0px;margin-bottom : 0px;padding-left : 0px;}<\/style><\/div><\/p>\n","protected":false},"excerpt":{"rendered":"","protected":false},"author":1,"featured_media":0,"parent":0,"menu_order":0,"comment_status":"closed","ping_status":"closed","template":"100-width.php","meta":{"_mi_skip_tracking":false,"_exactmetrics_sitenote_active":false,"_exactmetrics_sitenote_note":"","_exactmetrics_sitenote_category":0},"yoast_head":"<!-- This site is optimized with the Yoast SEO plugin v20.8 - https:\/\/yoast.com\/wordpress\/plugins\/seo\/ -->\n<title>U\u010diteljski zbor - SREDNJA TEHNI\u0160KA IN STROKOVNA \u0160OLA<\/title>\n<meta name=\"description\" content=\"U\u010diteljski zbor - Srednja tehni\u0161ka in strokovna \u0161ola - \u0160olski center za po\u0161to, ekonomijo in telekomunikacije Ljubljana - \u0160C PET.\" \/>\n<meta name=\"robots\" content=\"index, follow, max-snippet:-1, max-image-preview:large, max-video-preview:-1\" \/>\n<link rel=\"canonical\" href=\"https:\/\/www.scpet.si\/srednja-tehniska-in-strokovna-sola\/uciteljski-zbor\/\" \/>\n<meta property=\"og:locale\" content=\"sl_SI\" \/>\n<meta property=\"og:type\" content=\"article\" \/>\n<meta property=\"og:title\" content=\"U\u010diteljski zbor - SREDNJA TEHNI\u0160KA IN STROKOVNA \u0160OLA\" \/>\n<meta property=\"og:description\" content=\"U\u010diteljski zbor - Srednja tehni\u0161ka in strokovna \u0161ola - \u0160olski center za po\u0161to, ekonomijo in telekomunikacije Ljubljana - \u0160C PET.\" \/>\n<meta property=\"og:url\" content=\"https:\/\/www.scpet.si\/srednja-tehniska-in-strokovna-sola\/uciteljski-zbor\/\" \/>\n<meta property=\"og:site_name\" content=\"SREDNJA TEHNI\u0160KA IN STROKOVNA \u0160OLA\" \/>\n<meta property=\"article:modified_time\" content=\"2025-11-26T09:58:29+00:00\" \/>\n<meta name=\"twitter:card\" content=\"summary_large_image\" \/>\n<meta name=\"twitter:label1\" content=\"Est. reading time\" \/>\n\t<meta name=\"twitter:data1\" content=\"3 minute\" \/>\n<script type=\"application\/ld+json\" class=\"yoast-schema-graph\">{\"@context\":\"https:\/\/schema.org\",\"@graph\":[{\"@type\":\"WebPage\",\"@id\":\"https:\/\/www.scpet.si\/srednja-tehniska-in-strokovna-sola\/uciteljski-zbor\/\",\"url\":\"https:\/\/www.scpet.si\/srednja-tehniska-in-strokovna-sola\/uciteljski-zbor\/\",\"name\":\"U\u010diteljski zbor - SREDNJA TEHNI\u0160KA IN STROKOVNA \u0160OLA\",\"isPartOf\":{\"@id\":\"https:\/\/www.scpet.si\/srednja-tehniska-in-strokovna-sola\/#website\"},\"datePublished\":\"2019-08-07T10:03:56+00:00\",\"dateModified\":\"2025-11-26T09:58:29+00:00\",\"description\":\"U\u010diteljski zbor - Srednja tehni\u0161ka in strokovna \u0161ola - \u0160olski center za po\u0161to, ekonomijo in telekomunikacije Ljubljana - \u0160C PET.\",\"breadcrumb\":{\"@id\":\"https:\/\/www.scpet.si\/srednja-tehniska-in-strokovna-sola\/uciteljski-zbor\/#breadcrumb\"},\"inLanguage\":\"sl-SI\",\"potentialAction\":[{\"@type\":\"ReadAction\",\"target\":[\"https:\/\/www.scpet.si\/srednja-tehniska-in-strokovna-sola\/uciteljski-zbor\/\"]}]},{\"@type\":\"BreadcrumbList\",\"@id\":\"https:\/\/www.scpet.si\/srednja-tehniska-in-strokovna-sola\/uciteljski-zbor\/#breadcrumb\",\"itemListElement\":[{\"@type\":\"ListItem\",\"position\":1,\"name\":\"Home\",\"item\":\"https:\/\/www.scpet.si\/srednja-tehniska-in-strokovna-sola\/\"},{\"@type\":\"ListItem\",\"position\":2,\"name\":\"U\u010diteljski zbor\"}]},{\"@type\":\"WebSite\",\"@id\":\"https:\/\/www.scpet.si\/srednja-tehniska-in-strokovna-sola\/#website\",\"url\":\"https:\/\/www.scpet.si\/srednja-tehniska-in-strokovna-sola\/\",\"name\":\"SREDNJA TEHNI\u0160KA IN STROKOVNA \u0160OLA\",\"description\":\"Just another \u0160C PET Sites site\",\"potentialAction\":[{\"@type\":\"SearchAction\",\"target\":{\"@type\":\"EntryPoint\",\"urlTemplate\":\"https:\/\/www.scpet.si\/srednja-tehniska-in-strokovna-sola\/?s={search_term_string}\"},\"query-input\":\"required name=search_term_string\"}],\"inLanguage\":\"sl-SI\"}]}<\/script>\n<!-- \/ Yoast SEO plugin. -->","yoast_head_json":{"title":"U\u010diteljski zbor - SREDNJA TEHNI\u0160KA IN STROKOVNA \u0160OLA","description":"U\u010diteljski zbor - Srednja tehni\u0161ka in strokovna \u0161ola - \u0160olski center za po\u0161to, ekonomijo in telekomunikacije Ljubljana - \u0160C PET.","robots":{"index":"index","follow":"follow","max-snippet":"max-snippet:-1","max-image-preview":"max-image-preview:large","max-video-preview":"max-video-preview:-1"},"canonical":"https:\/\/www.scpet.si\/srednja-tehniska-in-strokovna-sola\/uciteljski-zbor\/","og_locale":"sl_SI","og_type":"article","og_title":"U\u010diteljski zbor - SREDNJA TEHNI\u0160KA IN STROKOVNA \u0160OLA","og_description":"U\u010diteljski zbor - Srednja tehni\u0161ka in strokovna \u0161ola - \u0160olski center za po\u0161to, ekonomijo in telekomunikacije Ljubljana - \u0160C PET.","og_url":"https:\/\/www.scpet.si\/srednja-tehniska-in-strokovna-sola\/uciteljski-zbor\/","og_site_name":"SREDNJA TEHNI\u0160KA IN STROKOVNA \u0160OLA","article_modified_time":"2025-11-26T09:58:29+00:00","twitter_card":"summary_large_image","twitter_misc":{"Est. reading time":"3 minute"},"schema":{"@context":"https:\/\/schema.org","@graph":[{"@type":"WebPage","@id":"https:\/\/www.scpet.si\/srednja-tehniska-in-strokovna-sola\/uciteljski-zbor\/","url":"https:\/\/www.scpet.si\/srednja-tehniska-in-strokovna-sola\/uciteljski-zbor\/","name":"U\u010diteljski zbor - SREDNJA TEHNI\u0160KA IN STROKOVNA \u0160OLA","isPartOf":{"@id":"https:\/\/www.scpet.si\/srednja-tehniska-in-strokovna-sola\/#website"},"datePublished":"2019-08-07T10:03:56+00:00","dateModified":"2025-11-26T09:58:29+00:00","description":"U\u010diteljski zbor - Srednja tehni\u0161ka in strokovna \u0161ola - \u0160olski center za po\u0161to, ekonomijo in telekomunikacije Ljubljana - \u0160C PET.","breadcrumb":{"@id":"https:\/\/www.scpet.si\/srednja-tehniska-in-strokovna-sola\/uciteljski-zbor\/#breadcrumb"},"inLanguage":"sl-SI","potentialAction":[{"@type":"ReadAction","target":["https:\/\/www.scpet.si\/srednja-tehniska-in-strokovna-sola\/uciteljski-zbor\/"]}]},{"@type":"BreadcrumbList","@id":"https:\/\/www.scpet.si\/srednja-tehniska-in-strokovna-sola\/uciteljski-zbor\/#breadcrumb","itemListElement":[{"@type":"ListItem","position":1,"name":"Home","item":"https:\/\/www.scpet.si\/srednja-tehniska-in-strokovna-sola\/"},{"@type":"ListItem","position":2,"name":"U\u010diteljski zbor"}]},{"@type":"WebSite","@id":"https:\/\/www.scpet.si\/srednja-tehniska-in-strokovna-sola\/#website","url":"https:\/\/www.scpet.si\/srednja-tehniska-in-strokovna-sola\/","name":"SREDNJA TEHNI\u0160KA IN STROKOVNA \u0160OLA","description":"Just another \u0160C PET Sites site","potentialAction":[{"@type":"SearchAction","target":{"@type":"EntryPoint","urlTemplate":"https:\/\/www.scpet.si\/srednja-tehniska-in-strokovna-sola\/?s={search_term_string}"},"query-input":"required name=search_term_string"}],"inLanguage":"sl-SI"}]}},"_links":{"self":[{"href":"https:\/\/www.scpet.si\/srednja-tehniska-in-strokovna-sola\/wp-json\/wp\/v2\/pages\/209"}],"collection":[{"href":"https:\/\/www.scpet.si\/srednja-tehniska-in-strokovna-sola\/wp-json\/wp\/v2\/pages"}],"about":[{"href":"https:\/\/www.scpet.si\/srednja-tehniska-in-strokovna-sola\/wp-json\/wp\/v2\/types\/page"}],"author":[{"embeddable":true,"href":"https:\/\/www.scpet.si\/srednja-tehniska-in-strokovna-sola\/wp-json\/wp\/v2\/users\/1"}],"replies":[{"embeddable":true,"href":"https:\/\/www.scpet.si\/srednja-tehniska-in-strokovna-sola\/wp-json\/wp\/v2\/comments?post=209"}],"version-history":[{"count":0,"href":"https:\/\/www.scpet.si\/srednja-tehniska-in-strokovna-sola\/wp-json\/wp\/v2\/pages\/209\/revisions"}],"wp:attachment":[{"href":"https:\/\/www.scpet.si\/srednja-tehniska-in-strokovna-sola\/wp-json\/wp\/v2\/media?parent=209"}],"curies":[{"name":"wp","href":"https:\/\/api.w.org\/{rel}","templated":true}]}}