{"id":229,"date":"2019-08-08T10:03:40","date_gmt":"2019-08-08T08:03:40","guid":{"rendered":"http:\/\/scpet.sample.si\/srednja-tehniska-in-strokovna-sola\/starsi\/govorilne-ure-copy\/"},"modified":"2022-04-04T17:50:50","modified_gmt":"2022-04-04T15:50:50","slug":"svetovanje","status":"publish","type":"page","link":"https:\/\/www.scpet.si\/srednja-tehniska-in-strokovna-sola\/svetovanje\/","title":{"rendered":"Svetovanje"},"content":{"rendered":"<div class=\"fusion-fullwidth fullwidth-box fusion-builder-row-1 nonhundred-percent-fullwidth non-hundred-percent-height-scrolling\" style=\"background-color: rgba(255,255,255,0);background-position: center center;background-repeat: no-repeat;padding-top:0px;padding-right:0px;padding-bottom:0px;padding-left:0px;margin-bottom: 0px;margin-top: 0px;border-width: 0px 0px 0px 0px;border-color:#eae9e9;border-style:solid;\" ><div class=\"fusion-builder-row fusion-row\"><div class=\"fusion-layout-column fusion_builder_column fusion-builder-column-0 fusion_builder_column_1_1 1_1 fusion-one-full fusion-column-first fusion-column-last\" style=\"margin-top:0px;margin-bottom:0px;\"><div class=\"fusion-column-wrapper fusion-flex-column-wrapper-legacy\" style=\"background-position:left top;background-repeat:no-repeat;-webkit-background-size:cover;-moz-background-size:cover;-o-background-size:cover;background-size:cover;padding: 0px 0px 0px 0px;\"><style type=\"text\/css\"><\/style><div class=\"fusion-title title fusion-title-1 fusion-sep-none fusion-title-text fusion-title-size-one\" style=\"margin-top:0px;margin-right:0px;margin-bottom:31px;margin-left:0px;\"><h1 class=\"title-heading-left\" style=\"margin:0;\"><h2>Svetovanje<\/h2><\/h1><\/div><div class=\"fusion-text fusion-text-1\"><p>Mladostniki morajo v relativno kratkem \u010dasu odrasti iz otroka v odraslega. Pri tem se soo\u010dajo s telesnimi, \u010dustvenimi, socialnimi in kognitivnimi spremembami, ki vplivajo na njihovo vsakdanje \u017eivljenje. Zaradi tega so lahko bolj razdra\u017eljivi. Pogosto imajo ob\u010dutek, da so te\u017eave, s katerimi se soo\u010dajo, zna\u010dilne samo zanje, da ne morejo nikomur zaupati, da so osamljeni \u2026<\/p>\n<p>V trenutkih stiske je klju\u010dna socialna opora, pou\u010denost o izra\u017eanju \u010dustev in zavedanje, da se nekatere te\u017eave lahko re\u0161ujejo prav z vklju\u010denostjo drugih oseb.<\/p>\n<p>Mladostniki se lahko v primeru stiske obrnejo na:<\/p>\n<ul>\n<li>\u0161olski svetovalni delavki,<\/li>\n<li>razrednika,<\/li>\n<li>profesorja na \u0161oli, ki mu zaupajo,<\/li>\n<li>telefone za pomo\u010d v stiski:<\/li>\n<\/ul>\n<p><strong>080 116 111 TOM telefon za otroke in mladostnike<\/strong> (vsak dan med 12.00 in 16.00 uro, klic je brezpla\u010den),<\/p>\n<p><strong>01 520 99 00 Klic v du\u0161evni stiski<\/strong> (vsako no\u010d med 19.00 in 7.00 uro zjutraj, klic je brezpla\u010den),<\/p>\n<p><strong>080 116 123 Samarijan ali Sopotnik<\/strong> zaupna telefona (24 ur na dan, vsak dan, klic je brezpla\u010den),<\/p>\n<p><strong>080 11 55 SOS telefon za \u017eenske in otroke, \u017ertve nasilja<\/strong> (od ponedeljka do petka: od 12.00 do 22.00 ure, sobota,\u00a0 nedelja in prazniki: od 18.00 do 20.00 ure).<\/p>\n<ul>\n<li>organizacije, ki izvajajo svetovalne programe za mlade:<\/li>\n<\/ul>\n<p><a href=\"http:\/\/www.misss.org\">www.misss.org<\/a>,<\/p>\n<p><a href=\"http:\/\/www.zivziv.si\">www.zivziv.si<\/a>,<\/p>\n<p><a href=\"http:\/\/www.mic.si\">www.mic.si<\/a>,<\/p>\n<p><a href=\"http:\/\/www.cpm-drustvo.si\">www.cpm-drustvo.si<\/a>.<\/p>\n<p>Center za psiholo\u0161ko svetovanje POSVET, brezpla\u010dno\u00a0 individualno svetovanje, naro\u010danje na tel.\u00a0 031 704 707, od pon. do pet. med 12.00 in 19.00 uro, <a href=\"mailto:info@posvet.si\">info@posvet.si.<\/a><\/p>\n<\/div><div class=\"fusion-clearfix\"><\/div><\/div><\/div><\/div><\/div>\n","protected":false},"excerpt":{"rendered":"","protected":false},"author":1,"featured_media":0,"parent":0,"menu_order":0,"comment_status":"closed","ping_status":"closed","template":"100-width.php","meta":{"_mi_skip_tracking":false,"_exactmetrics_sitenote_active":false,"_exactmetrics_sitenote_note":"","_exactmetrics_sitenote_category":0},"yoast_head":"<!-- This site is optimized with the Yoast SEO plugin v20.8 - https:\/\/yoast.com\/wordpress\/plugins\/seo\/ -->\n<title>Svetovanje - SREDNJA TEHNI\u0160KA IN STROKOVNA \u0160OLA<\/title>\n<meta name=\"description\" content=\"Srednja \u0161ola SCPET nudi dijakom svetovanje. V trenutkih stiske je klju\u010dna socialna opora, pou\u010denost o izra\u017eanju \u010dustev in zavedanje.\" \/>\n<meta name=\"robots\" content=\"index, follow, max-snippet:-1, max-image-preview:large, max-video-preview:-1\" \/>\n<link rel=\"canonical\" href=\"https:\/\/www.scpet.si\/srednja-tehniska-in-strokovna-sola\/svetovanje\/\" \/>\n<meta property=\"og:locale\" content=\"sl_SI\" \/>\n<meta property=\"og:type\" content=\"article\" \/>\n<meta property=\"og:title\" content=\"Svetovanje - SREDNJA TEHNI\u0160KA IN STROKOVNA \u0160OLA\" \/>\n<meta property=\"og:description\" content=\"Srednja \u0161ola SCPET nudi dijakom svetovanje. V trenutkih stiske je klju\u010dna socialna opora, pou\u010denost o izra\u017eanju \u010dustev in zavedanje.\" \/>\n<meta property=\"og:url\" content=\"https:\/\/www.scpet.si\/srednja-tehniska-in-strokovna-sola\/svetovanje\/\" \/>\n<meta property=\"og:site_name\" content=\"SREDNJA TEHNI\u0160KA IN STROKOVNA \u0160OLA\" \/>\n<meta property=\"article:modified_time\" content=\"2022-04-04T15:50:50+00:00\" \/>\n<meta name=\"twitter:card\" content=\"summary_large_image\" \/>\n<meta name=\"twitter:label1\" content=\"Est. reading time\" \/>\n\t<meta name=\"twitter:data1\" content=\"2 minuti\" \/>\n<script type=\"application\/ld+json\" class=\"yoast-schema-graph\">{\"@context\":\"https:\/\/schema.org\",\"@graph\":[{\"@type\":\"WebPage\",\"@id\":\"https:\/\/www.scpet.si\/srednja-tehniska-in-strokovna-sola\/svetovanje\/\",\"url\":\"https:\/\/www.scpet.si\/srednja-tehniska-in-strokovna-sola\/svetovanje\/\",\"name\":\"Svetovanje - SREDNJA TEHNI\u0160KA IN STROKOVNA \u0160OLA\",\"isPartOf\":{\"@id\":\"https:\/\/www.scpet.si\/srednja-tehniska-in-strokovna-sola\/#website\"},\"datePublished\":\"2019-08-08T08:03:40+00:00\",\"dateModified\":\"2022-04-04T15:50:50+00:00\",\"description\":\"Srednja \u0161ola SCPET nudi dijakom svetovanje. V trenutkih stiske je klju\u010dna socialna opora, pou\u010denost o izra\u017eanju \u010dustev in zavedanje.\",\"breadcrumb\":{\"@id\":\"https:\/\/www.scpet.si\/srednja-tehniska-in-strokovna-sola\/svetovanje\/#breadcrumb\"},\"inLanguage\":\"sl-SI\",\"potentialAction\":[{\"@type\":\"ReadAction\",\"target\":[\"https:\/\/www.scpet.si\/srednja-tehniska-in-strokovna-sola\/svetovanje\/\"]}]},{\"@type\":\"BreadcrumbList\",\"@id\":\"https:\/\/www.scpet.si\/srednja-tehniska-in-strokovna-sola\/svetovanje\/#breadcrumb\",\"itemListElement\":[{\"@type\":\"ListItem\",\"position\":1,\"name\":\"Home\",\"item\":\"https:\/\/www.scpet.si\/srednja-tehniska-in-strokovna-sola\/\"},{\"@type\":\"ListItem\",\"position\":2,\"name\":\"Svetovanje\"}]},{\"@type\":\"WebSite\",\"@id\":\"https:\/\/www.scpet.si\/srednja-tehniska-in-strokovna-sola\/#website\",\"url\":\"https:\/\/www.scpet.si\/srednja-tehniska-in-strokovna-sola\/\",\"name\":\"SREDNJA TEHNI\u0160KA IN STROKOVNA \u0160OLA\",\"description\":\"Just another \u0160C PET Sites site\",\"potentialAction\":[{\"@type\":\"SearchAction\",\"target\":{\"@type\":\"EntryPoint\",\"urlTemplate\":\"https:\/\/www.scpet.si\/srednja-tehniska-in-strokovna-sola\/?s={search_term_string}\"},\"query-input\":\"required name=search_term_string\"}],\"inLanguage\":\"sl-SI\"}]}<\/script>\n<!-- \/ Yoast SEO plugin. -->","yoast_head_json":{"title":"Svetovanje - SREDNJA TEHNI\u0160KA IN STROKOVNA \u0160OLA","description":"Srednja \u0161ola SCPET nudi dijakom svetovanje. V trenutkih stiske je klju\u010dna socialna opora, pou\u010denost o izra\u017eanju \u010dustev in zavedanje.","robots":{"index":"index","follow":"follow","max-snippet":"max-snippet:-1","max-image-preview":"max-image-preview:large","max-video-preview":"max-video-preview:-1"},"canonical":"https:\/\/www.scpet.si\/srednja-tehniska-in-strokovna-sola\/svetovanje\/","og_locale":"sl_SI","og_type":"article","og_title":"Svetovanje - SREDNJA TEHNI\u0160KA IN STROKOVNA \u0160OLA","og_description":"Srednja \u0161ola SCPET nudi dijakom svetovanje. V trenutkih stiske je klju\u010dna socialna opora, pou\u010denost o izra\u017eanju \u010dustev in zavedanje.","og_url":"https:\/\/www.scpet.si\/srednja-tehniska-in-strokovna-sola\/svetovanje\/","og_site_name":"SREDNJA TEHNI\u0160KA IN STROKOVNA \u0160OLA","article_modified_time":"2022-04-04T15:50:50+00:00","twitter_card":"summary_large_image","twitter_misc":{"Est. reading time":"2 minuti"},"schema":{"@context":"https:\/\/schema.org","@graph":[{"@type":"WebPage","@id":"https:\/\/www.scpet.si\/srednja-tehniska-in-strokovna-sola\/svetovanje\/","url":"https:\/\/www.scpet.si\/srednja-tehniska-in-strokovna-sola\/svetovanje\/","name":"Svetovanje - SREDNJA TEHNI\u0160KA IN STROKOVNA \u0160OLA","isPartOf":{"@id":"https:\/\/www.scpet.si\/srednja-tehniska-in-strokovna-sola\/#website"},"datePublished":"2019-08-08T08:03:40+00:00","dateModified":"2022-04-04T15:50:50+00:00","description":"Srednja \u0161ola SCPET nudi dijakom svetovanje. V trenutkih stiske je klju\u010dna socialna opora, pou\u010denost o izra\u017eanju \u010dustev in zavedanje.","breadcrumb":{"@id":"https:\/\/www.scpet.si\/srednja-tehniska-in-strokovna-sola\/svetovanje\/#breadcrumb"},"inLanguage":"sl-SI","potentialAction":[{"@type":"ReadAction","target":["https:\/\/www.scpet.si\/srednja-tehniska-in-strokovna-sola\/svetovanje\/"]}]},{"@type":"BreadcrumbList","@id":"https:\/\/www.scpet.si\/srednja-tehniska-in-strokovna-sola\/svetovanje\/#breadcrumb","itemListElement":[{"@type":"ListItem","position":1,"name":"Home","item":"https:\/\/www.scpet.si\/srednja-tehniska-in-strokovna-sola\/"},{"@type":"ListItem","position":2,"name":"Svetovanje"}]},{"@type":"WebSite","@id":"https:\/\/www.scpet.si\/srednja-tehniska-in-strokovna-sola\/#website","url":"https:\/\/www.scpet.si\/srednja-tehniska-in-strokovna-sola\/","name":"SREDNJA TEHNI\u0160KA IN STROKOVNA \u0160OLA","description":"Just another \u0160C PET Sites site","potentialAction":[{"@type":"SearchAction","target":{"@type":"EntryPoint","urlTemplate":"https:\/\/www.scpet.si\/srednja-tehniska-in-strokovna-sola\/?s={search_term_string}"},"query-input":"required name=search_term_string"}],"inLanguage":"sl-SI"}]}},"_links":{"self":[{"href":"https:\/\/www.scpet.si\/srednja-tehniska-in-strokovna-sola\/wp-json\/wp\/v2\/pages\/229"}],"collection":[{"href":"https:\/\/www.scpet.si\/srednja-tehniska-in-strokovna-sola\/wp-json\/wp\/v2\/pages"}],"about":[{"href":"https:\/\/www.scpet.si\/srednja-tehniska-in-strokovna-sola\/wp-json\/wp\/v2\/types\/page"}],"author":[{"embeddable":true,"href":"https:\/\/www.scpet.si\/srednja-tehniska-in-strokovna-sola\/wp-json\/wp\/v2\/users\/1"}],"replies":[{"embeddable":true,"href":"https:\/\/www.scpet.si\/srednja-tehniska-in-strokovna-sola\/wp-json\/wp\/v2\/comments?post=229"}],"version-history":[{"count":0,"href":"https:\/\/www.scpet.si\/srednja-tehniska-in-strokovna-sola\/wp-json\/wp\/v2\/pages\/229\/revisions"}],"wp:attachment":[{"href":"https:\/\/www.scpet.si\/srednja-tehniska-in-strokovna-sola\/wp-json\/wp\/v2\/media?parent=229"}],"curies":[{"name":"wp","href":"https:\/\/api.w.org\/{rel}","templated":true}]}}