{"id":2616,"date":"2023-04-04T10:07:24","date_gmt":"2023-04-04T08:07:24","guid":{"rendered":"https:\/\/www.scpet.si\/srednja-tehniska-in-strokovna-sola\/?page_id=2616"},"modified":"2024-01-31T10:33:44","modified_gmt":"2024-01-31T09:33:44","slug":"primer-izpitnih-pol","status":"publish","type":"page","link":"https:\/\/www.scpet.si\/srednja-tehniska-in-strokovna-sola\/primer-izpitnih-pol\/","title":{"rendered":"Primer izpitnih pol"},"content":{"rendered":"<div class=\"fusion-fullwidth fullwidth-box fusion-builder-row-1 fusion-flex-container nonhundred-percent-fullwidth non-hundred-percent-height-scrolling\" style=\"background-color: rgba(255,255,255,0);background-position: center center;background-repeat: no-repeat;border-width: 0px 0px 0px 0px;border-color:#eae9e9;border-style:solid;\" ><div class=\"fusion-builder-row fusion-row fusion-flex-align-items-flex-start\" style=\"max-width:1331.2px;margin-left: calc(-4% \/ 2 );margin-right: calc(-4% \/ 2 );\"><div class=\"fusion-layout-column fusion_builder_column fusion-builder-column-0 fusion_builder_column_1_2 1_2 fusion-flex-column\"><div class=\"fusion-column-wrapper fusion-flex-justify-content-flex-start fusion-content-layout-column\" style=\"background-position:left top;background-repeat:no-repeat;-webkit-background-size:cover;-moz-background-size:cover;-o-background-size:cover;background-size:cover;padding: 0px 0px 0px 0px;\"><div class=\"fusion-text fusion-text-1\"><h3>Program Tehnik elektronskih komunikacij<\/h3>\n<p>Elektronske komunikacije<\/p>\n<\/div>\n<div class=\"table-1\">\n<table width=\"100%\">\n<thead>\n<tr>\n<th align=\"left\"><strong>Izpitna pola<\/strong><\/th>\n<th align=\"left\"><strong>Re\u0161itve<\/strong><\/th>\n<\/tr>\n<\/thead>\n<tbody>\n<tr>\n<td align=\"left\"><i class=\"far fa-file-pdf\"><\/i> <a href=\"https:\/\/www.scpet.si\/srednja-tehniska-in-strokovna-sola\/wp-content\/uploads\/sites\/2\/2024\/01\/1.-POLA-3.-KOMPLETA-PM-2019.pdf\" target=\"_blank\" rel=\"noopener\">PRVA IZPITNA POLA 2019<\/a><\/td>\n<td align=\"left\"><i class=\"far fa-file-pdf\"><\/i> <a href=\"https:\/\/www.scpet.si\/srednja-tehniska-in-strokovna-sola\/wp-content\/uploads\/sites\/2\/2024\/01\/1.-POLA-3.-KOMPLETA-RESITVE-PM-2019.pdf\" target=\"_blank\" rel=\"noopener\">Re\u0161itve prve izpitne pole<\/a><\/td>\n<\/tr>\n<tr>\n<td align=\"left\"><i class=\"far fa-file-pdf\"><\/i> <a href=\"https:\/\/www.scpet.si\/srednja-tehniska-in-strokovna-sola\/wp-content\/uploads\/sites\/2\/2024\/01\/2.-POLA-3.-KOMPLETA-PM-2019.pdf\" target=\"_blank\" rel=\"noopener\">DRUGA IZPITNA POLA 2019<\/a><\/td>\n<td align=\"left\"><i class=\"far fa-file-pdf\"><\/i> <a href=\"https:\/\/www.scpet.si\/srednja-tehniska-in-strokovna-sola\/wp-content\/uploads\/sites\/2\/2024\/01\/2.-POLA-3.-KOMPLETA-RESITVE-PM-2019.pdf\" target=\"_blank\" rel=\"noopener\">Re\u0161itve druge izpitne pole<\/a><\/td>\n<\/tr>\n<tr>\n<td align=\"left\"><i class=\"far fa-file-pdf\"><\/i> <a href=\"https:\/\/www.scpet.si\/srednja-tehniska-in-strokovna-sola\/wp-content\/uploads\/sites\/2\/2024\/01\/1.-POLA-1.-KOMPLETA-PM-2020.pdf\" target=\"_blank\" rel=\"noopener\">PRVA IZPITNA POLA 2020<\/a><\/td>\n<td align=\"left\"><i class=\"far fa-file-pdf\"><\/i> <a href=\"https:\/\/www.scpet.si\/srednja-tehniska-in-strokovna-sola\/wp-content\/uploads\/sites\/2\/2024\/01\/1.-POLA-1.-KOMPLETA-RESITVE-PM-2020.pdf\" target=\"_blank\" rel=\"noopener\">Re\u0161itve prve izpitne pole<\/a><\/td>\n<\/tr>\n<tr>\n<td align=\"left\"><i class=\"far fa-file-pdf\"><\/i> <a href=\"https:\/\/www.scpet.si\/srednja-tehniska-in-strokovna-sola\/wp-content\/uploads\/sites\/2\/2024\/01\/2.-POLA-1.-KOMPLETA-PM-2020.pdf\" target=\"_blank\" rel=\"noopener\">DRUGA IZPITNA POLA 2020<\/a><\/td>\n<td align=\"left\"><i class=\"far fa-file-pdf\"><\/i> <a href=\"https:\/\/www.scpet.si\/srednja-tehniska-in-strokovna-sola\/wp-content\/uploads\/sites\/2\/2024\/01\/2.-POLA-1.-KOMPLETA-RESITVE-PM-2020.pdf\" target=\"_blank\" rel=\"noopener\">Re\u0161itve druge izpitne pole<\/a><\/td>\n<\/tr>\n<tr>\n<td align=\"left\"><i class=\"far fa-file-pdf\"><\/i> <a href=\"https:\/\/www.scpet.si\/srednja-tehniska-in-strokovna-sola\/wp-content\/uploads\/sites\/2\/2023\/04\/1_pola_1komplet_-PM_TEK_2022.pdf\" target=\"_blank\" rel=\"noopener\">PRVA IZPITNA POLA 2022<\/a><\/td>\n<td align=\"left\"><i class=\"far fa-file-pdf\"><\/i> <a href=\"https:\/\/www.scpet.si\/srednja-tehniska-in-strokovna-sola\/wp-content\/uploads\/sites\/2\/2023\/04\/1_pola_1komplet_-PM_TEK_2022_Resitve.pdf\" target=\"_blank\" rel=\"noopener\">Re\u0161itve prve izpitne pole<\/a><\/td>\n<\/tr>\n<tr>\n<td align=\"left\"><i class=\"far fa-file-pdf\"><\/i> <a href=\"https:\/\/www.scpet.si\/srednja-tehniska-in-strokovna-sola\/wp-content\/uploads\/sites\/2\/2023\/04\/2_pola_1komplet_-PM_TEK_2022.pdf\" target=\"_blank\" rel=\"noopener\">DRUGA IZPITNA POLA 2022<\/a><\/td>\n<td align=\"left\"><i class=\"far fa-file-pdf\"><\/i> <a href=\"https:\/\/www.scpet.si\/srednja-tehniska-in-strokovna-sola\/wp-content\/uploads\/sites\/2\/2023\/04\/2_pola_1komplet_-PM_TEK_2022_Resitve.pdf\" target=\"_blank\" rel=\"noopener\">Re\u0161itve druge izpitne pole<\/a><\/td>\n<\/tr>\n<tr>\n<td align=\"left\"><i class=\"far fa-file-pdf\"><\/i> <a href=\"https:\/\/www.scpet.si\/srednja-tehniska-in-strokovna-sola\/wp-content\/uploads\/sites\/2\/2024\/01\/1.-POLA-2.-KOMPLETA-PM-2023-232.pdf\" target=\"_blank\" rel=\"noopener\">PRVA IZPITNA POLA 2023<\/a><\/td>\n<td align=\"left\"><i class=\"far fa-file-pdf\"><\/i> <a href=\"https:\/\/www.scpet.si\/srednja-tehniska-in-strokovna-sola\/wp-content\/uploads\/sites\/2\/2024\/01\/1.-POLA-2.-KOMPLETA-RESITVE-PM-2023-232.pdf\" target=\"_blank\" rel=\"noopener\">Re\u0161itve prve izpitne pole<\/a><\/td>\n<\/tr>\n<tr>\n<td align=\"left\"><i class=\"far fa-file-pdf\"><\/i> <a href=\"https:\/\/www.scpet.si\/srednja-tehniska-in-strokovna-sola\/wp-content\/uploads\/sites\/2\/2024\/01\/2.-POLA-2.-KOMPLETA-PM-2023-232.pdf\" target=\"_blank\" rel=\"noopener\">DRUGA IZPITNA POLA 2023<\/a><\/td>\n<td align=\"left\"><i class=\"far fa-file-pdf\"><\/i> <a href=\"https:\/\/www.scpet.si\/srednja-tehniska-in-strokovna-sola\/wp-content\/uploads\/sites\/2\/2024\/01\/2.-POLA-2.-KOMPLETA-RESITVE-PM-2023-232.pdf\" target=\"_blank\" rel=\"noopener\">Re\u0161itve druge izpitne pole<\/a><\/td>\n<\/tr>\n<\/tbody>\n<\/table>\n<\/div>\n<\/div><style type=\"text\/css\">.fusion-body .fusion-builder-column-0{width:50% !important;margin-top : 0px;margin-bottom : 0px;}.fusion-builder-column-0 > .fusion-column-wrapper {padding-top : 0px !important;padding-right : 0px !important;margin-right : 3.84%;padding-bottom : 0px !important;padding-left : 0px !important;margin-left : 3.84%;}@media only screen and (max-width:1024px) {.fusion-body .fusion-builder-column-0{width:100% !important;order : 0;}.fusion-builder-column-0 > .fusion-column-wrapper {margin-right : 1.92%;margin-left : 1.92%;}}@media only screen and (max-width:640px) {.fusion-body .fusion-builder-column-0{width:100% !important;order : 0;}.fusion-builder-column-0 > .fusion-column-wrapper {margin-right : 1.92%;margin-left : 1.92%;}}<\/style><\/div><div class=\"fusion-layout-column fusion_builder_column fusion-builder-column-1 fusion_builder_column_1_2 1_2 fusion-flex-column\"><div class=\"fusion-column-wrapper fusion-flex-justify-content-flex-start fusion-content-layout-column\" style=\"background-position:left top;background-repeat:no-repeat;-webkit-background-size:cover;-moz-background-size:cover;-o-background-size:cover;background-size:cover;padding: 0px 0px 0px 0px;\"><\/div><style type=\"text\/css\">.fusion-body .fusion-builder-column-1{width:50% !important;margin-top : 0px;margin-bottom : 0px;}.fusion-builder-column-1 > .fusion-column-wrapper {padding-top : 0px !important;padding-right : 0px !important;margin-right : 3.84%;padding-bottom : 0px !important;padding-left : 0px !important;margin-left : 3.84%;}@media only screen and (max-width:1024px) {.fusion-body .fusion-builder-column-1{width:100% !important;order : 0;}.fusion-builder-column-1 > .fusion-column-wrapper {margin-right : 1.92%;margin-left : 1.92%;}}@media only screen and (max-width:640px) {.fusion-body .fusion-builder-column-1{width:100% !important;order : 0;}.fusion-builder-column-1 > .fusion-column-wrapper {margin-right : 1.92%;margin-left : 1.92%;}}<\/style><\/div><\/div><style type=\"text\/css\">.fusion-body .fusion-flex-container.fusion-builder-row-1{ padding-top : 0px;margin-top : 0px;padding-right : 0px;padding-bottom : 0px;margin-bottom : 0px;padding-left : 0px;}<\/style><\/div>\n","protected":false},"excerpt":{"rendered":"","protected":false},"author":5,"featured_media":0,"parent":0,"menu_order":0,"comment_status":"closed","ping_status":"closed","template":"","meta":{"_mi_skip_tracking":false,"_exactmetrics_sitenote_active":false,"_exactmetrics_sitenote_note":"","_exactmetrics_sitenote_category":0},"yoast_head":"<!-- This site is optimized with the Yoast SEO plugin v20.8 - https:\/\/yoast.com\/wordpress\/plugins\/seo\/ -->\n<title>Primer izpitnih pol - SREDNJA TEHNI\u0160KA IN STROKOVNA \u0160OLA<\/title>\n<meta name=\"description\" content=\"Primer izpitnih pol\" \/>\n<meta name=\"robots\" content=\"index, follow, max-snippet:-1, max-image-preview:large, max-video-preview:-1\" \/>\n<link rel=\"canonical\" href=\"https:\/\/www.scpet.si\/srednja-tehniska-in-strokovna-sola\/primer-izpitnih-pol\/\" \/>\n<meta property=\"og:locale\" content=\"sl_SI\" \/>\n<meta property=\"og:type\" content=\"article\" \/>\n<meta property=\"og:title\" content=\"Primer izpitnih pol - SREDNJA TEHNI\u0160KA IN STROKOVNA \u0160OLA\" \/>\n<meta property=\"og:description\" content=\"Primer izpitnih pol\" \/>\n<meta property=\"og:url\" content=\"https:\/\/www.scpet.si\/srednja-tehniska-in-strokovna-sola\/primer-izpitnih-pol\/\" \/>\n<meta property=\"og:site_name\" content=\"SREDNJA TEHNI\u0160KA IN STROKOVNA \u0160OLA\" \/>\n<meta property=\"article:modified_time\" content=\"2024-01-31T09:33:44+00:00\" \/>\n<meta name=\"twitter:card\" content=\"summary_large_image\" \/>\n<meta name=\"twitter:label1\" content=\"Est. reading time\" \/>\n\t<meta name=\"twitter:data1\" content=\"5 minut\" \/>\n<script type=\"application\/ld+json\" class=\"yoast-schema-graph\">{\"@context\":\"https:\/\/schema.org\",\"@graph\":[{\"@type\":\"WebPage\",\"@id\":\"https:\/\/www.scpet.si\/srednja-tehniska-in-strokovna-sola\/primer-izpitnih-pol\/\",\"url\":\"https:\/\/www.scpet.si\/srednja-tehniska-in-strokovna-sola\/primer-izpitnih-pol\/\",\"name\":\"Primer izpitnih pol - SREDNJA TEHNI\u0160KA IN STROKOVNA \u0160OLA\",\"isPartOf\":{\"@id\":\"https:\/\/www.scpet.si\/srednja-tehniska-in-strokovna-sola\/#website\"},\"datePublished\":\"2023-04-04T08:07:24+00:00\",\"dateModified\":\"2024-01-31T09:33:44+00:00\",\"description\":\"Primer izpitnih pol\",\"breadcrumb\":{\"@id\":\"https:\/\/www.scpet.si\/srednja-tehniska-in-strokovna-sola\/primer-izpitnih-pol\/#breadcrumb\"},\"inLanguage\":\"sl-SI\",\"potentialAction\":[{\"@type\":\"ReadAction\",\"target\":[\"https:\/\/www.scpet.si\/srednja-tehniska-in-strokovna-sola\/primer-izpitnih-pol\/\"]}]},{\"@type\":\"BreadcrumbList\",\"@id\":\"https:\/\/www.scpet.si\/srednja-tehniska-in-strokovna-sola\/primer-izpitnih-pol\/#breadcrumb\",\"itemListElement\":[{\"@type\":\"ListItem\",\"position\":1,\"name\":\"Home\",\"item\":\"https:\/\/www.scpet.si\/srednja-tehniska-in-strokovna-sola\/\"},{\"@type\":\"ListItem\",\"position\":2,\"name\":\"Primer izpitnih pol\"}]},{\"@type\":\"WebSite\",\"@id\":\"https:\/\/www.scpet.si\/srednja-tehniska-in-strokovna-sola\/#website\",\"url\":\"https:\/\/www.scpet.si\/srednja-tehniska-in-strokovna-sola\/\",\"name\":\"SREDNJA TEHNI\u0160KA IN STROKOVNA \u0160OLA\",\"description\":\"Just another \u0160C PET Sites site\",\"potentialAction\":[{\"@type\":\"SearchAction\",\"target\":{\"@type\":\"EntryPoint\",\"urlTemplate\":\"https:\/\/www.scpet.si\/srednja-tehniska-in-strokovna-sola\/?s={search_term_string}\"},\"query-input\":\"required name=search_term_string\"}],\"inLanguage\":\"sl-SI\"}]}<\/script>\n<!-- \/ Yoast SEO plugin. -->","yoast_head_json":{"title":"Primer izpitnih pol - SREDNJA TEHNI\u0160KA IN STROKOVNA \u0160OLA","description":"Primer izpitnih pol","robots":{"index":"index","follow":"follow","max-snippet":"max-snippet:-1","max-image-preview":"max-image-preview:large","max-video-preview":"max-video-preview:-1"},"canonical":"https:\/\/www.scpet.si\/srednja-tehniska-in-strokovna-sola\/primer-izpitnih-pol\/","og_locale":"sl_SI","og_type":"article","og_title":"Primer izpitnih pol - SREDNJA TEHNI\u0160KA IN STROKOVNA \u0160OLA","og_description":"Primer izpitnih pol","og_url":"https:\/\/www.scpet.si\/srednja-tehniska-in-strokovna-sola\/primer-izpitnih-pol\/","og_site_name":"SREDNJA TEHNI\u0160KA IN STROKOVNA \u0160OLA","article_modified_time":"2024-01-31T09:33:44+00:00","twitter_card":"summary_large_image","twitter_misc":{"Est. reading time":"5 minut"},"schema":{"@context":"https:\/\/schema.org","@graph":[{"@type":"WebPage","@id":"https:\/\/www.scpet.si\/srednja-tehniska-in-strokovna-sola\/primer-izpitnih-pol\/","url":"https:\/\/www.scpet.si\/srednja-tehniska-in-strokovna-sola\/primer-izpitnih-pol\/","name":"Primer izpitnih pol - SREDNJA TEHNI\u0160KA IN STROKOVNA \u0160OLA","isPartOf":{"@id":"https:\/\/www.scpet.si\/srednja-tehniska-in-strokovna-sola\/#website"},"datePublished":"2023-04-04T08:07:24+00:00","dateModified":"2024-01-31T09:33:44+00:00","description":"Primer izpitnih pol","breadcrumb":{"@id":"https:\/\/www.scpet.si\/srednja-tehniska-in-strokovna-sola\/primer-izpitnih-pol\/#breadcrumb"},"inLanguage":"sl-SI","potentialAction":[{"@type":"ReadAction","target":["https:\/\/www.scpet.si\/srednja-tehniska-in-strokovna-sola\/primer-izpitnih-pol\/"]}]},{"@type":"BreadcrumbList","@id":"https:\/\/www.scpet.si\/srednja-tehniska-in-strokovna-sola\/primer-izpitnih-pol\/#breadcrumb","itemListElement":[{"@type":"ListItem","position":1,"name":"Home","item":"https:\/\/www.scpet.si\/srednja-tehniska-in-strokovna-sola\/"},{"@type":"ListItem","position":2,"name":"Primer izpitnih pol"}]},{"@type":"WebSite","@id":"https:\/\/www.scpet.si\/srednja-tehniska-in-strokovna-sola\/#website","url":"https:\/\/www.scpet.si\/srednja-tehniska-in-strokovna-sola\/","name":"SREDNJA TEHNI\u0160KA IN STROKOVNA \u0160OLA","description":"Just another \u0160C PET Sites site","potentialAction":[{"@type":"SearchAction","target":{"@type":"EntryPoint","urlTemplate":"https:\/\/www.scpet.si\/srednja-tehniska-in-strokovna-sola\/?s={search_term_string}"},"query-input":"required name=search_term_string"}],"inLanguage":"sl-SI"}]}},"_links":{"self":[{"href":"https:\/\/www.scpet.si\/srednja-tehniska-in-strokovna-sola\/wp-json\/wp\/v2\/pages\/2616"}],"collection":[{"href":"https:\/\/www.scpet.si\/srednja-tehniska-in-strokovna-sola\/wp-json\/wp\/v2\/pages"}],"about":[{"href":"https:\/\/www.scpet.si\/srednja-tehniska-in-strokovna-sola\/wp-json\/wp\/v2\/types\/page"}],"author":[{"embeddable":true,"href":"https:\/\/www.scpet.si\/srednja-tehniska-in-strokovna-sola\/wp-json\/wp\/v2\/users\/5"}],"replies":[{"embeddable":true,"href":"https:\/\/www.scpet.si\/srednja-tehniska-in-strokovna-sola\/wp-json\/wp\/v2\/comments?post=2616"}],"version-history":[{"count":0,"href":"https:\/\/www.scpet.si\/srednja-tehniska-in-strokovna-sola\/wp-json\/wp\/v2\/pages\/2616\/revisions"}],"wp:attachment":[{"href":"https:\/\/www.scpet.si\/srednja-tehniska-in-strokovna-sola\/wp-json\/wp\/v2\/media?parent=2616"}],"curies":[{"name":"wp","href":"https:\/\/api.w.org\/{rel}","templated":true}]}}