{"id":136,"date":"2019-09-20T09:27:21","date_gmt":"2019-09-20T07:27:21","guid":{"rendered":"http:\/\/scpet.sample.si\/vss\/studij-copy\/"},"modified":"2024-01-12T08:44:25","modified_gmt":"2024-01-12T07:44:25","slug":"izobrazevalni-programi","status":"publish","type":"page","link":"https:\/\/www.scpet.si\/vss\/studij\/izobrazevalni-programi\/","title":{"rendered":"Izobra\u017eevalni programi"},"content":{"rendered":"<div class=\"fusion-fullwidth fullwidth-box fusion-builder-row-1 nonhundred-percent-fullwidth non-hundred-percent-height-scrolling\" style=\"background-color: rgba(255,255,255,0);background-position: center center;background-repeat: no-repeat;padding-top:0px;padding-right:0px;padding-bottom:0px;margin-bottom: 0px;margin-top: 0px;border-width: 0px 0px 0px 0px;border-color:#eae9e9;border-style:solid;\" ><div class=\"fusion-builder-row fusion-row\"><div class=\"fusion-layout-column fusion_builder_column fusion-builder-column-0 fusion_builder_column_1_1 1_1 fusion-one-full fusion-column-first fusion-column-last\" style=\"margin-top:0px;margin-bottom:0px;\"><div class=\"fusion-column-wrapper fusion-flex-column-wrapper-legacy\" style=\"background-position:left top;background-repeat:no-repeat;-webkit-background-size:cover;-moz-background-size:cover;-o-background-size:cover;background-size:cover;padding: 0px 0px 0px 0px;\"><style type=\"text\/css\"><\/style><div class=\"fusion-title title fusion-title-1 fusion-sep-none fusion-title-text fusion-title-size-one\" style=\"margin-top:0px;margin-right:0px;margin-bottom:31px;margin-left:0px;\"><h1 class=\"title-heading-left\" style=\"margin:0;\">Izobra\u017eevalni programi<\/h1><\/div><div class=\"fusion-clearfix\"><\/div><\/div><\/div><div class=\"fusion-layout-column fusion_builder_column fusion-builder-column-1 fusion_builder_column_1_4 1_4 fusion-one-fourth fusion-column-first\" style=\"width:25%;width:calc(25% - ( ( 4% + 4% ) * 0.25 ) );margin-right: 4%;margin-top:0px;margin-bottom:0px;\"><div class=\"fusion-column-wrapper fusion-flex-column-wrapper-legacy\" style=\"background-position:left top;background-repeat:no-repeat;-webkit-background-size:cover;-moz-background-size:cover;-o-background-size:cover;background-size:cover;padding: 0px 0px 0px 0px;\"><div class=\"fusion-clearfix\"><\/div><\/div><\/div><div class=\"fusion-layout-column fusion_builder_column fusion-builder-column-2 fusion_builder_column_1_2 1_2 fusion-one-half\" style=\"width:50%;width:calc(50% - ( ( 4% + 4% ) * 0.5 ) );margin-right: 4%;margin-top:0px;margin-bottom:0px;\"><div class=\"fusion-column-wrapper fusion-flex-column-wrapper-legacy\" style=\"background-position:left top;background-repeat:no-repeat;-webkit-background-size:cover;-moz-background-size:cover;-o-background-size:cover;background-size:cover;padding: 0px 0px 0px 0px;\"><div class=\"imageframe-align-center\"><span class=\" fusion-imageframe imageframe-none imageframe-1 hover-type-none\"><a href=\"https:\/\/www.scpet.si\/vss\/wp-content\/uploads\/sites\/3\/2019\/12\/slikaEkonomist.jpg\" class=\"fusion-lightbox\" data-rel=\"iLightbox[5d586530f39d422c042]\" data-title=\"slikaEkonomist\" title=\"slikaEkonomist\"><img decoding=\"async\" width=\"1240\" height=\"1754\" src=\"https:\/\/www.scpet.si\/vss\/wp-content\/uploads\/sites\/3\/2019\/12\/slikaEkonomist.jpg\" data-orig-src=\"https:\/\/www.scpet.si\/vss\/wp-content\/uploads\/sites\/3\/2019\/12\/slikaEkonomist.jpg\" class=\"lazyload img-responsive wp-image-249\" srcset=\"data:image\/svg+xml,%3Csvg%20xmlns%3D%27http%3A%2F%2Fwww.w3.org%2F2000%2Fsvg%27%20width%3D%271240%27%20height%3D%271754%27%20viewBox%3D%270%200%201240%201754%27%3E%3Crect%20width%3D%271240%27%20height%3D%271754%27%20fill-opacity%3D%220%22%2F%3E%3C%2Fsvg%3E\" data-srcset=\"https:\/\/www.scpet.si\/vss\/wp-content\/uploads\/sites\/3\/2019\/12\/slikaEkonomist-200x283.jpg 200w, https:\/\/www.scpet.si\/vss\/wp-content\/uploads\/sites\/3\/2019\/12\/slikaEkonomist-400x566.jpg 400w, https:\/\/www.scpet.si\/vss\/wp-content\/uploads\/sites\/3\/2019\/12\/slikaEkonomist-600x849.jpg 600w, https:\/\/www.scpet.si\/vss\/wp-content\/uploads\/sites\/3\/2019\/12\/slikaEkonomist-800x1132.jpg 800w, https:\/\/www.scpet.si\/vss\/wp-content\/uploads\/sites\/3\/2019\/12\/slikaEkonomist-1200x1697.jpg 1200w, https:\/\/www.scpet.si\/vss\/wp-content\/uploads\/sites\/3\/2019\/12\/slikaEkonomist.jpg 1240w\" data-sizes=\"auto\" data-orig-sizes=\"(max-width: 800px) 100vw, 600px\" \/><\/a><\/span><\/div><div class=\"imageframe-align-center\"><span class=\" fusion-imageframe imageframe-none imageframe-2 hover-type-none\"><a href=\"https:\/\/www.scpet.si\/vss\/wp-content\/uploads\/sites\/3\/2019\/12\/SlikaTelekomunikacija.jpg\" class=\"fusion-lightbox\" data-rel=\"iLightbox[e9c62200ef9d03e1ca9]\" data-title=\"SlikaTelekomunikacija\" title=\"SlikaTelekomunikacija\"><img decoding=\"async\" width=\"1920\" height=\"1381\" src=\"https:\/\/www.scpet.si\/vss\/wp-content\/uploads\/sites\/3\/2019\/12\/SlikaTelekomunikacija.jpg\" data-orig-src=\"https:\/\/www.scpet.si\/vss\/wp-content\/uploads\/sites\/3\/2019\/12\/SlikaTelekomunikacija.jpg\" class=\"lazyload img-responsive wp-image-251\" srcset=\"data:image\/svg+xml,%3Csvg%20xmlns%3D%27http%3A%2F%2Fwww.w3.org%2F2000%2Fsvg%27%20width%3D%271920%27%20height%3D%271381%27%20viewBox%3D%270%200%201920%201381%27%3E%3Crect%20width%3D%271920%27%20height%3D%271381%27%20fill-opacity%3D%220%22%2F%3E%3C%2Fsvg%3E\" data-srcset=\"https:\/\/www.scpet.si\/vss\/wp-content\/uploads\/sites\/3\/2019\/12\/SlikaTelekomunikacija-200x144.jpg 200w, https:\/\/www.scpet.si\/vss\/wp-content\/uploads\/sites\/3\/2019\/12\/SlikaTelekomunikacija-400x288.jpg 400w, https:\/\/www.scpet.si\/vss\/wp-content\/uploads\/sites\/3\/2019\/12\/SlikaTelekomunikacija-600x432.jpg 600w, https:\/\/www.scpet.si\/vss\/wp-content\/uploads\/sites\/3\/2019\/12\/SlikaTelekomunikacija-800x575.jpg 800w, https:\/\/www.scpet.si\/vss\/wp-content\/uploads\/sites\/3\/2019\/12\/SlikaTelekomunikacija-1200x863.jpg 1200w, https:\/\/www.scpet.si\/vss\/wp-content\/uploads\/sites\/3\/2019\/12\/SlikaTelekomunikacija.jpg 1920w\" data-sizes=\"auto\" data-orig-sizes=\"(max-width: 800px) 100vw, 600px\" \/><\/a><\/span><\/div><div class=\"fusion-clearfix\"><\/div><\/div><\/div><div class=\"fusion-layout-column fusion_builder_column fusion-builder-column-3 fusion_builder_column_1_4 1_4 fusion-one-fourth fusion-column-last\" style=\"width:25%;width:calc(25% - ( ( 4% + 4% ) * 0.25 ) );margin-top:0px;margin-bottom:0px;\"><div class=\"fusion-column-wrapper fusion-flex-column-wrapper-legacy\" style=\"background-position:left top;background-repeat:no-repeat;-webkit-background-size:cover;-moz-background-size:cover;-o-background-size:cover;background-size:cover;padding: 0px 0px 0px 0px;\"><div class=\"fusion-clearfix\"><\/div><\/div><\/div><\/div><\/div>\n","protected":false},"excerpt":{"rendered":"","protected":false},"author":1,"featured_media":0,"parent":135,"menu_order":0,"comment_status":"closed","ping_status":"closed","template":"100-width.php","meta":{"xn-wppe-expiration":[],"xn-wppe-expiration-action":[],"xn-wppe-expiration-prefix":[],"_mi_skip_tracking":false,"_exactmetrics_sitenote_active":false,"_exactmetrics_sitenote_note":"","_exactmetrics_sitenote_category":0},"yoast_head":"<!-- This site is optimized with the Yoast SEO plugin v20.8 - https:\/\/yoast.com\/wordpress\/plugins\/seo\/ -->\n<title>Izobra\u017eevalni programi - VI\u0160JA STROKOVNA \u0160OLA<\/title>\n<meta name=\"description\" content=\"izobra\u017eevalni\" \/>\n<meta name=\"robots\" content=\"index, follow, max-snippet:-1, max-image-preview:large, max-video-preview:-1\" \/>\n<link rel=\"canonical\" href=\"https:\/\/www.scpet.si\/vss\/studij\/izobrazevalni-programi\/\" \/>\n<meta property=\"og:locale\" content=\"sl_SI\" \/>\n<meta property=\"og:type\" content=\"article\" \/>\n<meta property=\"og:title\" content=\"Izobra\u017eevalni programi - VI\u0160JA STROKOVNA \u0160OLA\" \/>\n<meta property=\"og:description\" content=\"izobra\u017eevalni\" \/>\n<meta property=\"og:url\" content=\"https:\/\/www.scpet.si\/vss\/studij\/izobrazevalni-programi\/\" \/>\n<meta property=\"og:site_name\" content=\"VI\u0160JA STROKOVNA \u0160OLA\" \/>\n<meta property=\"article:modified_time\" content=\"2024-01-12T07:44:25+00:00\" \/>\n<meta name=\"twitter:card\" content=\"summary_large_image\" \/>\n<meta name=\"twitter:label1\" content=\"Est. reading time\" \/>\n\t<meta name=\"twitter:data1\" content=\"5 minut\" \/>\n<script type=\"application\/ld+json\" class=\"yoast-schema-graph\">{\"@context\":\"https:\/\/schema.org\",\"@graph\":[{\"@type\":\"WebPage\",\"@id\":\"https:\/\/www.scpet.si\/vss\/studij\/izobrazevalni-programi\/\",\"url\":\"https:\/\/www.scpet.si\/vss\/studij\/izobrazevalni-programi\/\",\"name\":\"Izobra\u017eevalni programi - VI\u0160JA STROKOVNA \u0160OLA\",\"isPartOf\":{\"@id\":\"\/#website\"},\"datePublished\":\"2019-09-20T07:27:21+00:00\",\"dateModified\":\"2024-01-12T07:44:25+00:00\",\"description\":\"izobra\u017eevalni\",\"breadcrumb\":{\"@id\":\"https:\/\/www.scpet.si\/vss\/studij\/izobrazevalni-programi\/#breadcrumb\"},\"inLanguage\":\"sl-SI\",\"potentialAction\":[{\"@type\":\"ReadAction\",\"target\":[\"https:\/\/www.scpet.si\/vss\/studij\/izobrazevalni-programi\/\"]}]},{\"@type\":\"BreadcrumbList\",\"@id\":\"https:\/\/www.scpet.si\/vss\/studij\/izobrazevalni-programi\/#breadcrumb\",\"itemListElement\":[{\"@type\":\"ListItem\",\"position\":1,\"name\":\"Home\",\"item\":\"https:\/\/www.scpet.si\/vss\/\"},{\"@type\":\"ListItem\",\"position\":2,\"name\":\"\u0160TUDIJ\",\"item\":\"https:\/\/www.scpet.si\/vss\/studij\/\"},{\"@type\":\"ListItem\",\"position\":3,\"name\":\"Izobra\u017eevalni programi\"}]},{\"@type\":\"WebSite\",\"@id\":\"\/#website\",\"url\":\"\/\",\"name\":\"VI\u0160JA STROKOVNA \u0160OLA\",\"description\":\"Just another \u0160C PET Sites site\",\"potentialAction\":[{\"@type\":\"SearchAction\",\"target\":{\"@type\":\"EntryPoint\",\"urlTemplate\":\"\/?s={search_term_string}\"},\"query-input\":\"required name=search_term_string\"}],\"inLanguage\":\"sl-SI\"}]}<\/script>\n<!-- \/ Yoast SEO plugin. -->","yoast_head_json":{"title":"Izobra\u017eevalni programi - VI\u0160JA STROKOVNA \u0160OLA","description":"izobra\u017eevalni","robots":{"index":"index","follow":"follow","max-snippet":"max-snippet:-1","max-image-preview":"max-image-preview:large","max-video-preview":"max-video-preview:-1"},"canonical":"https:\/\/www.scpet.si\/vss\/studij\/izobrazevalni-programi\/","og_locale":"sl_SI","og_type":"article","og_title":"Izobra\u017eevalni programi - VI\u0160JA STROKOVNA \u0160OLA","og_description":"izobra\u017eevalni","og_url":"https:\/\/www.scpet.si\/vss\/studij\/izobrazevalni-programi\/","og_site_name":"VI\u0160JA STROKOVNA \u0160OLA","article_modified_time":"2024-01-12T07:44:25+00:00","twitter_card":"summary_large_image","twitter_misc":{"Est. reading time":"5 minut"},"schema":{"@context":"https:\/\/schema.org","@graph":[{"@type":"WebPage","@id":"https:\/\/www.scpet.si\/vss\/studij\/izobrazevalni-programi\/","url":"https:\/\/www.scpet.si\/vss\/studij\/izobrazevalni-programi\/","name":"Izobra\u017eevalni programi - VI\u0160JA STROKOVNA \u0160OLA","isPartOf":{"@id":"\/#website"},"datePublished":"2019-09-20T07:27:21+00:00","dateModified":"2024-01-12T07:44:25+00:00","description":"izobra\u017eevalni","breadcrumb":{"@id":"https:\/\/www.scpet.si\/vss\/studij\/izobrazevalni-programi\/#breadcrumb"},"inLanguage":"sl-SI","potentialAction":[{"@type":"ReadAction","target":["https:\/\/www.scpet.si\/vss\/studij\/izobrazevalni-programi\/"]}]},{"@type":"BreadcrumbList","@id":"https:\/\/www.scpet.si\/vss\/studij\/izobrazevalni-programi\/#breadcrumb","itemListElement":[{"@type":"ListItem","position":1,"name":"Home","item":"https:\/\/www.scpet.si\/vss\/"},{"@type":"ListItem","position":2,"name":"\u0160TUDIJ","item":"https:\/\/www.scpet.si\/vss\/studij\/"},{"@type":"ListItem","position":3,"name":"Izobra\u017eevalni programi"}]},{"@type":"WebSite","@id":"\/#website","url":"\/","name":"VI\u0160JA STROKOVNA \u0160OLA","description":"Just another \u0160C PET Sites site","potentialAction":[{"@type":"SearchAction","target":{"@type":"EntryPoint","urlTemplate":"\/?s={search_term_string}"},"query-input":"required name=search_term_string"}],"inLanguage":"sl-SI"}]}},"_links":{"self":[{"href":"https:\/\/www.scpet.si\/vss\/wp-json\/wp\/v2\/pages\/136"}],"collection":[{"href":"https:\/\/www.scpet.si\/vss\/wp-json\/wp\/v2\/pages"}],"about":[{"href":"https:\/\/www.scpet.si\/vss\/wp-json\/wp\/v2\/types\/page"}],"author":[{"embeddable":true,"href":"https:\/\/www.scpet.si\/vss\/wp-json\/wp\/v2\/users\/1"}],"replies":[{"embeddable":true,"href":"https:\/\/www.scpet.si\/vss\/wp-json\/wp\/v2\/comments?post=136"}],"version-history":[{"count":0,"href":"https:\/\/www.scpet.si\/vss\/wp-json\/wp\/v2\/pages\/136\/revisions"}],"up":[{"embeddable":true,"href":"https:\/\/www.scpet.si\/vss\/wp-json\/wp\/v2\/pages\/135"}],"wp:attachment":[{"href":"https:\/\/www.scpet.si\/vss\/wp-json\/wp\/v2\/media?parent=136"}],"curies":[{"name":"wp","href":"https:\/\/api.w.org\/{rel}","templated":true}]}}