{"id":180,"date":"2019-09-23T12:02:00","date_gmt":"2019-09-23T10:02:00","guid":{"rendered":"http:\/\/scpet.sample.si\/vss\/projekti\/cisco-copy\/"},"modified":"2023-10-02T08:57:28","modified_gmt":"2023-10-02T06:57:28","slug":"sap-erp","status":"publish","type":"page","link":"https:\/\/www.scpet.si\/vss\/sap-erp\/","title":{"rendered":"SAP ERP Akademija"},"content":{"rendered":"<div class=\"fusion-fullwidth fullwidth-box fusion-builder-row-1 nonhundred-percent-fullwidth non-hundred-percent-height-scrolling\" style=\"background-color: rgba(255,255,255,0);background-position: center center;background-repeat: no-repeat;padding-top:0px;padding-right:0px;padding-bottom:0px;margin-bottom: 0px;margin-top: 0px;border-width: 0px 0px 0px 0px;border-color:#eae9e9;border-style:solid;\" ><div class=\"fusion-builder-row fusion-row\"><div class=\"fusion-layout-column fusion_builder_column fusion-builder-column-0 fusion_builder_column_1_1 1_1 fusion-one-full fusion-column-first fusion-column-last\" style=\"margin-top:0px;margin-bottom:0px;\"><div class=\"fusion-column-wrapper fusion-flex-column-wrapper-legacy\" style=\"background-position:left top;background-repeat:no-repeat;-webkit-background-size:cover;-moz-background-size:cover;-o-background-size:cover;background-size:cover;padding: 0px 0px 0px 0px;\"><style type=\"text\/css\"><\/style><div class=\"fusion-title title fusion-title-1 fusion-sep-none fusion-title-text fusion-title-size-one\" style=\"margin-top:0px;margin-right:0px;margin-bottom:31px;margin-left:0px;\"><h1 class=\"title-heading-left\" style=\"margin:0;\">SAP ERP Akademija<\/h1><\/div><span class=\" fusion-imageframe imageframe-none imageframe-1 hover-type-none\"><img decoding=\"async\" width=\"210\" height=\"104\" alt=\"SAP-WWW\" title=\"SAP-WWW\" src=\"https:\/\/www.scpet.si\/vss\/wp-content\/uploads\/sites\/3\/2021\/06\/SAP-WWW.jpg\" data-orig-src=\"https:\/\/www.scpet.si\/vss\/wp-content\/uploads\/sites\/3\/2021\/06\/SAP-WWW.jpg\" class=\"lazyload img-responsive wp-image-1601\" srcset=\"data:image\/svg+xml,%3Csvg%20xmlns%3D%27http%3A%2F%2Fwww.w3.org%2F2000%2Fsvg%27%20width%3D%27210%27%20height%3D%27104%27%20viewBox%3D%270%200%20210%20104%27%3E%3Crect%20width%3D%27210%27%20height%3D%27104%27%20fill-opacity%3D%220%22%2F%3E%3C%2Fsvg%3E\" data-srcset=\"https:\/\/www.scpet.si\/vss\/wp-content\/uploads\/sites\/3\/2021\/06\/SAP-WWW-200x99.jpg 200w, https:\/\/www.scpet.si\/vss\/wp-content\/uploads\/sites\/3\/2021\/06\/SAP-WWW.jpg 210w\" data-sizes=\"auto\" data-orig-sizes=\"(max-width: 800px) 100vw, 210px\" \/><\/span><div class=\"fusion-sep-clear\"><\/div><div class=\"fusion-separator fusion-full-width-sep\" style=\"margin-left: auto;margin-right: auto;margin-top:15px;width:100%;\"><\/div><div class=\"fusion-sep-clear\"><\/div><div class=\"fusion-text fusion-text-1\"><p><b><a href=\"http:\/\/go.sap.com\/slovenia\/about.html\" target=\"_blank\" rel=\"noopener\">SAP SE<\/a><\/b> je podjetje z ve\u010d desetletno zgodovino in kot svetovna korporacija danes, je SAP v sredi\u0161\u010du poslovno tehnolo\u0161ke revolucije, saj je na globalnem trgu vodilni ponudnik poslovnih programskih re\u0161itev, prisoten v \u0161tevilnih dr\u017eavah sveta, od 1999 dalje tudi v Sloveniji. Re\u0161itve SAP pomagajo organizacijam poenostaviti vse bolj kompleksno poslovanje, ustvarjati nove prilo\u017enosti za inovacije in rast, in kot take pomembne pri digitalni transformaciji.\u00a0SAP je izobra\u017eevalni ustanovi \u0160C PET Ljubljana dodelila pravice uporabe SAP Software Products\u00a0(SAP Software) za namene pou\u010devanja in akademskih raziskav. S tem je \u0160C PET Ljubljana postala ena izmed \u010dlanic University Alliances (UA) programa in ima dovoljenje da uporabi SAP University Alliance loga za namen publikacij, predstavitev lastnih variant SAP UA akademskega izobra\u017eevalnega gradiva, pojavljanja na spletu in za uporabo samo-izdajanja certifikatov (po pisni privolitvi <b><a href=\"https:\/\/www.scpet.si\/vss\/wp-content\/uploads\/sites\/3\/2021\/06\/Zlo__enka_SAP_ERP.pdf\" target=\"_blank\" rel=\"noopener\">SAP UA<\/a><\/b><b>).\u00a0<\/b><\/p>\n<p>SAP ERP(Enterprise Resource Planning) je po vsem svetu raz\u0161irjen standard, ki je na voljo za vrsto razli\u010dnih panog v realnem sektorju, med drugim tudi za podro\u010dja kot so logistika, ban\u010dni\u0161tvo, zavarovalni\u0161tvo, itd.). Na \u0160C PET Ljubljana, VS\u0160, bomo izvajali izobra\u017eevanja v za to pripravljenem \u0161tudijskem okolju (SAP GBI).<\/p>\n<\/div><div class=\"fusion-sep-clear\"><\/div><div class=\"fusion-separator fusion-full-width-sep\" style=\"margin-left: auto;margin-right: auto;margin-top:20px;width:100%;\"><\/div><div class=\"fusion-sep-clear\"><\/div><div class=\"fusion-text fusion-text-2\"><p><strong>\u0160tudijsko okolje SAP GBI<\/strong>\u00a0udele\u017eencem izobra\u017eevanja nudi:<\/p>\n<ul>\n<li>vpogled in razumevanje posameznih poslovnih procesov poslovanja,<\/li>\n<li>optimalno vklju\u010devanje udele\u017eenca v upravljavske in delovne procese organizacije,<\/li>\n<li>pridobitev potrebnih znanj za delo v informacijskem okolju SAP S\/4 HANA.<\/li>\n<\/ul>\n<h4>ORGANIZACIJA IZOBRA\u017dEVANJA\u00a0(SAP ERP Academy):<\/h4>\n<p>SAP ERP Akademija \u0160C PET Ljubljana deluje samostojno, na podlagi podpisane Licen\u010dne pogodbe med SAP University Competence Center (UCC) in \u0160C PET Ljubljana in s tem pridobljene potrebne opreme za delo (SAP Software). \u0160C PET zagotavlja, da bodo SAP Software uporabljali in u\u010dili le zaposleni usposobljeni za delo s programsko opremo. SAP S\/4 HANA je najnovej\u0161i sistem ERP iz SAP-ove linije programskih izdelkov ERP.<br \/>\nLokalna Akademija SAP ERP bo izvajala stopenjsko izobra\u017eevanje. Na podlagi preverjanja znanja bo udele\u017eenec lahko pridobil tudi SAP ERP certifikat, ki ga izda \u0161ola.<\/p>\n<\/div><div class=\"fusion-sep-clear\"><\/div><div class=\"fusion-separator fusion-full-width-sep\" style=\"margin-left: auto;margin-right: auto;margin-top:20px;width:100%;\"><\/div><div class=\"fusion-sep-clear\"><\/div><div class=\"fusion-text fusion-text-3\"><p>Velikost skupine: <em><strong>max 12 udele\u017eencev<br \/>\n<\/strong><\/em>\u0161tevilo kontaktnih ur izobra\u017eevanja: <em><strong>36\/modul<br \/>\n<\/strong><\/em>Lokacija: <em><strong>\u0160C PET, LAB<\/strong><\/em><\/p>\n<\/div><div class=\"fusion-sep-clear\"><\/div><div class=\"fusion-separator fusion-full-width-sep\" style=\"margin-left: auto;margin-right: auto;margin-top:20px;width:100%;\"><\/div><div class=\"fusion-sep-clear\"><\/div><div class=\"fusion-text fusion-text-4\"><p><strong>\u0160C PET, VS\u0160<\/strong> bo izvajala izobra\u017eevanje:<br \/>\nERP1, certifikat ERP 1. stopnje \/Osnove ERP\/\u2026<em>(<a href=\"https:\/\/www.scpet.si\/vss\/wp-content\/uploads\/sites\/3\/2023\/07\/SAP_katalog_vsebin_M1_2023.pdf\" target=\"_blank\" rel=\"noopener\">katalog M1<\/a>)<br \/>\n<\/em>ERP2, certifikat ERP 2. stopnje., \/Posamezna podro\u010dja uporabe\/\u2026<em>(<a href=\"https:\/\/www.scpet.si\/vss\/wp-content\/uploads\/sites\/3\/2022\/08\/SAP-katalog-vsebin-M2-2022.pdf\" target=\"_blank\" rel=\"noopener\">katalog M2<\/a>)<\/em><\/p>\n<\/div><div class=\"fusion-text fusion-text-5\"><h4><em><a href=\"https:\/\/wetransfer.com\/downloads\/bbf73b4270f98af98f09b9b92d9d871120210131180833\/c59d7a166374e96bca357fac7febe5ae20210131180908\/45a15e\">VIDEO PREDSTAVITEV<\/a> <\/em><\/h4>\n<p>PRI\u010cAKOVANI REZULTATI:<br \/>\n<u><\/u><\/p>\n<p><u>Za \u0161tudente in ostale udele\u017eence izobra\u017eevanja:<\/u><\/p>\n<ul>\n<li>mo\u017enost dodatnega izobra\u017eevanja na programski opremi SAP,<\/li>\n<li>mo\u017enost pridobitve certifikata (SAP ERP) in s tem prednost pri iskanju zaposlitve,<\/li>\n<li>sodoben na\u010din izobra\u017eevanja,<\/li>\n<li>dodatna prakti\u010dna znanja.<br \/>\n<u><\/u><\/li>\n<\/ul>\n<p><u>Za \u0161olo:<\/u><\/p>\n<ul>\n<li>sodelovanje na mednarodnem podro\u010dju,<\/li>\n<li>pove\u010dan ugled \u0161ole in ve\u010dje zanimanje za vpis v \u0161tudijski program Ekonomist.<\/li>\n<\/ul>\n<h4><em><a href=\"https:\/\/padlet.com\/sasajagodic1\/vctkjld0o0a4cewc\" target=\"_blank\" rel=\"noopener\">KOMENTARJI UDELE\u017dENCEV<\/a> <\/em><\/h4>\n<\/div><div class=\"fusion-sep-clear\"><\/div><div class=\"fusion-separator fusion-full-width-sep\" style=\"margin-left: auto;margin-right: auto;margin-top:0px;margin-bottom:5px;width:100%;\"><div class=\"fusion-separator-border sep-single sep-solid\" style=\"border-color:#333333;border-top-width:1px;\"><\/div><\/div><div class=\"fusion-sep-clear\"><\/div><div class=\"fusion-text fusion-text-6\"><p><a href=\"https:\/\/www.scpet.si\/vss\/sap-erp\/razpis-urnik-cenik\/\" target=\"_blank\" rel=\"noopener\">Razpis\/urnik\/cenik<\/a><\/p>\n<\/div><div class=\"fusion-clearfix\"><\/div><\/div><\/div><\/div><\/div>\n","protected":false},"excerpt":{"rendered":"","protected":false},"author":1,"featured_media":0,"parent":0,"menu_order":0,"comment_status":"closed","ping_status":"closed","template":"100-width.php","meta":{"xn-wppe-expiration":[],"xn-wppe-expiration-action":[],"xn-wppe-expiration-prefix":[],"_mi_skip_tracking":false,"_exactmetrics_sitenote_active":false,"_exactmetrics_sitenote_note":"","_exactmetrics_sitenote_category":0},"yoast_head":"<!-- This site is optimized with the Yoast SEO plugin v20.8 - https:\/\/yoast.com\/wordpress\/plugins\/seo\/ -->\n<title>SAP ERP Akademija - VI\u0160JA STROKOVNA \u0160OLA<\/title>\n<meta name=\"description\" content=\"SAP izobra\u017eevanje z mo\u017enostjo pridobitve certifikata SAP ERP. Pridobite znanje o upravljavskih in delovnih procesih organizacije.\" \/>\n<meta name=\"robots\" content=\"index, follow, max-snippet:-1, max-image-preview:large, max-video-preview:-1\" \/>\n<link rel=\"canonical\" href=\"https:\/\/www.scpet.si\/vss\/sap-erp\/\" \/>\n<meta property=\"og:locale\" content=\"sl_SI\" \/>\n<meta property=\"og:type\" content=\"article\" \/>\n<meta property=\"og:title\" content=\"SAP ERP Akademija - VI\u0160JA STROKOVNA \u0160OLA\" \/>\n<meta property=\"og:description\" content=\"SAP izobra\u017eevanje z mo\u017enostjo pridobitve certifikata SAP ERP. Pridobite znanje o upravljavskih in delovnih procesih organizacije.\" \/>\n<meta property=\"og:url\" content=\"https:\/\/www.scpet.si\/vss\/sap-erp\/\" \/>\n<meta property=\"og:site_name\" content=\"VI\u0160JA STROKOVNA \u0160OLA\" \/>\n<meta property=\"article:modified_time\" content=\"2023-10-02T06:57:28+00:00\" \/>\n<meta name=\"twitter:card\" content=\"summary_large_image\" \/>\n<meta name=\"twitter:label1\" content=\"Est. reading time\" \/>\n\t<meta name=\"twitter:data1\" content=\"4 minute\" \/>\n<script type=\"application\/ld+json\" class=\"yoast-schema-graph\">{\"@context\":\"https:\/\/schema.org\",\"@graph\":[{\"@type\":\"WebPage\",\"@id\":\"https:\/\/www.scpet.si\/vss\/sap-erp\/\",\"url\":\"https:\/\/www.scpet.si\/vss\/sap-erp\/\",\"name\":\"SAP ERP Akademija - VI\u0160JA STROKOVNA \u0160OLA\",\"isPartOf\":{\"@id\":\"\/#website\"},\"datePublished\":\"2019-09-23T10:02:00+00:00\",\"dateModified\":\"2023-10-02T06:57:28+00:00\",\"description\":\"SAP izobra\u017eevanje z mo\u017enostjo pridobitve certifikata SAP ERP. Pridobite znanje o upravljavskih in delovnih procesih organizacije.\",\"breadcrumb\":{\"@id\":\"https:\/\/www.scpet.si\/vss\/sap-erp\/#breadcrumb\"},\"inLanguage\":\"sl-SI\",\"potentialAction\":[{\"@type\":\"ReadAction\",\"target\":[\"https:\/\/www.scpet.si\/vss\/sap-erp\/\"]}]},{\"@type\":\"BreadcrumbList\",\"@id\":\"https:\/\/www.scpet.si\/vss\/sap-erp\/#breadcrumb\",\"itemListElement\":[{\"@type\":\"ListItem\",\"position\":1,\"name\":\"Home\",\"item\":\"https:\/\/www.scpet.si\/vss\/\"},{\"@type\":\"ListItem\",\"position\":2,\"name\":\"SAP ERP Akademija\"}]},{\"@type\":\"WebSite\",\"@id\":\"\/#website\",\"url\":\"\/\",\"name\":\"VI\u0160JA STROKOVNA \u0160OLA\",\"description\":\"Just another \u0160C PET Sites site\",\"potentialAction\":[{\"@type\":\"SearchAction\",\"target\":{\"@type\":\"EntryPoint\",\"urlTemplate\":\"\/?s={search_term_string}\"},\"query-input\":\"required name=search_term_string\"}],\"inLanguage\":\"sl-SI\"}]}<\/script>\n<!-- \/ Yoast SEO plugin. -->","yoast_head_json":{"title":"SAP ERP Akademija - VI\u0160JA STROKOVNA \u0160OLA","description":"SAP izobra\u017eevanje z mo\u017enostjo pridobitve certifikata SAP ERP. Pridobite znanje o upravljavskih in delovnih procesih organizacije.","robots":{"index":"index","follow":"follow","max-snippet":"max-snippet:-1","max-image-preview":"max-image-preview:large","max-video-preview":"max-video-preview:-1"},"canonical":"https:\/\/www.scpet.si\/vss\/sap-erp\/","og_locale":"sl_SI","og_type":"article","og_title":"SAP ERP Akademija - VI\u0160JA STROKOVNA \u0160OLA","og_description":"SAP izobra\u017eevanje z mo\u017enostjo pridobitve certifikata SAP ERP. Pridobite znanje o upravljavskih in delovnih procesih organizacije.","og_url":"https:\/\/www.scpet.si\/vss\/sap-erp\/","og_site_name":"VI\u0160JA STROKOVNA \u0160OLA","article_modified_time":"2023-10-02T06:57:28+00:00","twitter_card":"summary_large_image","twitter_misc":{"Est. reading time":"4 minute"},"schema":{"@context":"https:\/\/schema.org","@graph":[{"@type":"WebPage","@id":"https:\/\/www.scpet.si\/vss\/sap-erp\/","url":"https:\/\/www.scpet.si\/vss\/sap-erp\/","name":"SAP ERP Akademija - VI\u0160JA STROKOVNA \u0160OLA","isPartOf":{"@id":"\/#website"},"datePublished":"2019-09-23T10:02:00+00:00","dateModified":"2023-10-02T06:57:28+00:00","description":"SAP izobra\u017eevanje z mo\u017enostjo pridobitve certifikata SAP ERP. Pridobite znanje o upravljavskih in delovnih procesih organizacije.","breadcrumb":{"@id":"https:\/\/www.scpet.si\/vss\/sap-erp\/#breadcrumb"},"inLanguage":"sl-SI","potentialAction":[{"@type":"ReadAction","target":["https:\/\/www.scpet.si\/vss\/sap-erp\/"]}]},{"@type":"BreadcrumbList","@id":"https:\/\/www.scpet.si\/vss\/sap-erp\/#breadcrumb","itemListElement":[{"@type":"ListItem","position":1,"name":"Home","item":"https:\/\/www.scpet.si\/vss\/"},{"@type":"ListItem","position":2,"name":"SAP ERP Akademija"}]},{"@type":"WebSite","@id":"\/#website","url":"\/","name":"VI\u0160JA STROKOVNA \u0160OLA","description":"Just another \u0160C PET Sites site","potentialAction":[{"@type":"SearchAction","target":{"@type":"EntryPoint","urlTemplate":"\/?s={search_term_string}"},"query-input":"required name=search_term_string"}],"inLanguage":"sl-SI"}]}},"_links":{"self":[{"href":"https:\/\/www.scpet.si\/vss\/wp-json\/wp\/v2\/pages\/180"}],"collection":[{"href":"https:\/\/www.scpet.si\/vss\/wp-json\/wp\/v2\/pages"}],"about":[{"href":"https:\/\/www.scpet.si\/vss\/wp-json\/wp\/v2\/types\/page"}],"author":[{"embeddable":true,"href":"https:\/\/www.scpet.si\/vss\/wp-json\/wp\/v2\/users\/1"}],"replies":[{"embeddable":true,"href":"https:\/\/www.scpet.si\/vss\/wp-json\/wp\/v2\/comments?post=180"}],"version-history":[{"count":0,"href":"https:\/\/www.scpet.si\/vss\/wp-json\/wp\/v2\/pages\/180\/revisions"}],"wp:attachment":[{"href":"https:\/\/www.scpet.si\/vss\/wp-json\/wp\/v2\/media?parent=180"}],"curies":[{"name":"wp","href":"https:\/\/api.w.org\/{rel}","templated":true}]}}