{"id":1924,"date":"2022-02-03T14:15:59","date_gmt":"2022-02-03T13:15:59","guid":{"rendered":"https:\/\/www.scpet.si\/vss\/?page_id=1924"},"modified":"2023-10-02T09:53:11","modified_gmt":"2023-10-02T07:53:11","slug":"vloge-za-vpis-napredovanje","status":"publish","type":"page","link":"https:\/\/www.scpet.si\/vss\/vloge-za-vpis-napredovanje\/","title":{"rendered":"Vloge za vpis, napredovanje"},"content":{"rendered":"<div class=\"fusion-fullwidth fullwidth-box fusion-builder-row-1 fusion-flex-container nonhundred-percent-fullwidth non-hundred-percent-height-scrolling\" style=\"background-color: rgba(255,255,255,0);background-position: center center;background-repeat: no-repeat;border-width: 0px 0px 0px 0px;border-color:#eae9e9;border-style:solid;\" ><div class=\"fusion-builder-row fusion-row fusion-flex-align-items-flex-start\" style=\"max-width:1331.2px;margin-left: calc(-4% \/ 2 );margin-right: calc(-4% \/ 2 );\"><div class=\"fusion-layout-column fusion_builder_column fusion-builder-column-0 fusion_builder_column_1_1 1_1 fusion-flex-column\"><div class=\"fusion-column-wrapper fusion-flex-justify-content-flex-start fusion-content-layout-column\" style=\"background-position:left top;background-repeat:no-repeat;-webkit-background-size:cover;-moz-background-size:cover;-o-background-size:cover;background-size:cover;padding: 0px 0px 0px 0px;\"><div class=\"fusion-text fusion-text-1\"><h2>VPIS, napredovanje, ponavljanje, itd.<\/h2>\n<\/div><div class=\"fusion-text fusion-text-2\"><h3>Vpis v vi\u0161ji letnik<\/h3>\n<\/div><div class=\"fusion-text fusion-text-3\"><p>\u0160tudent rednega \u0161tudija se lahko vpi\u0161e v vi\u0161ji letnik, \u010de je opravil prakti\u010dno izobra\u017eevanje in ostale \u0161tudijske obveznosti v skupnem obsegu <strong>najmanj 45 KT<\/strong>.<\/p>\n<p>Izjemoma lahko \u0161tudent napreduje tudi v primeru, da je opravil prakti\u010dno izobra\u017eevanje, iz opravi\u010denih razlogov pa ni opravil dovolj drugih obveznosti, da bi dosegel minimalno 45 KT. O tem, ali so bili razlogi za to res opravi\u010deni, odlo\u010di \u0161tudijska komisija na podlagi oddanega <a href=\"https:\/\/www.scpet.si\/vss\/studij\/obrazci\/\" target=\"_blank\" rel=\"noopener\">Obrazca VSS-V-21<\/a> (in predlo\u017eenih pisnih dokazil), oddano najkasneje do 20 septembra teko\u010dega leta.<\/p>\n<\/div><div class=\"fusion-separator fusion-full-width-sep\" style=\"align-self: center;margin-left: auto;margin-right: auto;margin-top:4px;margin-bottom:4px;width:100%;\"><\/div><div class=\"fusion-text fusion-text-4\"><p>\u0160tudenti izrednega \u0161tudija nimajo posebnih pogojev za napredovanje.<\/p>\n<\/div><div class=\"fusion-separator fusion-full-width-sep\" style=\"align-self: center;margin-left: auto;margin-right: auto;margin-top:4px;margin-bottom:4px;width:100%;\"><\/div><div class=\"fusion-text fusion-text-5\"><p>\u0160tudent prvega in drugega leta izrednega \u0161tudija prejme po e-po\u0161ti vpisno dokumentacijo za naslednje \u0161tudijsko leto (predvidoma v mesecu juniju) in jo v predpisanem roku po\u0161lje na e-naslov po\u0161iljatelja, oz. na \u0161olo po navadni po\u0161ti. Na podlagi prejete dokumentacije in v kolikor je vpisnina za preteklo obdobje v celoti poravnana, se \u0161tudenta vpi\u0161e v naslednje \u0161tudijsko leto. \u010ce \u0161tudent dokumentacije ne vrne v roku, smatramo, da se v naslednjem \u0161tudijskem letu ne namerava vklju\u010diti v izobra\u017eevanje.<\/p>\n<\/div><div class=\"fusion-separator fusion-full-width-sep\" style=\"align-self: center;margin-left: auto;margin-right: auto;margin-top:4px;margin-bottom:4px;width:100%;\"><\/div><div class=\"fusion-text fusion-text-6\"><p><strong>Pri vpisu v 2. letnik (redni) in 2. leto (izredni), se \u0161tudent odlo\u010di za smer (<a href=\"https:\/\/www.scpet.si\/vss\/wp-content\/uploads\/sites\/3\/2023\/09\/Predstavitev-smeri-POL-ZAV-BAN_23.pdf\" target=\"_blank\" rel=\"noopener\">Ekonomist<\/a>) oziroma modul (<a href=\"https:\/\/www.scpet.si\/vss\/wp-content\/uploads\/sites\/3\/2022\/08\/Predstavitev-modulov-M6-M7-M8_22.pdf\" target=\"_blank\" rel=\"noopener\">Telekomunikacije<\/a>), ki ga bo obiskoval v 2. letniku<\/strong><\/p>\n<\/div><div class=\"fusion-text fusion-text-7\"><h3>Ponavljanje in ponovno obiskovanje letnika<\/h3>\n<\/div><div class=\"fusion-text fusion-text-8\"><p>\u0160tudent 1. letnika rednega \u0161tudija, lahko letnik ponavlja, \u010de je opravil prakti\u010dno izobra\u017eevanje in \u0161tudijske obveznosti v skupnem obsegu <strong>najmanj 20 KT<\/strong>.<\/p>\n<p>\u0160tudent 2. letnika lahko letnik ponavlja, \u010de ima opravljene izpitne obveznosti po programu za 2. letnik v skupnem obsegu najmanj <strong>20 KT<\/strong>.<\/p>\n<p>\u0160tudent rednega \u0161tudija lahko ponovno obiskuje prvi ali drugi letnik, kadar ima za to upravi\u010dene razloge: star\u0161evstvo, te\u017eka bolezen, dalj\u0161a hospitalizacija, drugo. To je obvezna priloga k Vlogi za vpis.<\/p>\n<p>Vlogo za ponavljanje ali ponovno obiskovanje (<a href=\"https:\/\/www.scpet.si\/vss\/studij\/obrazci\/\" target=\"_blank\" rel=\"noopener\">Obr. VSS-V-21<\/a>) je potrebno oddati v referat VS\u0160, oziroma \u0161tudijski komisiji VS\u0160, najkasneje do 29. 9. teko\u010dega leta.<\/p>\n<\/div><div class=\"fusion-separator fusion-full-width-sep\" style=\"align-self: center;margin-left: auto;margin-right: auto;margin-top:4px;margin-bottom:4px;width:100%;\"><\/div><div class=\"fusion-text fusion-text-9\"><p>\u0160tudenti izrednega \u0161tudija letnika ne ponavljajo.<\/p>\n<\/div><div class=\"fusion-text fusion-text-10\"><h3>Vpis v nadaljnje izobra\u017eevanje (brez statusa)<\/h3>\n<\/div><div class=\"fusion-text fusion-text-11\"><p>Vpis (brez statusa) lahko koristijo \u0161tudenti rednega in izrednega \u0161tudija, ki niso dosegli pogojev za vpis v vi\u0161ji letnik in nimajo pogojev za ponavljanje, ali ponovno obiskovanje letnika. Manjkajo\u010di izpiti in druge obveznosti se lahko opravljajo na podlagi pla\u010danih storitev, po veljavnem ceniku VS\u0160 za \u0161tudente brez statusa.<\/p>\n<p style=\"text-align: left;\">Vlogo (<a href=\"https:\/\/e-ucilnica.scpet.si\/course\/index.php?categoryid=43\" target=\"_blank\" rel=\"noopener\">obr. VSS-V-22<\/a>) je potrebno oddati v referat VS\u0160 vsako \u0161tudijsko leto, oz. do diplomiranja \u0161tudenta.<\/p>\n<\/div><div class=\"fusion-text fusion-text-12\"><h3>Podalj\u0161anje statusa<\/h3>\n<\/div><div class=\"fusion-text fusion-text-13\"><p>\u0160tudent rednega \u0161tudija, lahko zaprosi za podalj\u0161anje statusa \u0161tudenta (za obdobje 60 dni) v primeru, da je kon\u010dal 2. letnik v dveh \u0161tudijskih letih, in ima prijavljeno temo diplomske naloge.<\/p>\n<p>Vlogo za podalj\u0161anje statusa (<a href=\"https:\/\/www.scpet.si\/vss\/studij\/obrazci\/\" target=\"_blank\" rel=\"noopener\">Obr. VSS-V-21<\/a>) je potrebno pravo\u010dasno oddati \u0161tudijski komisiji VS\u0160, najkasneje do 29. 9. teko\u010dega leta.<\/p>\n<\/div><div class=\"fusion-text fusion-text-14\"><h3>Prepis iz izrednega v redni \u0161tudij<\/h3>\n<\/div><div class=\"fusion-text fusion-text-15\"><p>\u0160tudent izrednega \u0161tudija lahko zaprosi za prepis v redni \u0161tudij (2. letnik), v kolikor\u00a0 je opravil prakti\u010dno izobra\u017eevanje in ostale \u0161tudijske obveznosti v skupnem obsegu <strong>najmanj 45 KT<\/strong>.<\/p>\n<p>Vlogo za prepis (<a href=\"https:\/\/www.scpet.si\/vss\/studij\/obrazci\/\" target=\"_blank\" rel=\"noopener\">Obr. VSS-V-21<\/a>) je potrebno pravo\u010dasno oddati \u0161tudijski komisiji VS\u0160, najkasneje do 29. 9. teko\u010dega leta.<\/p>\n<\/div><\/div><style type=\"text\/css\">.fusion-body .fusion-builder-column-0{width:100% !important;margin-top : 0px;margin-bottom : 0px;}.fusion-builder-column-0 > .fusion-column-wrapper {padding-top : 0px !important;padding-right : 0px !important;margin-right : 1.92%;padding-bottom : 0px !important;padding-left : 0px !important;margin-left : 1.92%;}@media only screen and (max-width:1024px) {.fusion-body .fusion-builder-column-0{width:100% !important;order : 0;}.fusion-builder-column-0 > .fusion-column-wrapper {margin-right : 1.92%;margin-left : 1.92%;}}@media only screen and (max-width:640px) {.fusion-body .fusion-builder-column-0{width:100% !important;order : 0;}.fusion-builder-column-0 > .fusion-column-wrapper {margin-right : 1.92%;margin-left : 1.92%;}}<\/style><\/div><\/div><style type=\"text\/css\">.fusion-body .fusion-flex-container.fusion-builder-row-1{ padding-top : 0px;margin-top : 0px;padding-right : 0px;padding-bottom : 0px;margin-bottom : 0px;padding-left : ;}<\/style><\/div>\n","protected":false},"excerpt":{"rendered":"","protected":false},"author":5,"featured_media":0,"parent":0,"menu_order":0,"comment_status":"closed","ping_status":"closed","template":"","meta":{"xn-wppe-expiration":[],"xn-wppe-expiration-action":[],"xn-wppe-expiration-prefix":[],"_mi_skip_tracking":false,"_exactmetrics_sitenote_active":false,"_exactmetrics_sitenote_note":"","_exactmetrics_sitenote_category":0},"yoast_head":"<!-- This site is optimized with the Yoast SEO plugin v20.8 - https:\/\/yoast.com\/wordpress\/plugins\/seo\/ -->\n<title>Vloge za vpis, napredovanje - VI\u0160JA STROKOVNA \u0160OLA<\/title>\n<meta name=\"description\" content=\"\u0160tudent se lahko vpi\u0161e v vi\u0161ji letnik, \u010de je opravil prakti\u010dno izobra\u017eevanje in ostale \u0161tudijske obveznosti v skupnem obsegu najmanj 45 KT.\" \/>\n<meta name=\"robots\" content=\"index, follow, max-snippet:-1, max-image-preview:large, max-video-preview:-1\" \/>\n<link rel=\"canonical\" href=\"https:\/\/www.scpet.si\/vss\/vloge-za-vpis-napredovanje\/\" \/>\n<meta property=\"og:locale\" content=\"sl_SI\" \/>\n<meta property=\"og:type\" content=\"article\" \/>\n<meta property=\"og:title\" content=\"Vloge za vpis, napredovanje - VI\u0160JA STROKOVNA \u0160OLA\" \/>\n<meta property=\"og:description\" content=\"\u0160tudent se lahko vpi\u0161e v vi\u0161ji letnik, \u010de je opravil prakti\u010dno izobra\u017eevanje in ostale \u0161tudijske obveznosti v skupnem obsegu najmanj 45 KT.\" \/>\n<meta property=\"og:url\" content=\"https:\/\/www.scpet.si\/vss\/vloge-za-vpis-napredovanje\/\" \/>\n<meta property=\"og:site_name\" content=\"VI\u0160JA STROKOVNA \u0160OLA\" \/>\n<meta property=\"article:modified_time\" content=\"2023-10-02T07:53:11+00:00\" \/>\n<meta name=\"twitter:card\" content=\"summary_large_image\" \/>\n<meta name=\"twitter:label1\" content=\"Est. reading time\" \/>\n\t<meta name=\"twitter:data1\" content=\"11 minut\" \/>\n<script type=\"application\/ld+json\" class=\"yoast-schema-graph\">{\"@context\":\"https:\/\/schema.org\",\"@graph\":[{\"@type\":\"WebPage\",\"@id\":\"https:\/\/www.scpet.si\/vss\/vloge-za-vpis-napredovanje\/\",\"url\":\"https:\/\/www.scpet.si\/vss\/vloge-za-vpis-napredovanje\/\",\"name\":\"Vloge za vpis, napredovanje - VI\u0160JA STROKOVNA \u0160OLA\",\"isPartOf\":{\"@id\":\"\/#website\"},\"datePublished\":\"2022-02-03T13:15:59+00:00\",\"dateModified\":\"2023-10-02T07:53:11+00:00\",\"description\":\"\u0160tudent se lahko vpi\u0161e v vi\u0161ji letnik, \u010de je opravil prakti\u010dno izobra\u017eevanje in ostale \u0161tudijske obveznosti v skupnem obsegu najmanj 45 KT.\",\"breadcrumb\":{\"@id\":\"https:\/\/www.scpet.si\/vss\/vloge-za-vpis-napredovanje\/#breadcrumb\"},\"inLanguage\":\"sl-SI\",\"potentialAction\":[{\"@type\":\"ReadAction\",\"target\":[\"https:\/\/www.scpet.si\/vss\/vloge-za-vpis-napredovanje\/\"]}]},{\"@type\":\"BreadcrumbList\",\"@id\":\"https:\/\/www.scpet.si\/vss\/vloge-za-vpis-napredovanje\/#breadcrumb\",\"itemListElement\":[{\"@type\":\"ListItem\",\"position\":1,\"name\":\"Home\",\"item\":\"https:\/\/www.scpet.si\/vss\/\"},{\"@type\":\"ListItem\",\"position\":2,\"name\":\"Vloge za vpis, napredovanje\"}]},{\"@type\":\"WebSite\",\"@id\":\"\/#website\",\"url\":\"\/\",\"name\":\"VI\u0160JA STROKOVNA \u0160OLA\",\"description\":\"Just another \u0160C PET Sites site\",\"potentialAction\":[{\"@type\":\"SearchAction\",\"target\":{\"@type\":\"EntryPoint\",\"urlTemplate\":\"\/?s={search_term_string}\"},\"query-input\":\"required name=search_term_string\"}],\"inLanguage\":\"sl-SI\"}]}<\/script>\n<!-- \/ Yoast SEO plugin. -->","yoast_head_json":{"title":"Vloge za vpis, napredovanje - VI\u0160JA STROKOVNA \u0160OLA","description":"\u0160tudent se lahko vpi\u0161e v vi\u0161ji letnik, \u010de je opravil prakti\u010dno izobra\u017eevanje in ostale \u0161tudijske obveznosti v skupnem obsegu najmanj 45 KT.","robots":{"index":"index","follow":"follow","max-snippet":"max-snippet:-1","max-image-preview":"max-image-preview:large","max-video-preview":"max-video-preview:-1"},"canonical":"https:\/\/www.scpet.si\/vss\/vloge-za-vpis-napredovanje\/","og_locale":"sl_SI","og_type":"article","og_title":"Vloge za vpis, napredovanje - VI\u0160JA STROKOVNA \u0160OLA","og_description":"\u0160tudent se lahko vpi\u0161e v vi\u0161ji letnik, \u010de je opravil prakti\u010dno izobra\u017eevanje in ostale \u0161tudijske obveznosti v skupnem obsegu najmanj 45 KT.","og_url":"https:\/\/www.scpet.si\/vss\/vloge-za-vpis-napredovanje\/","og_site_name":"VI\u0160JA STROKOVNA \u0160OLA","article_modified_time":"2023-10-02T07:53:11+00:00","twitter_card":"summary_large_image","twitter_misc":{"Est. reading time":"11 minut"},"schema":{"@context":"https:\/\/schema.org","@graph":[{"@type":"WebPage","@id":"https:\/\/www.scpet.si\/vss\/vloge-za-vpis-napredovanje\/","url":"https:\/\/www.scpet.si\/vss\/vloge-za-vpis-napredovanje\/","name":"Vloge za vpis, napredovanje - VI\u0160JA STROKOVNA \u0160OLA","isPartOf":{"@id":"\/#website"},"datePublished":"2022-02-03T13:15:59+00:00","dateModified":"2023-10-02T07:53:11+00:00","description":"\u0160tudent se lahko vpi\u0161e v vi\u0161ji letnik, \u010de je opravil prakti\u010dno izobra\u017eevanje in ostale \u0161tudijske obveznosti v skupnem obsegu najmanj 45 KT.","breadcrumb":{"@id":"https:\/\/www.scpet.si\/vss\/vloge-za-vpis-napredovanje\/#breadcrumb"},"inLanguage":"sl-SI","potentialAction":[{"@type":"ReadAction","target":["https:\/\/www.scpet.si\/vss\/vloge-za-vpis-napredovanje\/"]}]},{"@type":"BreadcrumbList","@id":"https:\/\/www.scpet.si\/vss\/vloge-za-vpis-napredovanje\/#breadcrumb","itemListElement":[{"@type":"ListItem","position":1,"name":"Home","item":"https:\/\/www.scpet.si\/vss\/"},{"@type":"ListItem","position":2,"name":"Vloge za vpis, napredovanje"}]},{"@type":"WebSite","@id":"\/#website","url":"\/","name":"VI\u0160JA STROKOVNA \u0160OLA","description":"Just another \u0160C PET Sites site","potentialAction":[{"@type":"SearchAction","target":{"@type":"EntryPoint","urlTemplate":"\/?s={search_term_string}"},"query-input":"required name=search_term_string"}],"inLanguage":"sl-SI"}]}},"_links":{"self":[{"href":"https:\/\/www.scpet.si\/vss\/wp-json\/wp\/v2\/pages\/1924"}],"collection":[{"href":"https:\/\/www.scpet.si\/vss\/wp-json\/wp\/v2\/pages"}],"about":[{"href":"https:\/\/www.scpet.si\/vss\/wp-json\/wp\/v2\/types\/page"}],"author":[{"embeddable":true,"href":"https:\/\/www.scpet.si\/vss\/wp-json\/wp\/v2\/users\/5"}],"replies":[{"embeddable":true,"href":"https:\/\/www.scpet.si\/vss\/wp-json\/wp\/v2\/comments?post=1924"}],"version-history":[{"count":0,"href":"https:\/\/www.scpet.si\/vss\/wp-json\/wp\/v2\/pages\/1924\/revisions"}],"wp:attachment":[{"href":"https:\/\/www.scpet.si\/vss\/wp-json\/wp\/v2\/media?parent=1924"}],"curies":[{"name":"wp","href":"https:\/\/api.w.org\/{rel}","templated":true}]}}