{"id":274,"date":"2019-12-12T14:02:52","date_gmt":"2019-12-12T13:02:52","guid":{"rendered":"https:\/\/nova.scpet.si\/vss\/studij\/urniki\/ekonomist-izredni\/3-leto-bancnistvo-ekonomist-izredni-copy\/"},"modified":"2024-01-30T10:13:02","modified_gmt":"2024-01-30T09:13:02","slug":"3-leto-poslovna-logistika-ekonomist-izredni","status":"publish","type":"page","link":"https:\/\/www.scpet.si\/vss\/urniki\/ekonomist-izredni\/3-leto-poslovna-logistika-ekonomist-izredni\/","title":{"rendered":"3. leto poslovna logistika &#8211; Ekonomist izredni"},"content":{"rendered":"<div class=\"fusion-fullwidth fullwidth-box fusion-builder-row-1 nonhundred-percent-fullwidth non-hundred-percent-height-scrolling\" style=\"background-color: rgba(255,255,255,0);background-position: center center;background-repeat: no-repeat;padding-top:0px;padding-right:0px;padding-bottom:0px;margin-bottom: 0px;margin-top: 0px;border-width: 0px 0px 0px 0px;border-color:#eae9e9;border-style:solid;\" ><div class=\"fusion-builder-row fusion-row\"><div class=\"fusion-layout-column fusion_builder_column fusion-builder-column-0 fusion_builder_column_1_1 1_1 fusion-one-full fusion-column-first fusion-column-last\" style=\"margin-top:0px;margin-bottom:0px;\"><div class=\"fusion-column-wrapper fusion-flex-column-wrapper-legacy\" style=\"background-position:left top;background-repeat:no-repeat;-webkit-background-size:cover;-moz-background-size:cover;-o-background-size:cover;background-size:cover;padding: 0px 0px 0px 0px;\"><style type=\"text\/css\"><\/style><div class=\"fusion-title title fusion-title-1 fusion-sep-none fusion-title-text fusion-title-size-one\" style=\"margin-top:0px;margin-right:0px;margin-bottom:31px;margin-left:0px;\"><h1 class=\"title-heading-left\" style=\"margin:0;\"><a title=\"URNIK___EKO_1._leto_izredni__19_20_\" href=\"https:\/\/www.scpet.si\/vss\/xinha\/plugins\/ExtendedFileManager\/demo_images\/urniki\/EKO\/izredni\/URNIK___LOG_izredni_3._leto__19_20_.pdf\"><strong>3. leto poslovna logistika URNIK 2019\/2020<\/strong>\u00a0(LETNI PREGLED)<\/a><\/h1><\/div><div class=\"fusion-text fusion-text-1\"><table class=\"table-1\">\n<tbody>\n<tr>\n<td><strong>Obvezno-izb<\/strong><\/td>\n<td><strong>M14<\/strong>\u00a0\u2013 transportna logistika<\/td>\n<td><\/td>\n<\/tr>\n<tr>\n<td><strong>TME<\/strong><\/td>\n<td>Transportni mened\u017ement<\/td>\n<td>mag. Ludvik Pevec<\/td>\n<\/tr>\n<tr>\n<td><strong>VLP<\/strong><\/td>\n<td>Varnost v logisti\u010dnih procesih<\/td>\n<td>Bojan Radinja<br \/>\nMirjam Pi\u010dman<\/td>\n<\/tr>\n<tr>\n<td><strong>Obvezno-izb<\/strong><\/td>\n<td><strong>M16<\/strong>\u00a0\u2013 logisti\u010dni mened\u017ement<\/td>\n<td><\/td>\n<\/tr>\n<tr>\n<td><strong>UZA<\/strong><\/td>\n<td>Upravljanje zalog<\/td>\n<td>mag. Sa\u0161o Turk<\/td>\n<\/tr>\n<tr>\n<td><strong>INL<\/strong><\/td>\n<td>Informatika v logistiki<\/td>\n<td>Ivan \u0160krlec<\/td>\n<\/tr>\n<tr>\n<td><strong>Izbirno<\/strong><\/td>\n<td>prosto izbirni predmet<\/td>\n<td><\/td>\n<\/tr>\n<tr>\n<td><strong>FTR<\/strong><\/td>\n<td>Finan\u010dni trgi<\/td>\n<td>mag. Gregor Sakovi\u010d<\/td>\n<\/tr>\n<tr>\n<td><strong>DIP<\/strong><\/td>\n<td>Priprave na diplomski izpit<\/td>\n<td>Melita Mu\u010di\u0107<\/td>\n<\/tr>\n<tr>\n<td><strong>PRI 2<\/strong><\/td>\n<td>Prakti\u010dno izobra\u017eevanje<\/td>\n<td>mag. Nata\u0161a N. Ipavec, org. izobra\u017eevanja<\/td>\n<\/tr>\n<\/tbody>\n<\/table>\n<\/div><div class=\"fusion-clearfix\"><\/div><\/div><\/div><\/div><\/div>\n","protected":false},"excerpt":{"rendered":"","protected":false},"author":1,"featured_media":0,"parent":264,"menu_order":0,"comment_status":"closed","ping_status":"closed","template":"100-width.php","meta":{"xn-wppe-expiration":[],"xn-wppe-expiration-action":[],"xn-wppe-expiration-prefix":[],"_mi_skip_tracking":false,"_exactmetrics_sitenote_active":false,"_exactmetrics_sitenote_note":"","_exactmetrics_sitenote_category":0},"yoast_head":"<!-- This site is optimized with the Yoast SEO plugin v20.8 - https:\/\/yoast.com\/wordpress\/plugins\/seo\/ -->\n<title>3. leto poslovna logistika - Ekonomist izredni - VI\u0160JA STROKOVNA \u0160OLA<\/title>\n<meta name=\"description\" content=\"3. leto poslovna logistika - Ekonomist izredni\" \/>\n<meta name=\"robots\" content=\"index, follow, max-snippet:-1, max-image-preview:large, max-video-preview:-1\" \/>\n<link rel=\"canonical\" href=\"https:\/\/www.scpet.si\/vss\/urniki\/ekonomist-izredni\/3-leto-poslovna-logistika-ekonomist-izredni\/\" \/>\n<meta property=\"og:locale\" content=\"sl_SI\" \/>\n<meta property=\"og:type\" content=\"article\" \/>\n<meta property=\"og:title\" content=\"3. leto poslovna logistika - Ekonomist izredni - VI\u0160JA STROKOVNA \u0160OLA\" \/>\n<meta property=\"og:description\" content=\"3. leto poslovna logistika - Ekonomist izredni\" \/>\n<meta property=\"og:url\" content=\"https:\/\/www.scpet.si\/vss\/urniki\/ekonomist-izredni\/3-leto-poslovna-logistika-ekonomist-izredni\/\" \/>\n<meta property=\"og:site_name\" content=\"VI\u0160JA STROKOVNA \u0160OLA\" \/>\n<meta property=\"article:modified_time\" content=\"2024-01-30T09:13:02+00:00\" \/>\n<meta name=\"twitter:card\" content=\"summary_large_image\" \/>\n<meta name=\"twitter:label1\" content=\"Est. reading time\" \/>\n\t<meta name=\"twitter:data1\" content=\"1 minuta\" \/>\n<script type=\"application\/ld+json\" class=\"yoast-schema-graph\">{\"@context\":\"https:\/\/schema.org\",\"@graph\":[{\"@type\":\"WebPage\",\"@id\":\"https:\/\/www.scpet.si\/vss\/urniki\/ekonomist-izredni\/3-leto-poslovna-logistika-ekonomist-izredni\/\",\"url\":\"https:\/\/www.scpet.si\/vss\/urniki\/ekonomist-izredni\/3-leto-poslovna-logistika-ekonomist-izredni\/\",\"name\":\"3. leto poslovna logistika - Ekonomist izredni - VI\u0160JA STROKOVNA \u0160OLA\",\"isPartOf\":{\"@id\":\"\/#website\"},\"datePublished\":\"2019-12-12T13:02:52+00:00\",\"dateModified\":\"2024-01-30T09:13:02+00:00\",\"description\":\"3. leto poslovna logistika - Ekonomist izredni\",\"breadcrumb\":{\"@id\":\"https:\/\/www.scpet.si\/vss\/urniki\/ekonomist-izredni\/3-leto-poslovna-logistika-ekonomist-izredni\/#breadcrumb\"},\"inLanguage\":\"sl-SI\",\"potentialAction\":[{\"@type\":\"ReadAction\",\"target\":[\"https:\/\/www.scpet.si\/vss\/urniki\/ekonomist-izredni\/3-leto-poslovna-logistika-ekonomist-izredni\/\"]}]},{\"@type\":\"BreadcrumbList\",\"@id\":\"https:\/\/www.scpet.si\/vss\/urniki\/ekonomist-izredni\/3-leto-poslovna-logistika-ekonomist-izredni\/#breadcrumb\",\"itemListElement\":[{\"@type\":\"ListItem\",\"position\":1,\"name\":\"Home\",\"item\":\"https:\/\/www.scpet.si\/vss\/\"},{\"@type\":\"ListItem\",\"position\":2,\"name\":\"Urniki\",\"item\":\"https:\/\/www.scpet.si\/vss\/urniki\/\"},{\"@type\":\"ListItem\",\"position\":3,\"name\":\"Ekonomist izredni\",\"item\":\"https:\/\/www.scpet.si\/vss\/urniki\/ekonomist-izredni\/\"},{\"@type\":\"ListItem\",\"position\":4,\"name\":\"3. leto poslovna logistika &#8211; Ekonomist izredni\"}]},{\"@type\":\"WebSite\",\"@id\":\"\/#website\",\"url\":\"\/\",\"name\":\"VI\u0160JA STROKOVNA \u0160OLA\",\"description\":\"Just another \u0160C PET Sites site\",\"potentialAction\":[{\"@type\":\"SearchAction\",\"target\":{\"@type\":\"EntryPoint\",\"urlTemplate\":\"\/?s={search_term_string}\"},\"query-input\":\"required name=search_term_string\"}],\"inLanguage\":\"sl-SI\"}]}<\/script>\n<!-- \/ Yoast SEO plugin. -->","yoast_head_json":{"title":"3. leto poslovna logistika - Ekonomist izredni - VI\u0160JA STROKOVNA \u0160OLA","description":"3. leto poslovna logistika - Ekonomist izredni","robots":{"index":"index","follow":"follow","max-snippet":"max-snippet:-1","max-image-preview":"max-image-preview:large","max-video-preview":"max-video-preview:-1"},"canonical":"https:\/\/www.scpet.si\/vss\/urniki\/ekonomist-izredni\/3-leto-poslovna-logistika-ekonomist-izredni\/","og_locale":"sl_SI","og_type":"article","og_title":"3. leto poslovna logistika - Ekonomist izredni - VI\u0160JA STROKOVNA \u0160OLA","og_description":"3. leto poslovna logistika - Ekonomist izredni","og_url":"https:\/\/www.scpet.si\/vss\/urniki\/ekonomist-izredni\/3-leto-poslovna-logistika-ekonomist-izredni\/","og_site_name":"VI\u0160JA STROKOVNA \u0160OLA","article_modified_time":"2024-01-30T09:13:02+00:00","twitter_card":"summary_large_image","twitter_misc":{"Est. reading time":"1 minuta"},"schema":{"@context":"https:\/\/schema.org","@graph":[{"@type":"WebPage","@id":"https:\/\/www.scpet.si\/vss\/urniki\/ekonomist-izredni\/3-leto-poslovna-logistika-ekonomist-izredni\/","url":"https:\/\/www.scpet.si\/vss\/urniki\/ekonomist-izredni\/3-leto-poslovna-logistika-ekonomist-izredni\/","name":"3. leto poslovna logistika - Ekonomist izredni - VI\u0160JA STROKOVNA \u0160OLA","isPartOf":{"@id":"\/#website"},"datePublished":"2019-12-12T13:02:52+00:00","dateModified":"2024-01-30T09:13:02+00:00","description":"3. leto poslovna logistika - Ekonomist izredni","breadcrumb":{"@id":"https:\/\/www.scpet.si\/vss\/urniki\/ekonomist-izredni\/3-leto-poslovna-logistika-ekonomist-izredni\/#breadcrumb"},"inLanguage":"sl-SI","potentialAction":[{"@type":"ReadAction","target":["https:\/\/www.scpet.si\/vss\/urniki\/ekonomist-izredni\/3-leto-poslovna-logistika-ekonomist-izredni\/"]}]},{"@type":"BreadcrumbList","@id":"https:\/\/www.scpet.si\/vss\/urniki\/ekonomist-izredni\/3-leto-poslovna-logistika-ekonomist-izredni\/#breadcrumb","itemListElement":[{"@type":"ListItem","position":1,"name":"Home","item":"https:\/\/www.scpet.si\/vss\/"},{"@type":"ListItem","position":2,"name":"Urniki","item":"https:\/\/www.scpet.si\/vss\/urniki\/"},{"@type":"ListItem","position":3,"name":"Ekonomist izredni","item":"https:\/\/www.scpet.si\/vss\/urniki\/ekonomist-izredni\/"},{"@type":"ListItem","position":4,"name":"3. leto poslovna logistika &#8211; Ekonomist izredni"}]},{"@type":"WebSite","@id":"\/#website","url":"\/","name":"VI\u0160JA STROKOVNA \u0160OLA","description":"Just another \u0160C PET Sites site","potentialAction":[{"@type":"SearchAction","target":{"@type":"EntryPoint","urlTemplate":"\/?s={search_term_string}"},"query-input":"required name=search_term_string"}],"inLanguage":"sl-SI"}]}},"_links":{"self":[{"href":"https:\/\/www.scpet.si\/vss\/wp-json\/wp\/v2\/pages\/274"}],"collection":[{"href":"https:\/\/www.scpet.si\/vss\/wp-json\/wp\/v2\/pages"}],"about":[{"href":"https:\/\/www.scpet.si\/vss\/wp-json\/wp\/v2\/types\/page"}],"author":[{"embeddable":true,"href":"https:\/\/www.scpet.si\/vss\/wp-json\/wp\/v2\/users\/1"}],"replies":[{"embeddable":true,"href":"https:\/\/www.scpet.si\/vss\/wp-json\/wp\/v2\/comments?post=274"}],"version-history":[{"count":0,"href":"https:\/\/www.scpet.si\/vss\/wp-json\/wp\/v2\/pages\/274\/revisions"}],"up":[{"embeddable":true,"href":"https:\/\/www.scpet.si\/vss\/wp-json\/wp\/v2\/pages\/264"}],"wp:attachment":[{"href":"https:\/\/www.scpet.si\/vss\/wp-json\/wp\/v2\/media?parent=274"}],"curies":[{"name":"wp","href":"https:\/\/api.w.org\/{rel}","templated":true}]}}