{"id":295,"date":"2019-12-13T10:05:45","date_gmt":"2019-12-13T09:05:45","guid":{"rendered":"https:\/\/nova.scpet.si\/vss\/studij\/urniki\/telekomunikacije-redni\/2-letnik-m8-telekomunikacije-redni-copy\/"},"modified":"2024-01-30T10:16:51","modified_gmt":"2024-01-30T09:16:51","slug":"1-leto-telekomunikacije-izredni","status":"publish","type":"page","link":"https:\/\/www.scpet.si\/vss\/urniki\/telekomunikacije-izredni\/1-leto-telekomunikacije-izredni\/","title":{"rendered":"1. leto &#8211; Telekomunikacije izredni"},"content":{"rendered":"<div class=\"fusion-fullwidth fullwidth-box fusion-builder-row-1 nonhundred-percent-fullwidth non-hundred-percent-height-scrolling\" style=\"background-color: rgba(255,255,255,0);background-position: center center;background-repeat: no-repeat;padding-top:0px;padding-right:0px;padding-bottom:0px;margin-bottom: 0px;margin-top: 0px;border-width: 0px 0px 0px 0px;border-color:#eae9e9;border-style:solid;\" ><div class=\"fusion-builder-row fusion-row\"><div class=\"fusion-layout-column fusion_builder_column fusion-builder-column-0 fusion_builder_column_1_1 1_1 fusion-one-full fusion-column-first fusion-column-last\" style=\"margin-top:0px;margin-bottom:0px;\"><div class=\"fusion-column-wrapper fusion-flex-column-wrapper-legacy\" style=\"background-position:left top;background-repeat:no-repeat;-webkit-background-size:cover;-moz-background-size:cover;-o-background-size:cover;background-size:cover;padding: 0px 0px 0px 0px;\"><style type=\"text\/css\"><\/style><div class=\"fusion-title title fusion-title-1 fusion-sep-none fusion-title-text fusion-title-size-one\" style=\"margin-top:0px;margin-right:0px;margin-bottom:31px;margin-left:0px;\"><h1 class=\"title-heading-left\" style=\"margin:0;\"><a title=\"URNIK___EKO_1._leto_izredni__19_20_\" href=\"https:\/\/www.scpet.si\/vss\/xinha\/plugins\/ExtendedFileManager\/demo_images\/urniki\/tk\/izredni\/URNIK___TK_izredni_1._leto__19_20_.pdf\"><strong>1. leto URNIK 2019\/2020<\/strong>\u00a0(LETNI PREGLED)<\/a><\/h1><\/div><div class=\"fusion-text fusion-text-1\"><table class=\"table-1\">\n<tbody>\n<tr>\n<td><strong>Obvezno<\/strong><\/td>\n<td><strong>M1<\/strong>\u00a0&#8211; poslovna komunikacija<\/td>\n<td><\/td>\n<\/tr>\n<tr>\n<td><strong>PKV<\/strong><\/td>\n<td>Poslovno komuniciranje in vodenje<\/td>\n<td>mag. Vesna Petri\u010devi\u010d<\/td>\n<\/tr>\n<tr>\n<td><strong>KTJ<\/strong><\/td>\n<td>Komuniciranje v tujem jeziku, angle\u0161ko<\/td>\n<td>Stella Straus<\/td>\n<\/tr>\n<tr>\n<td><strong>IKT<\/strong><\/td>\n<td>Informacijske in komunikacijske tehnologije<\/td>\n<td>mag. Erih Sko\u010dir<br \/>\nToma\u017e Ocepek<\/td>\n<\/tr>\n<tr>\n<td><strong>Obvezno<\/strong><\/td>\n<td><strong>M2<\/strong>\u00a0\u2013 standardi in predpisi<\/td>\n<td><\/td>\n<\/tr>\n<tr>\n<td><strong>VDO<\/strong><\/td>\n<td>Varstvo pri delu, po\u017earna varnost in varstvo okolja<\/td>\n<td>Marija Marot<\/td>\n<\/tr>\n<tr>\n<td><strong>PDO<\/strong><\/td>\n<td>Projektiranje in dokumentiranje<\/td>\n<td>mag. Erih Sko\u010dir<br \/>\nFranc Florjan\u010di\u010d<\/td>\n<\/tr>\n<tr>\n<td><strong>Obvezno<\/strong><\/td>\n<td><strong>M3<\/strong>\u00a0\u2013 osnove telekomunikacij<\/td>\n<td><\/td>\n<\/tr>\n<tr>\n<td><strong>\u00a0GTK<\/strong><\/td>\n<td>Gradniki telekomunikacij<\/td>\n<td>dr. Marko Podber\u0161i\u010d<br \/>\nBo\u0161tjan Tav\u010dar<\/td>\n<\/tr>\n<tr>\n<td><strong>TKO I<\/strong><\/td>\n<td>Telekomunikacijska omre\u017eja I<\/td>\n<td>Anton An\u017ei\u010d<\/td>\n<\/tr>\n<tr>\n<td><strong>PRI 1<\/strong><\/td>\n<td>Prakti\u010dno izobra\u017eevanje<\/td>\n<td>Drago Zupan\u010di\u010d,\u00a0koordinacija<\/td>\n<\/tr>\n<\/tbody>\n<\/table>\n<\/div><div class=\"fusion-clearfix\"><\/div><\/div><\/div><\/div><\/div>\n","protected":false},"excerpt":{"rendered":"","protected":false},"author":1,"featured_media":0,"parent":294,"menu_order":0,"comment_status":"closed","ping_status":"closed","template":"100-width.php","meta":{"xn-wppe-expiration":[],"xn-wppe-expiration-action":[],"xn-wppe-expiration-prefix":[],"_mi_skip_tracking":false,"_exactmetrics_sitenote_active":false,"_exactmetrics_sitenote_note":"","_exactmetrics_sitenote_category":0},"yoast_head":"<!-- This site is optimized with the Yoast SEO plugin v20.8 - https:\/\/yoast.com\/wordpress\/plugins\/seo\/ -->\n<title>1. leto - Telekomunikacije izredni - VI\u0160JA STROKOVNA \u0160OLA<\/title>\n<meta name=\"description\" content=\"1. leto - Telekomunikacije izredni\" \/>\n<meta name=\"robots\" content=\"index, follow, max-snippet:-1, max-image-preview:large, max-video-preview:-1\" \/>\n<link rel=\"canonical\" href=\"https:\/\/www.scpet.si\/vss\/urniki\/telekomunikacije-izredni\/1-leto-telekomunikacije-izredni\/\" \/>\n<meta property=\"og:locale\" content=\"sl_SI\" \/>\n<meta property=\"og:type\" content=\"article\" \/>\n<meta property=\"og:title\" content=\"1. leto - Telekomunikacije izredni - VI\u0160JA STROKOVNA \u0160OLA\" \/>\n<meta property=\"og:description\" content=\"1. leto - Telekomunikacije izredni\" \/>\n<meta property=\"og:url\" content=\"https:\/\/www.scpet.si\/vss\/urniki\/telekomunikacije-izredni\/1-leto-telekomunikacije-izredni\/\" \/>\n<meta property=\"og:site_name\" content=\"VI\u0160JA STROKOVNA \u0160OLA\" \/>\n<meta property=\"article:modified_time\" content=\"2024-01-30T09:16:51+00:00\" \/>\n<meta name=\"twitter:card\" content=\"summary_large_image\" \/>\n<meta name=\"twitter:label1\" content=\"Est. reading time\" \/>\n\t<meta name=\"twitter:data1\" content=\"1 minuta\" \/>\n<script type=\"application\/ld+json\" class=\"yoast-schema-graph\">{\"@context\":\"https:\/\/schema.org\",\"@graph\":[{\"@type\":\"WebPage\",\"@id\":\"https:\/\/www.scpet.si\/vss\/urniki\/telekomunikacije-izredni\/1-leto-telekomunikacije-izredni\/\",\"url\":\"https:\/\/www.scpet.si\/vss\/urniki\/telekomunikacije-izredni\/1-leto-telekomunikacije-izredni\/\",\"name\":\"1. leto - Telekomunikacije izredni - VI\u0160JA STROKOVNA \u0160OLA\",\"isPartOf\":{\"@id\":\"\/#website\"},\"datePublished\":\"2019-12-13T09:05:45+00:00\",\"dateModified\":\"2024-01-30T09:16:51+00:00\",\"description\":\"1. leto - Telekomunikacije izredni\",\"breadcrumb\":{\"@id\":\"https:\/\/www.scpet.si\/vss\/urniki\/telekomunikacije-izredni\/1-leto-telekomunikacije-izredni\/#breadcrumb\"},\"inLanguage\":\"sl-SI\",\"potentialAction\":[{\"@type\":\"ReadAction\",\"target\":[\"https:\/\/www.scpet.si\/vss\/urniki\/telekomunikacije-izredni\/1-leto-telekomunikacije-izredni\/\"]}]},{\"@type\":\"BreadcrumbList\",\"@id\":\"https:\/\/www.scpet.si\/vss\/urniki\/telekomunikacije-izredni\/1-leto-telekomunikacije-izredni\/#breadcrumb\",\"itemListElement\":[{\"@type\":\"ListItem\",\"position\":1,\"name\":\"Home\",\"item\":\"https:\/\/www.scpet.si\/vss\/\"},{\"@type\":\"ListItem\",\"position\":2,\"name\":\"Urniki\",\"item\":\"https:\/\/www.scpet.si\/vss\/urniki\/\"},{\"@type\":\"ListItem\",\"position\":3,\"name\":\"Telekomunikacije izredni\",\"item\":\"https:\/\/www.scpet.si\/vss\/urniki\/telekomunikacije-izredni\/\"},{\"@type\":\"ListItem\",\"position\":4,\"name\":\"1. leto &#8211; Telekomunikacije izredni\"}]},{\"@type\":\"WebSite\",\"@id\":\"\/#website\",\"url\":\"\/\",\"name\":\"VI\u0160JA STROKOVNA \u0160OLA\",\"description\":\"Just another \u0160C PET Sites site\",\"potentialAction\":[{\"@type\":\"SearchAction\",\"target\":{\"@type\":\"EntryPoint\",\"urlTemplate\":\"\/?s={search_term_string}\"},\"query-input\":\"required name=search_term_string\"}],\"inLanguage\":\"sl-SI\"}]}<\/script>\n<!-- \/ Yoast SEO plugin. -->","yoast_head_json":{"title":"1. leto - Telekomunikacije izredni - VI\u0160JA STROKOVNA \u0160OLA","description":"1. leto - Telekomunikacije izredni","robots":{"index":"index","follow":"follow","max-snippet":"max-snippet:-1","max-image-preview":"max-image-preview:large","max-video-preview":"max-video-preview:-1"},"canonical":"https:\/\/www.scpet.si\/vss\/urniki\/telekomunikacije-izredni\/1-leto-telekomunikacije-izredni\/","og_locale":"sl_SI","og_type":"article","og_title":"1. leto - Telekomunikacije izredni - VI\u0160JA STROKOVNA \u0160OLA","og_description":"1. leto - Telekomunikacije izredni","og_url":"https:\/\/www.scpet.si\/vss\/urniki\/telekomunikacije-izredni\/1-leto-telekomunikacije-izredni\/","og_site_name":"VI\u0160JA STROKOVNA \u0160OLA","article_modified_time":"2024-01-30T09:16:51+00:00","twitter_card":"summary_large_image","twitter_misc":{"Est. reading time":"1 minuta"},"schema":{"@context":"https:\/\/schema.org","@graph":[{"@type":"WebPage","@id":"https:\/\/www.scpet.si\/vss\/urniki\/telekomunikacije-izredni\/1-leto-telekomunikacije-izredni\/","url":"https:\/\/www.scpet.si\/vss\/urniki\/telekomunikacije-izredni\/1-leto-telekomunikacije-izredni\/","name":"1. leto - Telekomunikacije izredni - VI\u0160JA STROKOVNA \u0160OLA","isPartOf":{"@id":"\/#website"},"datePublished":"2019-12-13T09:05:45+00:00","dateModified":"2024-01-30T09:16:51+00:00","description":"1. leto - Telekomunikacije izredni","breadcrumb":{"@id":"https:\/\/www.scpet.si\/vss\/urniki\/telekomunikacije-izredni\/1-leto-telekomunikacije-izredni\/#breadcrumb"},"inLanguage":"sl-SI","potentialAction":[{"@type":"ReadAction","target":["https:\/\/www.scpet.si\/vss\/urniki\/telekomunikacije-izredni\/1-leto-telekomunikacije-izredni\/"]}]},{"@type":"BreadcrumbList","@id":"https:\/\/www.scpet.si\/vss\/urniki\/telekomunikacije-izredni\/1-leto-telekomunikacije-izredni\/#breadcrumb","itemListElement":[{"@type":"ListItem","position":1,"name":"Home","item":"https:\/\/www.scpet.si\/vss\/"},{"@type":"ListItem","position":2,"name":"Urniki","item":"https:\/\/www.scpet.si\/vss\/urniki\/"},{"@type":"ListItem","position":3,"name":"Telekomunikacije izredni","item":"https:\/\/www.scpet.si\/vss\/urniki\/telekomunikacije-izredni\/"},{"@type":"ListItem","position":4,"name":"1. leto &#8211; Telekomunikacije izredni"}]},{"@type":"WebSite","@id":"\/#website","url":"\/","name":"VI\u0160JA STROKOVNA \u0160OLA","description":"Just another \u0160C PET Sites site","potentialAction":[{"@type":"SearchAction","target":{"@type":"EntryPoint","urlTemplate":"\/?s={search_term_string}"},"query-input":"required name=search_term_string"}],"inLanguage":"sl-SI"}]}},"_links":{"self":[{"href":"https:\/\/www.scpet.si\/vss\/wp-json\/wp\/v2\/pages\/295"}],"collection":[{"href":"https:\/\/www.scpet.si\/vss\/wp-json\/wp\/v2\/pages"}],"about":[{"href":"https:\/\/www.scpet.si\/vss\/wp-json\/wp\/v2\/types\/page"}],"author":[{"embeddable":true,"href":"https:\/\/www.scpet.si\/vss\/wp-json\/wp\/v2\/users\/1"}],"replies":[{"embeddable":true,"href":"https:\/\/www.scpet.si\/vss\/wp-json\/wp\/v2\/comments?post=295"}],"version-history":[{"count":0,"href":"https:\/\/www.scpet.si\/vss\/wp-json\/wp\/v2\/pages\/295\/revisions"}],"up":[{"embeddable":true,"href":"https:\/\/www.scpet.si\/vss\/wp-json\/wp\/v2\/pages\/294"}],"wp:attachment":[{"href":"https:\/\/www.scpet.si\/vss\/wp-json\/wp\/v2\/media?parent=295"}],"curies":[{"name":"wp","href":"https:\/\/api.w.org\/{rel}","templated":true}]}}