{"id":338,"date":"2019-12-16T10:32:12","date_gmt":"2019-12-16T09:32:12","guid":{"rendered":"https:\/\/nova.scpet.si\/vss\/referat\/obvestila\/telekomunikacije-obvestila-copy\/"},"modified":"2022-10-05T11:31:15","modified_gmt":"2022-10-05T09:31:15","slug":"splosno-obvestila","status":"publish","type":"page","link":"https:\/\/www.scpet.si\/vss\/obvestila\/splosno-obvestila\/","title":{"rendered":"Splo\u0161no &#8211; Obvestila"},"content":{"rendered":"<div class=\"fusion-fullwidth fullwidth-box fusion-builder-row-1 nonhundred-percent-fullwidth non-hundred-percent-height-scrolling\" style=\"background-color: rgba(255,255,255,0);background-position: center center;background-repeat: no-repeat;padding-top:0px;padding-right:0px;padding-bottom:0px;margin-bottom: 0px;margin-top: 0px;border-width: 0px 0px 0px 0px;border-color:#eae9e9;border-style:solid;\" ><div class=\"fusion-builder-row fusion-row\"><div class=\"fusion-layout-column fusion_builder_column fusion-builder-column-0 fusion_builder_column_1_1 1_1 fusion-one-full fusion-column-first fusion-column-last\" style=\"margin-top:0px;margin-bottom:0px;\"><div class=\"fusion-column-wrapper fusion-flex-column-wrapper-legacy\" style=\"background-position:left top;background-repeat:no-repeat;-webkit-background-size:cover;-moz-background-size:cover;-o-background-size:cover;background-size:cover;padding: 0px 0px 0px 0px;\"><style type=\"text\/css\"><\/style><div class=\"fusion-title title fusion-title-1 fusion-sep-none fusion-title-text fusion-title-size-one\" style=\"margin-top:0px;margin-right:0px;margin-bottom:31px;margin-left:0px;\"><h1 class=\"title-heading-left\" style=\"margin:0;\">Splo\u0161no &#8211; Obvestila<\/h1><\/div><div id='scpet-notices-main' class='scpet-notices--section-wrapper clearfix'><div class='scpet-notices--custom notices__0'><a href='https:\/\/www.scpet.si\/vss\/obvestilo\/obvezna-strokovna-ekskurzija-za-ekonomiste-predstavitev-podjetja-petrol\/' class='notices-img' style='background-image: url()' title='Obvezna strokovna ekskurzija za ekonomiste \u2013 predstavitev podjetja Petrol'><\/a><div class='title-date-link'><a href='https:\/\/www.scpet.si\/vss\/obvestilo\/obvezna-strokovna-ekskurzija-za-ekonomiste-predstavitev-podjetja-petrol\/' class='notices-title color__'>Obvezna strokovna ekskurzija za ekonomiste \u2013 predstavitev podjetja Petrol<\/a><span class='notices-date'>Thu, 01.January.1970<\/span><a href='https:\/\/www.scpet.si\/vss\/obvestilo\/obvezna-strokovna-ekskurzija-za-ekonomiste-predstavitev-podjetja-petrol\/' class='notices-read-more color__'>Preberi ve\u010d ><\/a><\/div><\/div><div class='scpet-notices--custom notices__1'><a href='https:\/\/www.scpet.si\/vss\/obvestilo\/denarna-pomoc-za-nakup-racunalnika\/' class='notices-img' style='background-image: url()' title='DENARNA pomo\u010d za nakup ra\u010dunalnika'><\/a><div class='title-date-link'><a href='https:\/\/www.scpet.si\/vss\/obvestilo\/denarna-pomoc-za-nakup-racunalnika\/' class='notices-title color__'>DENARNA pomo\u010d za nakup ra\u010dunalnika<\/a><span class='notices-date'>Thu, 01.January.1970<\/span><a href='https:\/\/www.scpet.si\/vss\/obvestilo\/denarna-pomoc-za-nakup-racunalnika\/' class='notices-read-more color__'>Preberi ve\u010d ><\/a><\/div><\/div><div class='scpet-notices--custom notices__2'><a href='https:\/\/www.scpet.si\/vss\/obvestilo\/selitev-vss-sc-pet-1-7-2025\/' class='notices-img' style='background-image: url()' title='Selitev VS\u0160 \u0160C PET 1. 7. 2025'><\/a><div class='title-date-link'><a href='https:\/\/www.scpet.si\/vss\/obvestilo\/selitev-vss-sc-pet-1-7-2025\/' class='notices-title color__'>Selitev VS\u0160 \u0160C PET 1. 7. 2025<\/a><span class='notices-date'>Thu, 01.January.1970<\/span><a href='https:\/\/www.scpet.si\/vss\/obvestilo\/selitev-vss-sc-pet-1-7-2025\/' class='notices-read-more color__'>Preberi ve\u010d ><\/a><\/div><\/div><div class='scpet-notices--custom notices__3'><a href='https:\/\/www.scpet.si\/vss\/obvestilo\/razpis-kadrovskih-stipendij-gvo-d-o-o-copy\/' class='notices-img' style='background-image: url()' title='Razpis kadrovskih \u0161tipendij GVO, d.o.o. Copy'><\/a><div class='title-date-link'><a href='https:\/\/www.scpet.si\/vss\/obvestilo\/razpis-kadrovskih-stipendij-gvo-d-o-o-copy\/' class='notices-title color__'>Razpis kadrovskih \u0161tipendij GVO, d.o.o. Copy<\/a><span class='notices-date'>Thu, 01.January.1970<\/span><a href='https:\/\/www.scpet.si\/vss\/obvestilo\/razpis-kadrovskih-stipendij-gvo-d-o-o-copy\/' class='notices-read-more color__'>Preberi ve\u010d ><\/a><\/div><\/div><div class='scpet-notices--custom notices__4'><a href='https:\/\/www.scpet.si\/vss\/obvestilo\/razpis-kadrovskih-stipendij-gvo-d-o-o\/' class='notices-img' style='background-image: url()' title='Razpis kadrovskih \u0161tipendij GVO, d.o.o.'><\/a><div class='title-date-link'><a href='https:\/\/www.scpet.si\/vss\/obvestilo\/razpis-kadrovskih-stipendij-gvo-d-o-o\/' class='notices-title color__'>Razpis kadrovskih \u0161tipendij GVO, d.o.o.<\/a><span class='notices-date'>Thu, 01.January.1970<\/span><a href='https:\/\/www.scpet.si\/vss\/obvestilo\/razpis-kadrovskih-stipendij-gvo-d-o-o\/' class='notices-read-more color__'>Preberi ve\u010d ><\/a><\/div><\/div><div class='scpet-notices--custom notices__5'><a href='https:\/\/www.scpet.si\/vss\/obvestilo\/referat-24-6-2024\/' class='notices-img' style='background-image: url()' title='REFERAT 24. 6. 2024'><\/a><div class='title-date-link'><a href='https:\/\/www.scpet.si\/vss\/obvestilo\/referat-24-6-2024\/' class='notices-title color__'>REFERAT 24. 6. 2024<\/a><span class='notices-date'>Thu, 01.January.1970<\/span><a href='https:\/\/www.scpet.si\/vss\/obvestilo\/referat-24-6-2024\/' class='notices-read-more color__'>Preberi ve\u010d ><\/a><\/div><\/div><\/div><div class=\"fusion-clearfix\"><\/div><\/div><\/div><\/div><\/div>\n","protected":false},"excerpt":{"rendered":"","protected":false},"author":1,"featured_media":0,"parent":170,"menu_order":0,"comment_status":"closed","ping_status":"closed","template":"100-width.php","meta":{"xn-wppe-expiration":[],"xn-wppe-expiration-action":[],"xn-wppe-expiration-prefix":[],"_mi_skip_tracking":false,"_exactmetrics_sitenote_active":false,"_exactmetrics_sitenote_note":"","_exactmetrics_sitenote_category":0},"yoast_head":"<!-- This site is optimized with the Yoast SEO plugin v20.8 - https:\/\/yoast.com\/wordpress\/plugins\/seo\/ -->\n<title>Splo\u0161no - Obvestila - VI\u0160JA STROKOVNA \u0160OLA<\/title>\n<meta name=\"description\" content=\"Splo\u0161no - Obvestila\" \/>\n<meta name=\"robots\" content=\"index, follow, max-snippet:-1, max-image-preview:large, max-video-preview:-1\" \/>\n<link rel=\"canonical\" href=\"https:\/\/www.scpet.si\/vss\/obvestila\/splosno-obvestila\/\" \/>\n<meta property=\"og:locale\" content=\"sl_SI\" \/>\n<meta property=\"og:type\" content=\"article\" \/>\n<meta property=\"og:title\" content=\"Splo\u0161no - Obvestila - VI\u0160JA STROKOVNA \u0160OLA\" \/>\n<meta property=\"og:description\" content=\"Splo\u0161no - Obvestila\" \/>\n<meta property=\"og:url\" content=\"https:\/\/www.scpet.si\/vss\/obvestila\/splosno-obvestila\/\" \/>\n<meta property=\"og:site_name\" content=\"VI\u0160JA STROKOVNA \u0160OLA\" \/>\n<meta property=\"article:modified_time\" content=\"2022-10-05T09:31:15+00:00\" \/>\n<meta name=\"twitter:card\" content=\"summary_large_image\" \/>\n<meta name=\"twitter:label1\" content=\"Est. reading time\" \/>\n\t<meta name=\"twitter:data1\" content=\"2 minuti\" \/>\n<script type=\"application\/ld+json\" class=\"yoast-schema-graph\">{\"@context\":\"https:\/\/schema.org\",\"@graph\":[{\"@type\":\"WebPage\",\"@id\":\"https:\/\/www.scpet.si\/vss\/obvestila\/splosno-obvestila\/\",\"url\":\"https:\/\/www.scpet.si\/vss\/obvestila\/splosno-obvestila\/\",\"name\":\"Splo\u0161no - Obvestila - VI\u0160JA STROKOVNA \u0160OLA\",\"isPartOf\":{\"@id\":\"\/#website\"},\"datePublished\":\"2019-12-16T09:32:12+00:00\",\"dateModified\":\"2022-10-05T09:31:15+00:00\",\"description\":\"Splo\u0161no - Obvestila\",\"breadcrumb\":{\"@id\":\"https:\/\/www.scpet.si\/vss\/obvestila\/splosno-obvestila\/#breadcrumb\"},\"inLanguage\":\"sl-SI\",\"potentialAction\":[{\"@type\":\"ReadAction\",\"target\":[\"https:\/\/www.scpet.si\/vss\/obvestila\/splosno-obvestila\/\"]}]},{\"@type\":\"BreadcrumbList\",\"@id\":\"https:\/\/www.scpet.si\/vss\/obvestila\/splosno-obvestila\/#breadcrumb\",\"itemListElement\":[{\"@type\":\"ListItem\",\"position\":1,\"name\":\"Home\",\"item\":\"https:\/\/www.scpet.si\/vss\/\"},{\"@type\":\"ListItem\",\"position\":2,\"name\":\"Obvestila\",\"item\":\"https:\/\/www.scpet.si\/vss\/obvestila\/\"},{\"@type\":\"ListItem\",\"position\":3,\"name\":\"Splo\u0161no &#8211; Obvestila\"}]},{\"@type\":\"WebSite\",\"@id\":\"\/#website\",\"url\":\"\/\",\"name\":\"VI\u0160JA STROKOVNA \u0160OLA\",\"description\":\"Just another \u0160C PET Sites site\",\"potentialAction\":[{\"@type\":\"SearchAction\",\"target\":{\"@type\":\"EntryPoint\",\"urlTemplate\":\"\/?s={search_term_string}\"},\"query-input\":\"required name=search_term_string\"}],\"inLanguage\":\"sl-SI\"}]}<\/script>\n<!-- \/ Yoast SEO plugin. -->","yoast_head_json":{"title":"Splo\u0161no - Obvestila - VI\u0160JA STROKOVNA \u0160OLA","description":"Splo\u0161no - Obvestila","robots":{"index":"index","follow":"follow","max-snippet":"max-snippet:-1","max-image-preview":"max-image-preview:large","max-video-preview":"max-video-preview:-1"},"canonical":"https:\/\/www.scpet.si\/vss\/obvestila\/splosno-obvestila\/","og_locale":"sl_SI","og_type":"article","og_title":"Splo\u0161no - Obvestila - VI\u0160JA STROKOVNA \u0160OLA","og_description":"Splo\u0161no - Obvestila","og_url":"https:\/\/www.scpet.si\/vss\/obvestila\/splosno-obvestila\/","og_site_name":"VI\u0160JA STROKOVNA \u0160OLA","article_modified_time":"2022-10-05T09:31:15+00:00","twitter_card":"summary_large_image","twitter_misc":{"Est. reading time":"2 minuti"},"schema":{"@context":"https:\/\/schema.org","@graph":[{"@type":"WebPage","@id":"https:\/\/www.scpet.si\/vss\/obvestila\/splosno-obvestila\/","url":"https:\/\/www.scpet.si\/vss\/obvestila\/splosno-obvestila\/","name":"Splo\u0161no - Obvestila - VI\u0160JA STROKOVNA \u0160OLA","isPartOf":{"@id":"\/#website"},"datePublished":"2019-12-16T09:32:12+00:00","dateModified":"2022-10-05T09:31:15+00:00","description":"Splo\u0161no - Obvestila","breadcrumb":{"@id":"https:\/\/www.scpet.si\/vss\/obvestila\/splosno-obvestila\/#breadcrumb"},"inLanguage":"sl-SI","potentialAction":[{"@type":"ReadAction","target":["https:\/\/www.scpet.si\/vss\/obvestila\/splosno-obvestila\/"]}]},{"@type":"BreadcrumbList","@id":"https:\/\/www.scpet.si\/vss\/obvestila\/splosno-obvestila\/#breadcrumb","itemListElement":[{"@type":"ListItem","position":1,"name":"Home","item":"https:\/\/www.scpet.si\/vss\/"},{"@type":"ListItem","position":2,"name":"Obvestila","item":"https:\/\/www.scpet.si\/vss\/obvestila\/"},{"@type":"ListItem","position":3,"name":"Splo\u0161no &#8211; Obvestila"}]},{"@type":"WebSite","@id":"\/#website","url":"\/","name":"VI\u0160JA STROKOVNA \u0160OLA","description":"Just another \u0160C PET Sites site","potentialAction":[{"@type":"SearchAction","target":{"@type":"EntryPoint","urlTemplate":"\/?s={search_term_string}"},"query-input":"required name=search_term_string"}],"inLanguage":"sl-SI"}]}},"_links":{"self":[{"href":"https:\/\/www.scpet.si\/vss\/wp-json\/wp\/v2\/pages\/338"}],"collection":[{"href":"https:\/\/www.scpet.si\/vss\/wp-json\/wp\/v2\/pages"}],"about":[{"href":"https:\/\/www.scpet.si\/vss\/wp-json\/wp\/v2\/types\/page"}],"author":[{"embeddable":true,"href":"https:\/\/www.scpet.si\/vss\/wp-json\/wp\/v2\/users\/1"}],"replies":[{"embeddable":true,"href":"https:\/\/www.scpet.si\/vss\/wp-json\/wp\/v2\/comments?post=338"}],"version-history":[{"count":0,"href":"https:\/\/www.scpet.si\/vss\/wp-json\/wp\/v2\/pages\/338\/revisions"}],"up":[{"embeddable":true,"href":"https:\/\/www.scpet.si\/vss\/wp-json\/wp\/v2\/pages\/170"}],"wp:attachment":[{"href":"https:\/\/www.scpet.si\/vss\/wp-json\/wp\/v2\/media?parent=338"}],"curies":[{"name":"wp","href":"https:\/\/api.w.org\/{rel}","templated":true}]}}