{"id":508,"date":"2021-05-31T16:32:39","date_gmt":"2021-05-31T14:32:39","guid":{"rendered":"https:\/\/www.scpet.si\/vss\/referat-copy\/"},"modified":"2022-09-23T09:43:51","modified_gmt":"2022-09-23T07:43:51","slug":"podporne-sluzbe-vss","status":"publish","type":"page","link":"https:\/\/www.scpet.si\/vss\/kontakti\/podporne-sluzbe-vss\/","title":{"rendered":"Podporne slu\u017ebe VS\u0160"},"content":{"rendered":"<div class=\"fusion-fullwidth fullwidth-box fusion-builder-row-1 nonhundred-percent-fullwidth non-hundred-percent-height-scrolling\" style=\"background-color: rgba(255,255,255,0);background-position: center center;background-repeat: no-repeat;padding-top:0px;padding-right:0px;padding-bottom:0px;margin-bottom: 0px;margin-top: 0px;border-width: 0px 0px 0px 0px;border-color:#eae9e9;border-style:solid;\" ><div class=\"fusion-builder-row fusion-row\"><div class=\"fusion-layout-column fusion_builder_column fusion-builder-column-0 fusion_builder_column_1_1 1_1 fusion-one-full fusion-column-first fusion-column-last\" style=\"margin-top:0px;margin-bottom:0px;\"><div class=\"fusion-column-wrapper fusion-flex-column-wrapper-legacy\" style=\"background-position:left top;background-repeat:no-repeat;-webkit-background-size:cover;-moz-background-size:cover;-o-background-size:cover;background-size:cover;padding: 0px 0px 0px 0px;\"><style type=\"text\/css\"><\/style><div class=\"fusion-title title fusion-title-1 fusion-sep-none fusion-title-text fusion-title-size-one\" style=\"margin-top:0px;margin-right:0px;margin-bottom:31px;margin-left:0px;\"><h1 class=\"title-heading-left\" style=\"margin:0;\">Podporne slu\u017ebe VS\u0160<\/h1><\/div>\n<div class=\"table-1\">\n<table width=\"100%\">\n<tbody>\n<tr>\n<td align=\"left\">Ra\u010dunovodja<\/td>\n<td align=\"left\">Bogdan Jesenko<\/td>\n<td align=\"left\">(01) 234 24 52<\/td>\n<td align=\"left\"><a href=\"mailto:Bogdan.jesenko@scpet.si\">Bogdan.jesenko@scpet.si<\/a><\/td>\n<\/tr>\n<tr>\n<td align=\"left\">Knjigovodkinja<\/td>\n<td align=\"left\">Petra Gole<\/td>\n<td align=\"left\">(01) 234 24 34<\/td>\n<td align=\"left\"><a href=\"mailto:Petra.gole@scpet.si\">Petra.gole@scpet.si<\/a><\/td>\n<\/tr>\n<tr>\n<td align=\"left\">INFOkab &#8211; Vzdr\u017eevalec ra\u010dunalni\u0161ke opreme<\/td>\n<td align=\"left\">Janez Avsec<\/td>\n<td align=\"left\">(01) 234 24 64<\/td>\n<td align=\"left\"><a href=\"mailto:Janez.avsec@scpet.si\">Janez.avsec@scpet.si<\/a><\/td>\n<\/tr>\n<tr>\n<td align=\"left\">INFOkab &#8211; Vzdr\u017eevalec u\u010dne tehnologije<\/td>\n<td align=\"left\">Jan Zavr\u0161an<\/td>\n<td align=\"left\">(01) 234 24 65<\/td>\n<td align=\"left\"><a href=\"mailto:jan.zavrsan@scpet.si\">jan.zavrsan@scpet.si<\/a><\/td>\n<\/tr>\n<tr>\n<td align=\"left\">Razmno\u017eevanje gradiv (na \u0160C PET, 8.00-15.00)<\/td>\n<td align=\"left\">COPIPLUS d. o. o.<\/td>\n<td align=\"left\">(040) 814 995<\/td>\n<td align=\"left\"><a href=\"mailto:info@copiplus.si\">info@copiplus.si<\/a><\/td>\n<\/tr>\n<\/tbody>\n<\/table>\n<\/div>\n<div class=\"fusion-sep-clear\"><\/div><div class=\"fusion-separator fusion-full-width-sep\" style=\"margin-left: auto;margin-right: auto;margin-top:20px;width:100%;\"><\/div><div class=\"fusion-sep-clear\"><\/div><div class=\"fusion-clearfix\"><\/div><\/div><\/div><div class=\"fusion-layout-column fusion_builder_column fusion-builder-column-1 fusion_builder_column_1_2 1_2 fusion-one-half fusion-column-first\" style=\"width:50%;width:calc(50% - ( ( 4% ) * 0.5 ) );margin-right: 4%;margin-top:0px;margin-bottom:0px;\"><div class=\"fusion-column-wrapper fusion-flex-column-wrapper-legacy\" style=\"background-position:left top;background-repeat:no-repeat;-webkit-background-size:cover;-moz-background-size:cover;-o-background-size:cover;background-size:cover;padding: 0px 0px 0px 0px;\"><div class=\"fusion-text fusion-text-1\"><p><strong>RA\u010cUNOVODSTVO, pomembni podatki<\/strong><\/p>\n<\/div>\n<div class=\"table-1\">\n<table width=\"100%\">\n<tbody>\n<tr>\n<td align=\"left\">Mati\u010dna \u0161tevilka \u0160C PET<\/td>\n<td align=\"left\">5083435<\/td>\n<\/tr>\n<tr>\n<td align=\"left\">Dav\u010dna \u0161tevilka \u0160C PET<\/td>\n<td align=\"left\">76893375<\/td>\n<\/tr>\n<tr>\n<td align=\"left\">Podra\u010dun pri UJP Ljubljana<\/td>\n<td align=\"left\">01100-6030700426<br \/>\nswift: BSLJSI2X<\/td>\n<\/tr>\n<\/tbody>\n<\/table>\n<\/div>\n<div class=\"fusion-clearfix\"><\/div><\/div><\/div><div class=\"fusion-layout-column fusion_builder_column fusion-builder-column-2 fusion_builder_column_1_2 1_2 fusion-one-half fusion-column-last\" style=\"width:50%;width:calc(50% - ( ( 4% ) * 0.5 ) );margin-top:0px;margin-bottom:0px;\"><div class=\"fusion-column-wrapper fusion-flex-column-wrapper-legacy\" style=\"background-position:left top;background-repeat:no-repeat;-webkit-background-size:cover;-moz-background-size:cover;-o-background-size:cover;background-size:cover;padding: 0px 0px 0px 0px;\"><div class=\"fusion-clearfix\"><\/div><\/div><\/div><div class=\"fusion-layout-column fusion_builder_column fusion-builder-column-3 fusion_builder_column_1_1 1_1 fusion-one-full fusion-column-first fusion-column-last\" style=\"margin-top:0px;margin-bottom:0px;\"><div class=\"fusion-column-wrapper fusion-flex-column-wrapper-legacy\" style=\"background-position:left top;background-repeat:no-repeat;-webkit-background-size:cover;-moz-background-size:cover;-o-background-size:cover;background-size:cover;padding: 0px 0px 0px 0px;\"><div class=\"fusion-sep-clear\"><\/div><div class=\"fusion-separator fusion-full-width-sep\" style=\"margin-left: auto;margin-right: auto;margin-top:20px;width:100%;\"><\/div><div class=\"fusion-sep-clear\"><\/div><div class=\"fusion-clearfix\"><\/div><\/div><\/div><div class=\"fusion-layout-column fusion_builder_column fusion-builder-column-4 fusion_builder_column_1_1 1_1 fusion-one-full fusion-column-first fusion-column-last\" style=\"margin-top:0px;margin-bottom:0px;\"><div class=\"fusion-column-wrapper fusion-flex-column-wrapper-legacy\" style=\"background-position:left top;background-repeat:no-repeat;-webkit-background-size:cover;-moz-background-size:cover;-o-background-size:cover;background-size:cover;padding: 0px 0px 0px 0px;\"><div class=\"fusion-sep-clear\"><\/div><div class=\"fusion-separator fusion-full-width-sep\" style=\"margin-left: auto;margin-right: auto;margin-top:20px;width:100%;\"><\/div><div class=\"fusion-sep-clear\"><\/div><div class=\"fusion-text fusion-text-2\"><p><b>Eduroam.si<\/b><\/p>\n<p>Eduroam je sistem mednarodnega gostovanja na brez\u017ei\u010dnih omre\u017ejih, ki so vzpostavljena na izobra\u017eevalnih in raziskovalnih ustanovah v Sloveniji ter tujini. Sistem gostovanja je zasnovan na enotnih tehni\u010dnih merilih, ki jih oblikujeta ARNES in TERENA. Slovenskim uporabnikom iz izobra\u017eevalne in raziskovalne sfere omogo\u010da dostop do brez\u017ei\u010dnih omre\u017eij na mati\u010dnih ustanovah in gostovanje na doma\u010dih in tujih ustanovah, ki so pridru\u017eene sistemu Eduroam in Eduroam.si<\/p>\n<p>Uporabniki lahko gostujejo na ve\u010d kot 60 organizacijah v Sloveniji (<a href=\"https:\/\/www.eduroam.si\/\" target=\"_blank\" rel=\"noopener\"><u>www.eduroam.si\/<\/u><\/a>). V federacijo so vklju\u010dene ustanove v vseh dr\u017eavah EU, Islandiji, Hrva\u0161ki, Tur\u010diji ter Avstraliji in nekaterih dr\u017eavah v Aziji (<a href=\"https:\/\/www.eduroam.org\/\" target=\"_blank\" rel=\"noopener\"><u>www.eduroam.org\/<\/u><\/a>).<\/p>\n<\/div><div class=\"fusion-sep-clear\"><\/div><div class=\"fusion-separator fusion-full-width-sep\" style=\"margin-left: auto;margin-right: auto;margin-top:20px;width:100%;\"><\/div><div class=\"fusion-sep-clear\"><\/div><div class=\"fusion-text fusion-text-3\"><p><i><b>Navodila za uporabnike:<\/b><\/i><br \/>\n<i>Za uspe\u0161no prijavo v omre\u017eje Eduroam potrebujete veljavno uporabni\u0161ko ime in geslo (Janez Avsec).<\/i><br \/>\nV omre\u017eje Eduroam se lahko pove\u017eete z razli\u010dnimi napravami in sicer:<\/p>\n<ul>\n<li>prenosnim ra\u010dunalnikom,<\/li>\n<li>dlan\u010dnikom,<\/li>\n<li>drugo bre\u017ei\u010dno napravo, ki podpira zahtevane standarde,<\/li>\n<li><a href=\"https:\/\/www.arnes.si\/pomoc-uporabnikom\/eduroam\/kaj-potrebujemo-za-povezavo.html\" target=\"_blank\" rel=\"noopener\"><u>ve\u010d \u2013 Pomo\u010d uporabnikom<\/u><\/a>.<\/li>\n<\/ul>\n<\/div><div class=\"fusion-clearfix\"><\/div><\/div><\/div><\/div><\/div>\n","protected":false},"excerpt":{"rendered":"","protected":false},"author":1,"featured_media":0,"parent":462,"menu_order":0,"comment_status":"closed","ping_status":"closed","template":"100-width.php","meta":{"xn-wppe-expiration":[],"xn-wppe-expiration-action":[],"xn-wppe-expiration-prefix":[],"_mi_skip_tracking":false,"_exactmetrics_sitenote_active":false,"_exactmetrics_sitenote_note":"","_exactmetrics_sitenote_category":0},"yoast_head":"<!-- This site is optimized with the Yoast SEO plugin v20.8 - https:\/\/yoast.com\/wordpress\/plugins\/seo\/ -->\n<title>Podporne slu\u017ebe VS\u0160 - VI\u0160JA STROKOVNA \u0160OLA<\/title>\n<meta name=\"description\" content=\"Podporne slu\u017ebe VS\u0160 - kontakt - Vi\u0161ja strokovna \u0161ola - \u0160olski center za po\u0161to, ekonomijo in telekomunikacije Ljubljana.\" \/>\n<meta name=\"robots\" content=\"index, follow, max-snippet:-1, max-image-preview:large, max-video-preview:-1\" \/>\n<link rel=\"canonical\" href=\"https:\/\/www.scpet.si\/vss\/kontakti\/podporne-sluzbe-vss\/\" \/>\n<meta property=\"og:locale\" content=\"sl_SI\" \/>\n<meta property=\"og:type\" content=\"article\" \/>\n<meta property=\"og:title\" content=\"Podporne slu\u017ebe VS\u0160 - VI\u0160JA STROKOVNA \u0160OLA\" \/>\n<meta property=\"og:description\" content=\"Podporne slu\u017ebe VS\u0160 - kontakt - Vi\u0161ja strokovna \u0161ola - \u0160olski center za po\u0161to, ekonomijo in telekomunikacije Ljubljana.\" \/>\n<meta property=\"og:url\" content=\"https:\/\/www.scpet.si\/vss\/kontakti\/podporne-sluzbe-vss\/\" \/>\n<meta property=\"og:site_name\" content=\"VI\u0160JA STROKOVNA \u0160OLA\" \/>\n<meta property=\"article:modified_time\" content=\"2022-09-23T07:43:51+00:00\" \/>\n<meta name=\"twitter:card\" content=\"summary_large_image\" \/>\n<meta name=\"twitter:label1\" content=\"Est. reading time\" \/>\n\t<meta name=\"twitter:data1\" content=\"2 minuti\" \/>\n<script type=\"application\/ld+json\" class=\"yoast-schema-graph\">{\"@context\":\"https:\/\/schema.org\",\"@graph\":[{\"@type\":\"WebPage\",\"@id\":\"https:\/\/www.scpet.si\/vss\/kontakti\/podporne-sluzbe-vss\/\",\"url\":\"https:\/\/www.scpet.si\/vss\/kontakti\/podporne-sluzbe-vss\/\",\"name\":\"Podporne slu\u017ebe VS\u0160 - VI\u0160JA STROKOVNA \u0160OLA\",\"isPartOf\":{\"@id\":\"\/#website\"},\"datePublished\":\"2021-05-31T14:32:39+00:00\",\"dateModified\":\"2022-09-23T07:43:51+00:00\",\"description\":\"Podporne slu\u017ebe VS\u0160 - kontakt - Vi\u0161ja strokovna \u0161ola - \u0160olski center za po\u0161to, ekonomijo in telekomunikacije Ljubljana.\",\"breadcrumb\":{\"@id\":\"https:\/\/www.scpet.si\/vss\/kontakti\/podporne-sluzbe-vss\/#breadcrumb\"},\"inLanguage\":\"sl-SI\",\"potentialAction\":[{\"@type\":\"ReadAction\",\"target\":[\"https:\/\/www.scpet.si\/vss\/kontakti\/podporne-sluzbe-vss\/\"]}]},{\"@type\":\"BreadcrumbList\",\"@id\":\"https:\/\/www.scpet.si\/vss\/kontakti\/podporne-sluzbe-vss\/#breadcrumb\",\"itemListElement\":[{\"@type\":\"ListItem\",\"position\":1,\"name\":\"Home\",\"item\":\"https:\/\/www.scpet.si\/vss\/\"},{\"@type\":\"ListItem\",\"position\":2,\"name\":\"Kontakti\",\"item\":\"https:\/\/www.scpet.si\/vss\/kontakti\/\"},{\"@type\":\"ListItem\",\"position\":3,\"name\":\"Podporne slu\u017ebe VS\u0160\"}]},{\"@type\":\"WebSite\",\"@id\":\"\/#website\",\"url\":\"\/\",\"name\":\"VI\u0160JA STROKOVNA \u0160OLA\",\"description\":\"Just another \u0160C PET Sites site\",\"potentialAction\":[{\"@type\":\"SearchAction\",\"target\":{\"@type\":\"EntryPoint\",\"urlTemplate\":\"\/?s={search_term_string}\"},\"query-input\":\"required name=search_term_string\"}],\"inLanguage\":\"sl-SI\"}]}<\/script>\n<!-- \/ Yoast SEO plugin. -->","yoast_head_json":{"title":"Podporne slu\u017ebe VS\u0160 - VI\u0160JA STROKOVNA \u0160OLA","description":"Podporne slu\u017ebe VS\u0160 - kontakt - Vi\u0161ja strokovna \u0161ola - \u0160olski center za po\u0161to, ekonomijo in telekomunikacije Ljubljana.","robots":{"index":"index","follow":"follow","max-snippet":"max-snippet:-1","max-image-preview":"max-image-preview:large","max-video-preview":"max-video-preview:-1"},"canonical":"https:\/\/www.scpet.si\/vss\/kontakti\/podporne-sluzbe-vss\/","og_locale":"sl_SI","og_type":"article","og_title":"Podporne slu\u017ebe VS\u0160 - VI\u0160JA STROKOVNA \u0160OLA","og_description":"Podporne slu\u017ebe VS\u0160 - kontakt - Vi\u0161ja strokovna \u0161ola - \u0160olski center za po\u0161to, ekonomijo in telekomunikacije Ljubljana.","og_url":"https:\/\/www.scpet.si\/vss\/kontakti\/podporne-sluzbe-vss\/","og_site_name":"VI\u0160JA STROKOVNA \u0160OLA","article_modified_time":"2022-09-23T07:43:51+00:00","twitter_card":"summary_large_image","twitter_misc":{"Est. reading time":"2 minuti"},"schema":{"@context":"https:\/\/schema.org","@graph":[{"@type":"WebPage","@id":"https:\/\/www.scpet.si\/vss\/kontakti\/podporne-sluzbe-vss\/","url":"https:\/\/www.scpet.si\/vss\/kontakti\/podporne-sluzbe-vss\/","name":"Podporne slu\u017ebe VS\u0160 - VI\u0160JA STROKOVNA \u0160OLA","isPartOf":{"@id":"\/#website"},"datePublished":"2021-05-31T14:32:39+00:00","dateModified":"2022-09-23T07:43:51+00:00","description":"Podporne slu\u017ebe VS\u0160 - kontakt - Vi\u0161ja strokovna \u0161ola - \u0160olski center za po\u0161to, ekonomijo in telekomunikacije Ljubljana.","breadcrumb":{"@id":"https:\/\/www.scpet.si\/vss\/kontakti\/podporne-sluzbe-vss\/#breadcrumb"},"inLanguage":"sl-SI","potentialAction":[{"@type":"ReadAction","target":["https:\/\/www.scpet.si\/vss\/kontakti\/podporne-sluzbe-vss\/"]}]},{"@type":"BreadcrumbList","@id":"https:\/\/www.scpet.si\/vss\/kontakti\/podporne-sluzbe-vss\/#breadcrumb","itemListElement":[{"@type":"ListItem","position":1,"name":"Home","item":"https:\/\/www.scpet.si\/vss\/"},{"@type":"ListItem","position":2,"name":"Kontakti","item":"https:\/\/www.scpet.si\/vss\/kontakti\/"},{"@type":"ListItem","position":3,"name":"Podporne slu\u017ebe VS\u0160"}]},{"@type":"WebSite","@id":"\/#website","url":"\/","name":"VI\u0160JA STROKOVNA \u0160OLA","description":"Just another \u0160C PET Sites site","potentialAction":[{"@type":"SearchAction","target":{"@type":"EntryPoint","urlTemplate":"\/?s={search_term_string}"},"query-input":"required name=search_term_string"}],"inLanguage":"sl-SI"}]}},"_links":{"self":[{"href":"https:\/\/www.scpet.si\/vss\/wp-json\/wp\/v2\/pages\/508"}],"collection":[{"href":"https:\/\/www.scpet.si\/vss\/wp-json\/wp\/v2\/pages"}],"about":[{"href":"https:\/\/www.scpet.si\/vss\/wp-json\/wp\/v2\/types\/page"}],"author":[{"embeddable":true,"href":"https:\/\/www.scpet.si\/vss\/wp-json\/wp\/v2\/users\/1"}],"replies":[{"embeddable":true,"href":"https:\/\/www.scpet.si\/vss\/wp-json\/wp\/v2\/comments?post=508"}],"version-history":[{"count":0,"href":"https:\/\/www.scpet.si\/vss\/wp-json\/wp\/v2\/pages\/508\/revisions"}],"up":[{"embeddable":true,"href":"https:\/\/www.scpet.si\/vss\/wp-json\/wp\/v2\/pages\/462"}],"wp:attachment":[{"href":"https:\/\/www.scpet.si\/vss\/wp-json\/wp\/v2\/media?parent=508"}],"curies":[{"name":"wp","href":"https:\/\/api.w.org\/{rel}","templated":true}]}}