{"id":564,"date":"2021-06-01T12:09:01","date_gmt":"2021-06-01T10:09:01","guid":{"rendered":"https:\/\/www.scpet.si\/vss\/studij\/gradivo\/tko-1-anzic-copy\/"},"modified":"2024-01-24T08:30:12","modified_gmt":"2024-01-24T07:30:12","slug":"primeri-pisnih-izpitov-in-nabor-moznih-izpitnih-vprasanj","status":"publish","type":"page","link":"https:\/\/www.scpet.si\/vss\/studij\/knjiznica\/studijska-gradiva-in-iskanje-cobiss\/primeri-pisnih-izpitov-in-nabor-moznih-izpitnih-vprasanj\/","title":{"rendered":"Primeri pisnih izpitov in nabor mo\u017enih izpitnih vpra\u0161anj"},"content":{"rendered":"<div class=\"fusion-fullwidth fullwidth-box fusion-builder-row-1 nonhundred-percent-fullwidth non-hundred-percent-height-scrolling\" style=\"background-color: rgba(255,255,255,0);background-position: center center;background-repeat: no-repeat;padding-top:0px;padding-right:0px;padding-bottom:0px;margin-bottom: 0px;margin-top: 0px;border-width: 0px 0px 0px 0px;border-color:#eae9e9;border-style:solid;\" ><div class=\"fusion-builder-row fusion-row\"><div class=\"fusion-layout-column fusion_builder_column fusion-builder-column-0 fusion_builder_column_1_1 1_1 fusion-one-full fusion-column-first fusion-column-last\" style=\"margin-top:0px;margin-bottom:0px;\"><div class=\"fusion-column-wrapper fusion-flex-column-wrapper-legacy\" style=\"background-position:left top;background-repeat:no-repeat;-webkit-background-size:cover;-moz-background-size:cover;-o-background-size:cover;background-size:cover;padding: 0px 0px 0px 0px;\"><style type=\"text\/css\"><\/style><div class=\"fusion-title title fusion-title-1 fusion-sep-none fusion-title-text fusion-title-size-one\" style=\"margin-top:0px;margin-right:0px;margin-bottom:31px;margin-left:0px;\"><h1 class=\"title-heading-left\" style=\"margin:0;\">Primeri pisnih izpitov in nabor mo\u017enih izpitnih vpra\u0161anj<\/h1><\/div><div class=\"fusion-text fusion-text-1\"><p><strong>PRIMERI PISNIH IZPITOV IN NABOR MO\u017dNIH IZPITNIH VPRA\u0160ANJ &#8211; TELEKOMUNIKACIJE<br \/>\n<\/strong><br \/>\n<a title=\"Izpitna_vpra__anja_iz_AVS_2_delni_izpit__Bukovec\" href=\"https:\/\/www.scpet.si\/vss\/wp-content\/uploads\/sites\/3\/2021\/06\/Izpitna_vpra__anja_iz_AVS_2_delni_izpit__Bukovec.pdf\">AVS, Bukovec (del vpra\u0161anj za izpitni rok), 19\/20<\/a><br \/>\n<a title=\"VPRASANJA__AVS__1._del___14_15\" href=\"https:\/\/www.scpet.si\/vss\/wp-content\/uploads\/sites\/3\/2021\/06\/VPRASANJA__AVS__1._del___14_15.pdf\">AVS, Pavlin\/\u017deljko (vpra\u0161anja za 1. del izpita, 14-15)<\/a><br \/>\n<a title=\"VPRASANJA__AVS__2._del___14_15\" href=\"https:\/\/www.scpet.si\/vss\/wp-content\/uploads\/sites\/3\/2021\/06\/VPRASANJA__AVS__2._del___14_15.pdf\">AVS, Pavlin\/\u017deljko\/Bukovec (vpra\u0161anja za 2. del izpita, 14-15)<\/a><br \/>\n<a title=\"vprasanja_MMT__Pavlin__2.delni__13_14\" href=\"https:\/\/www.scpet.si\/vss\/wp-content\/uploads\/sites\/3\/2021\/06\/vprasanja_MMT__Pavlin__2.delni__13_14.pdf\">MMT, Pavlin (vpra\u0161anja za 2. delni izpit, 13\/14)<\/a><a title=\"VPRASANJA__EKS__Pavlin__2014_15\" href=\"https:\/\/vss.scpet.si\/vss\/xinha\/plugins\/ExtendedFileManager\/demo_images\/egradiva\/interna_TK\/VPRASANJA__EKS__Pavlin__2014_15.pdf\"><br \/>\n<\/a><a title=\"Izpitna_vprasanja_iz_MMT__2012_2013\" href=\"https:\/\/www.scpet.si\/vss\/wp-content\/uploads\/sites\/3\/2021\/06\/Izpitna_vprasanja_iz_MMT__2012_2013.doc\">MMT, Pavlin (vpra\u0161anja za 2. delni izpit , 12\/13<\/a><a title=\"MMT_3.del__mo__na_vpra__anja__11_12_\" href=\"https:\/\/www.scpet.si\/vss\/wp-content\/uploads\/sites\/3\/2021\/06\/MMT_3.del__mo__na_vpra__anja__11_12_.pdf\"><br \/>\nMMT, Bukovec (vpra\u0161anja za 3. delni izpit, 11\/12)<\/a><br \/>\n<a href=\"https:\/\/www.scpet.si\/vss\/wp-content\/uploads\/sites\/3\/2021\/06\/VPRASANJA__EKS__Pavlin__2014_15.pdf\">EKS, Pavlin (vpra\u0161anja za 3. del izpita, 14\/15) <\/a><br \/>\n<strong><br \/>\nPRIMERI PISNIH IZPITOV IN NABOR MO\u017dNIH IZPITNIH VPRA\u0160ANJ &#8211; EKONOMIST<\/strong><\/p>\n<p><a title=\"Primer_izpitnih_vpra__anj_OPF__Povse__2017\" href=\"https:\/\/www.scpet.si\/vss\/wp-content\/uploads\/sites\/3\/2021\/06\/Primer_izpitnih_vpra__anj_OPF__Povse__2017.pdf\">OPF, Pov\u0161e, primeri izpitnih vpra\u0161anj, 2017<\/a><br \/>\n<a title=\"Nabor_vpra__anj__TBP_Kramar_2011_\" href=\"https:\/\/www.scpet.si\/vss\/wp-content\/uploads\/sites\/3\/2021\/06\/Nabor_vpra__anj__TBP_Kramar_2011_.pdf\">TBP, Kramar (nabor mo\u017enih vpra\u0161anj za izpit, 11-12)<\/a><br \/>\n<a title=\"Vprasanja_za_ponavljanje__UFT_15_16\" href=\"https:\/\/www.scpet.si\/vss\/wp-content\/uploads\/sites\/3\/2021\/06\/Vprasanja_za_ponavljanje__UFT_15_16.pdf\">UFT, Rihter (nabor mo\u017enih vpra\u0161anj za izpi, 15-16)<\/a><br \/>\n<a title=\"Vprasanja_UFT__14_15\" href=\"https:\/\/www.scpet.si\/vss\/wp-content\/uploads\/sites\/3\/2021\/06\/Vprasanja_UFT__14_15.pdf\">UFT, Rihter (nabor mo\u017enih vpra\u0161anj za izpi, 14-15)<\/a><\/p>\n<div class=\"fusion-sep-clear\"><\/div><div class=\"fusion-separator fusion-full-width-sep\" style=\"margin-left: auto;margin-right: auto;margin-top:20px;width:100%;\"><\/div><div class=\"fusion-sep-clear\"><\/div>\n<p><a title=\"TME_vprasanja_2._delni___2015_16\" href=\"https:\/\/www.scpet.si\/vss\/wp-content\/uploads\/sites\/3\/2021\/06\/TME_vprasanja_2._delni___2015_16.pdf\" target=\"_blank\" rel=\"noopener\">TME, Pevec (nabor mo\u017enih vpra\u0161anj za 2. delni, 15-16)<\/a><br \/>\n<a title=\"TME__nabor_vprasanj__1.delni__14_15\" href=\"https:\/\/www.scpet.si\/vss\/wp-content\/uploads\/sites\/3\/2021\/06\/TME__nabor_vprasanj__1.delni__14_15.pdf\">TME, Pevec (nabor mo\u017enih vpra\u0161anj za 1. delni, 14-15)<\/a><\/p>\n<div class=\"fusion-sep-clear\"><\/div><div class=\"fusion-separator fusion-full-width-sep\" style=\"margin-left: auto;margin-right: auto;margin-top:20px;width:100%;\"><\/div><div class=\"fusion-sep-clear\"><\/div>\n<p><a title=\"VPRASANJA__OSZ_2014_15\" href=\"https:\/\/www.scpet.si\/vss\/wp-content\/uploads\/sites\/3\/2021\/06\/VPRASANJA__OSZ_2014_15.pdf\">OSZ, Cebek (nabor mo\u017enih vpra\u0161anj za izpit, 14-15)<\/a><div class=\"fusion-sep-clear\"><\/div><div class=\"fusion-separator fusion-full-width-sep\" style=\"margin-left: auto;margin-right: auto;margin-top:20px;width:100%;\"><\/div><div class=\"fusion-sep-clear\"><\/div>\n<a title=\"PPR__vprasanja_za_2._kolokvij_2012_13\" href=\"https:\/\/www.scpet.si\/vss\/wp-content\/uploads\/sites\/3\/2021\/06\/PPR__vprasanja_za_2._kolokvij_2012_13.pdf\">PPR, Zavrl (vpra\u0161anja za 2. kokokvij, 12\/13)\u00a0 <\/a><br \/>\n<a title=\"Vpra__anja_za_1._kolokvij_PPR__Zavrl_\" href=\"https:\/\/www.scpet.si\/vss\/wp-content\/uploads\/sites\/3\/2021\/06\/Vpra__anja_za_1._kolokvij_PPR__Zavrl_.doc\">PPR, Zavrl (vpra\u0161anja za 1. delni izpit, 10\/11\u00a0)<\/a><br \/>\n<a title=\"VRA__ANJA_ZA_2._delni_izpit__PPR_Zavrl___2010_11\" href=\"https:\/\/www.scpet.si\/vss\/wp-content\/uploads\/sites\/3\/2021\/06\/VRA__ANJA_ZA_2._delni_izpit__PPR_Zavrl___2010_11.doc\">PPR, Zavrl (vpra\u0161anja za 2. delni izpit, 10\/11)<\/a><\/p>\n<\/div><div class=\"fusion-clearfix\"><\/div><\/div><\/div><\/div><\/div>\n","protected":false},"excerpt":{"rendered":"","protected":false},"author":1,"featured_media":0,"parent":143,"menu_order":0,"comment_status":"closed","ping_status":"closed","template":"100-width.php","meta":{"xn-wppe-expiration":[],"xn-wppe-expiration-action":[],"xn-wppe-expiration-prefix":[],"_mi_skip_tracking":false,"_exactmetrics_sitenote_active":false,"_exactmetrics_sitenote_note":"","_exactmetrics_sitenote_category":0},"yoast_head":"<!-- This site is optimized with the Yoast SEO plugin v20.8 - https:\/\/yoast.com\/wordpress\/plugins\/seo\/ -->\n<title>Primeri pisnih izpitov in nabor mo\u017enih izpitnih vpra\u0161anj - VI\u0160JA STROKOVNA \u0160OLA<\/title>\n<meta name=\"description\" content=\"Primeri\" \/>\n<meta name=\"robots\" content=\"index, follow, max-snippet:-1, max-image-preview:large, max-video-preview:-1\" \/>\n<link rel=\"canonical\" href=\"https:\/\/www.scpet.si\/vss\/studij\/knjiznica\/studijska-gradiva-in-iskanje-cobiss\/primeri-pisnih-izpitov-in-nabor-moznih-izpitnih-vprasanj\/\" \/>\n<meta property=\"og:locale\" content=\"sl_SI\" \/>\n<meta property=\"og:type\" content=\"article\" \/>\n<meta property=\"og:title\" content=\"Primeri pisnih izpitov in nabor mo\u017enih izpitnih vpra\u0161anj - VI\u0160JA STROKOVNA \u0160OLA\" \/>\n<meta property=\"og:description\" content=\"Primeri\" \/>\n<meta property=\"og:url\" content=\"https:\/\/www.scpet.si\/vss\/studij\/knjiznica\/studijska-gradiva-in-iskanje-cobiss\/primeri-pisnih-izpitov-in-nabor-moznih-izpitnih-vprasanj\/\" \/>\n<meta property=\"og:site_name\" content=\"VI\u0160JA STROKOVNA \u0160OLA\" \/>\n<meta property=\"article:modified_time\" content=\"2024-01-24T07:30:12+00:00\" \/>\n<meta name=\"twitter:card\" content=\"summary_large_image\" \/>\n<meta name=\"twitter:label1\" content=\"Est. reading time\" \/>\n\t<meta name=\"twitter:data1\" content=\"2 minuti\" \/>\n<script type=\"application\/ld+json\" class=\"yoast-schema-graph\">{\"@context\":\"https:\/\/schema.org\",\"@graph\":[{\"@type\":\"WebPage\",\"@id\":\"https:\/\/www.scpet.si\/vss\/studij\/knjiznica\/studijska-gradiva-in-iskanje-cobiss\/primeri-pisnih-izpitov-in-nabor-moznih-izpitnih-vprasanj\/\",\"url\":\"https:\/\/www.scpet.si\/vss\/studij\/knjiznica\/studijska-gradiva-in-iskanje-cobiss\/primeri-pisnih-izpitov-in-nabor-moznih-izpitnih-vprasanj\/\",\"name\":\"Primeri pisnih izpitov in nabor mo\u017enih izpitnih vpra\u0161anj - VI\u0160JA STROKOVNA \u0160OLA\",\"isPartOf\":{\"@id\":\"\/#website\"},\"datePublished\":\"2021-06-01T10:09:01+00:00\",\"dateModified\":\"2024-01-24T07:30:12+00:00\",\"description\":\"Primeri\",\"breadcrumb\":{\"@id\":\"https:\/\/www.scpet.si\/vss\/studij\/knjiznica\/studijska-gradiva-in-iskanje-cobiss\/primeri-pisnih-izpitov-in-nabor-moznih-izpitnih-vprasanj\/#breadcrumb\"},\"inLanguage\":\"sl-SI\",\"potentialAction\":[{\"@type\":\"ReadAction\",\"target\":[\"https:\/\/www.scpet.si\/vss\/studij\/knjiznica\/studijska-gradiva-in-iskanje-cobiss\/primeri-pisnih-izpitov-in-nabor-moznih-izpitnih-vprasanj\/\"]}]},{\"@type\":\"BreadcrumbList\",\"@id\":\"https:\/\/www.scpet.si\/vss\/studij\/knjiznica\/studijska-gradiva-in-iskanje-cobiss\/primeri-pisnih-izpitov-in-nabor-moznih-izpitnih-vprasanj\/#breadcrumb\",\"itemListElement\":[{\"@type\":\"ListItem\",\"position\":1,\"name\":\"Home\",\"item\":\"https:\/\/www.scpet.si\/vss\/\"},{\"@type\":\"ListItem\",\"position\":2,\"name\":\"\u0160TUDIJ\",\"item\":\"https:\/\/www.scpet.si\/vss\/studij\/\"},{\"@type\":\"ListItem\",\"position\":3,\"name\":\"Knji\u017enica\",\"item\":\"https:\/\/www.scpet.si\/vss\/studij\/knjiznica\/\"},{\"@type\":\"ListItem\",\"position\":4,\"name\":\"\u0160tudijska gradiva in iskanje (COBISS)\",\"item\":\"https:\/\/www.scpet.si\/vss\/studij\/knjiznica\/studijska-gradiva-in-iskanje-cobiss\/\"},{\"@type\":\"ListItem\",\"position\":5,\"name\":\"Primeri pisnih izpitov in nabor mo\u017enih izpitnih vpra\u0161anj\"}]},{\"@type\":\"WebSite\",\"@id\":\"\/#website\",\"url\":\"\/\",\"name\":\"VI\u0160JA STROKOVNA \u0160OLA\",\"description\":\"Just another \u0160C PET Sites site\",\"potentialAction\":[{\"@type\":\"SearchAction\",\"target\":{\"@type\":\"EntryPoint\",\"urlTemplate\":\"\/?s={search_term_string}\"},\"query-input\":\"required name=search_term_string\"}],\"inLanguage\":\"sl-SI\"}]}<\/script>\n<!-- \/ Yoast SEO plugin. -->","yoast_head_json":{"title":"Primeri pisnih izpitov in nabor mo\u017enih izpitnih vpra\u0161anj - VI\u0160JA STROKOVNA \u0160OLA","description":"Primeri","robots":{"index":"index","follow":"follow","max-snippet":"max-snippet:-1","max-image-preview":"max-image-preview:large","max-video-preview":"max-video-preview:-1"},"canonical":"https:\/\/www.scpet.si\/vss\/studij\/knjiznica\/studijska-gradiva-in-iskanje-cobiss\/primeri-pisnih-izpitov-in-nabor-moznih-izpitnih-vprasanj\/","og_locale":"sl_SI","og_type":"article","og_title":"Primeri pisnih izpitov in nabor mo\u017enih izpitnih vpra\u0161anj - VI\u0160JA STROKOVNA \u0160OLA","og_description":"Primeri","og_url":"https:\/\/www.scpet.si\/vss\/studij\/knjiznica\/studijska-gradiva-in-iskanje-cobiss\/primeri-pisnih-izpitov-in-nabor-moznih-izpitnih-vprasanj\/","og_site_name":"VI\u0160JA STROKOVNA \u0160OLA","article_modified_time":"2024-01-24T07:30:12+00:00","twitter_card":"summary_large_image","twitter_misc":{"Est. reading time":"2 minuti"},"schema":{"@context":"https:\/\/schema.org","@graph":[{"@type":"WebPage","@id":"https:\/\/www.scpet.si\/vss\/studij\/knjiznica\/studijska-gradiva-in-iskanje-cobiss\/primeri-pisnih-izpitov-in-nabor-moznih-izpitnih-vprasanj\/","url":"https:\/\/www.scpet.si\/vss\/studij\/knjiznica\/studijska-gradiva-in-iskanje-cobiss\/primeri-pisnih-izpitov-in-nabor-moznih-izpitnih-vprasanj\/","name":"Primeri pisnih izpitov in nabor mo\u017enih izpitnih vpra\u0161anj - VI\u0160JA STROKOVNA \u0160OLA","isPartOf":{"@id":"\/#website"},"datePublished":"2021-06-01T10:09:01+00:00","dateModified":"2024-01-24T07:30:12+00:00","description":"Primeri","breadcrumb":{"@id":"https:\/\/www.scpet.si\/vss\/studij\/knjiznica\/studijska-gradiva-in-iskanje-cobiss\/primeri-pisnih-izpitov-in-nabor-moznih-izpitnih-vprasanj\/#breadcrumb"},"inLanguage":"sl-SI","potentialAction":[{"@type":"ReadAction","target":["https:\/\/www.scpet.si\/vss\/studij\/knjiznica\/studijska-gradiva-in-iskanje-cobiss\/primeri-pisnih-izpitov-in-nabor-moznih-izpitnih-vprasanj\/"]}]},{"@type":"BreadcrumbList","@id":"https:\/\/www.scpet.si\/vss\/studij\/knjiznica\/studijska-gradiva-in-iskanje-cobiss\/primeri-pisnih-izpitov-in-nabor-moznih-izpitnih-vprasanj\/#breadcrumb","itemListElement":[{"@type":"ListItem","position":1,"name":"Home","item":"https:\/\/www.scpet.si\/vss\/"},{"@type":"ListItem","position":2,"name":"\u0160TUDIJ","item":"https:\/\/www.scpet.si\/vss\/studij\/"},{"@type":"ListItem","position":3,"name":"Knji\u017enica","item":"https:\/\/www.scpet.si\/vss\/studij\/knjiznica\/"},{"@type":"ListItem","position":4,"name":"\u0160tudijska gradiva in iskanje (COBISS)","item":"https:\/\/www.scpet.si\/vss\/studij\/knjiznica\/studijska-gradiva-in-iskanje-cobiss\/"},{"@type":"ListItem","position":5,"name":"Primeri pisnih izpitov in nabor mo\u017enih izpitnih vpra\u0161anj"}]},{"@type":"WebSite","@id":"\/#website","url":"\/","name":"VI\u0160JA STROKOVNA \u0160OLA","description":"Just another \u0160C PET Sites site","potentialAction":[{"@type":"SearchAction","target":{"@type":"EntryPoint","urlTemplate":"\/?s={search_term_string}"},"query-input":"required name=search_term_string"}],"inLanguage":"sl-SI"}]}},"_links":{"self":[{"href":"https:\/\/www.scpet.si\/vss\/wp-json\/wp\/v2\/pages\/564"}],"collection":[{"href":"https:\/\/www.scpet.si\/vss\/wp-json\/wp\/v2\/pages"}],"about":[{"href":"https:\/\/www.scpet.si\/vss\/wp-json\/wp\/v2\/types\/page"}],"author":[{"embeddable":true,"href":"https:\/\/www.scpet.si\/vss\/wp-json\/wp\/v2\/users\/1"}],"replies":[{"embeddable":true,"href":"https:\/\/www.scpet.si\/vss\/wp-json\/wp\/v2\/comments?post=564"}],"version-history":[{"count":0,"href":"https:\/\/www.scpet.si\/vss\/wp-json\/wp\/v2\/pages\/564\/revisions"}],"up":[{"embeddable":true,"href":"https:\/\/www.scpet.si\/vss\/wp-json\/wp\/v2\/pages\/143"}],"wp:attachment":[{"href":"https:\/\/www.scpet.si\/vss\/wp-json\/wp\/v2\/media?parent=564"}],"curies":[{"name":"wp","href":"https:\/\/api.w.org\/{rel}","templated":true}]}}