{"id":609,"date":"2021-06-01T16:09:13","date_gmt":"2021-06-01T14:09:13","guid":{"rendered":"https:\/\/www.scpet.si\/vss\/student-net\/diplomski-izpit\/obrazci-copy\/"},"modified":"2023-10-26T08:59:23","modified_gmt":"2023-10-26T06:59:23","slug":"objava-tem-dipl-nalog","status":"publish","type":"page","link":"https:\/\/www.scpet.si\/vss\/studij\/diplomski-izpit\/objava-tem-dipl-nalog\/","title":{"rendered":"Objava tem dipl. nalog"},"content":{"rendered":"<div class=\"fusion-fullwidth fullwidth-box fusion-builder-row-1 nonhundred-percent-fullwidth non-hundred-percent-height-scrolling\" style=\"background-color: rgba(255,255,255,0);background-position: center center;background-repeat: no-repeat;padding-top:0px;padding-right:0px;padding-bottom:0px;margin-bottom: 0px;margin-top: 0px;border-width: 0px 0px 0px 0px;border-color:#eae9e9;border-style:solid;\" ><div class=\"fusion-builder-row fusion-row\"><div class=\"fusion-layout-column fusion_builder_column fusion-builder-column-0 fusion_builder_column_1_1 1_1 fusion-one-full fusion-column-first fusion-column-last\" style=\"margin-top:0px;margin-bottom:0px;\"><div class=\"fusion-column-wrapper fusion-flex-column-wrapper-legacy\" style=\"background-position:left top;background-repeat:no-repeat;-webkit-background-size:cover;-moz-background-size:cover;-o-background-size:cover;background-size:cover;padding: 0px 0px 0px 0px;\"><style type=\"text\/css\"><\/style><div class=\"fusion-title title fusion-title-1 fusion-sep-none fusion-title-text fusion-title-size-one\" style=\"margin-top:0px;margin-right:0px;margin-bottom:31px;margin-left:0px;\"><h1 class=\"title-heading-left\" style=\"margin:0;\">Objava tem dipl. nalog<\/h1><\/div>\n<div class=\"table-1 tableImgWidth\">\n<table width=\"100%\">\n<thead>\n<tr>\n<th align=\"left\">Datum<\/th>\n<th align=\"left\">Program<\/th>\n<th align=\"left\">Mentor\/ica<\/th>\n<th align=\"left\">Tema diplomske naloge<\/th>\n<th style=\"text-align: center;\" align=\"left\">Datoteka<\/th>\n<\/tr>\n<\/thead>\n<tbody>\n<tr>\n<td align=\"left\">29.06.2020<\/td>\n<td align=\"left\">TK<\/td>\n<td align=\"left\">mag. Alojz Hudobivnik<\/td>\n<td align=\"left\">telekomunikacije, omre\u017eja in storitve, splo\u0161no<\/td>\n<td align=\"center\"><a href=\"https:\/\/www.scpet.si\/vss\/wp-content\/uploads\/sites\/3\/2021\/06\/2810_TEME_dipl.nalog_Hudobivnik_2020.pdf\" target=\"_blank\" rel=\"noopener\"><img class=\"lazyload\" decoding=\"async\" src=\"data:image\/gif;base64,R0lGODlhAQABAAAAACH5BAEKAAEALAAAAAABAAEAAAICTAEAOw==\" data-orig-src=\"https:\/\/www.scpet.si\/vss\/wp-content\/uploads\/sites\/3\/2021\/06\/file-word-regular.svg\" \/><\/a><\/td>\n<\/tr>\n<tr>\n<td align=\"left\">14.04.2020<\/td>\n<td align=\"left\">EKO<\/td>\n<td align=\"left\">Barbara G. Drakslar<\/td>\n<td align=\"left\">poslovne finance<\/td>\n<td align=\"center\"><a href=\"https:\/\/www.scpet.si\/vss\/wp-content\/uploads\/sites\/3\/2021\/06\/1207_TEME_dipl_nalog_G._Drakslar_2020.pdf\" target=\"_blank\" rel=\"noopener\"><img class=\"lazyload\" decoding=\"async\" src=\"data:image\/gif;base64,R0lGODlhAQABAAAAACH5BAEKAAEALAAAAAABAAEAAAICTAEAOw==\" data-orig-src=\"https:\/\/www.scpet.si\/vss\/wp-content\/uploads\/sites\/3\/2021\/06\/file-word-regular.svg\" \/><\/a><\/td>\n<\/tr>\n<tr>\n<td align=\"left\">13.04.2020<\/td>\n<td align=\"left\">EKO<\/td>\n<td align=\"left\">mag. Andrej \u0160alamun<\/td>\n<td align=\"left\">smer zavarovalni\u0161tvo<\/td>\n<td align=\"center\"><a href=\"https:\/\/www.scpet.si\/vss\/wp-content\/uploads\/sites\/3\/2021\/06\/6245_TEME_dipl_nalog_Salamun_2020.pdf\" target=\"_blank\" rel=\"noopener\"><img class=\"lazyload\" decoding=\"async\" src=\"data:image\/gif;base64,R0lGODlhAQABAAAAACH5BAEKAAEALAAAAAABAAEAAAICTAEAOw==\" data-orig-src=\"https:\/\/www.scpet.si\/vss\/wp-content\/uploads\/sites\/3\/2021\/06\/file-word-regular.svg\" \/><\/a><\/td>\n<\/tr>\n<tr>\n<td align=\"left\">02.04.2020<\/td>\n<td align=\"left\">TK<\/td>\n<td align=\"left\">Anton An\u017ei\u010d<\/td>\n<td align=\"left\">telekomunikacije, omre\u017eja<\/td>\n<td align=\"center\"><a href=\"https:\/\/www.scpet.si\/vss\/wp-content\/uploads\/sites\/3\/2021\/06\/4310_TEME_dip._A._Anzic_april_2020.pdf\" target=\"_blank\" rel=\"noopener\"><img class=\"lazyload\" decoding=\"async\" src=\"data:image\/gif;base64,R0lGODlhAQABAAAAACH5BAEKAAEALAAAAAABAAEAAAICTAEAOw==\" data-orig-src=\"https:\/\/www.scpet.si\/vss\/wp-content\/uploads\/sites\/3\/2021\/06\/file-word-regular.svg\" \/><\/a><\/td>\n<\/tr>\n<tr>\n<td align=\"left\">01.04.2020<\/td>\n<td align=\"left\">TK<\/td>\n<td align=\"left\">Alojz Vindi\u0161<\/td>\n<td align=\"left\">omre\u017eja in storitve<\/td>\n<td align=\"center\"><a href=\"https:\/\/www.scpet.si\/vss\/wp-content\/uploads\/sites\/3\/2021\/06\/7734_TEME_dipl.nalog_Vindis_2020.pdf\" target=\"_blank\" rel=\"noopener\"><img class=\"lazyload\" decoding=\"async\" src=\"data:image\/gif;base64,R0lGODlhAQABAAAAACH5BAEKAAEALAAAAAABAAEAAAICTAEAOw==\" data-orig-src=\"https:\/\/www.scpet.si\/vss\/wp-content\/uploads\/sites\/3\/2021\/06\/file-word-regular.svg\" \/><\/a><\/td>\n<\/tr>\n<tr>\n<td align=\"left\">01.04.2020<\/td>\n<td align=\"left\">TK<\/td>\n<td align=\"left\">dr. Marko Podber\u0161i\u010d<\/td>\n<td align=\"left\">telekomunikacije, splo\u0161no<\/td>\n<td align=\"center\"><a href=\"https:\/\/www.scpet.si\/vss\/wp-content\/uploads\/sites\/3\/2021\/06\/4164_TEME_dipl.nalog_Podbersic_2020.pdf\" target=\"_blank\" rel=\"noopener\"><img class=\"lazyload\" decoding=\"async\" src=\"data:image\/gif;base64,R0lGODlhAQABAAAAACH5BAEKAAEALAAAAAABAAEAAAICTAEAOw==\" data-orig-src=\"https:\/\/www.scpet.si\/vss\/wp-content\/uploads\/sites\/3\/2021\/06\/file-word-regular.svg\" \/><\/a><\/td>\n<\/tr>\n<tr>\n<td align=\"left\">01.04.2020<\/td>\n<td align=\"left\">TK<\/td>\n<td align=\"left\">Miha Bukovec<\/td>\n<td align=\"left\">telekomunikacije, akustika<\/td>\n<td align=\"center\"><a href=\"https:\/\/www.scpet.si\/vss\/wp-content\/uploads\/sites\/3\/2021\/06\/3243_TEME_dipl_nalog__Bukovec_2020.pdf\" target=\"_blank\" rel=\"noopener\"><img class=\"lazyload\" decoding=\"async\" src=\"data:image\/gif;base64,R0lGODlhAQABAAAAACH5BAEKAAEALAAAAAABAAEAAAICTAEAOw==\" data-orig-src=\"https:\/\/www.scpet.si\/vss\/wp-content\/uploads\/sites\/3\/2021\/06\/file-word-regular.svg\" \/><\/a><\/td>\n<\/tr>\n<tr>\n<td align=\"left\">31.03.2020<\/td>\n<td align=\"left\">TK<\/td>\n<td align=\"left\">mag. Radivoj Pavlin<\/td>\n<td align=\"left\">telekomunikacije, multimedija in storitve<\/td>\n<td align=\"center\"><a href=\"https:\/\/www.scpet.si\/vss\/wp-content\/uploads\/sites\/3\/2021\/06\/7354_TEME_dipl_nalog__Pavlin_2020.pdf\" target=\"_blank\" rel=\"noopener\"><img class=\"lazyload\" decoding=\"async\" src=\"data:image\/gif;base64,R0lGODlhAQABAAAAACH5BAEKAAEALAAAAAABAAEAAAICTAEAOw==\" data-orig-src=\"https:\/\/www.scpet.si\/vss\/wp-content\/uploads\/sites\/3\/2021\/06\/file-word-regular.svg\" \/><\/a><\/td>\n<\/tr>\n<tr>\n<td align=\"left\">30.03.2020<\/td>\n<td align=\"left\">EKO<\/td>\n<td align=\"left\">Vinko Filipi\u010d<\/td>\n<td align=\"left\">ekonomija, poudarek na tr\u017eenju<\/td>\n<td align=\"center\"><a href=\"https:\/\/www.scpet.si\/vss\/wp-content\/uploads\/sites\/3\/2021\/06\/8997_TEME_dipl_nalog__Filipic_2020.pdf\" target=\"_blank\" rel=\"noopener\"><img class=\"lazyload\" decoding=\"async\" src=\"data:image\/gif;base64,R0lGODlhAQABAAAAACH5BAEKAAEALAAAAAABAAEAAAICTAEAOw==\" data-orig-src=\"https:\/\/www.scpet.si\/vss\/wp-content\/uploads\/sites\/3\/2021\/06\/file-word-regular.svg\" \/><\/a><\/td>\n<\/tr>\n<tr>\n<td align=\"left\">29.03.2020<\/td>\n<td align=\"left\">EKO<\/td>\n<td align=\"left\">Uro\u0161 Ledinek, mag<\/td>\n<td align=\"left\">smer ban\u010dni\u0161tvo<\/td>\n<td align=\"center\"><a href=\"https:\/\/www.scpet.si\/vss\/wp-content\/uploads\/sites\/3\/2021\/06\/1345_TEME_dipl.nalog_Ledinek_2020.pdf\" target=\"_blank\" rel=\"noopener\"><img class=\"lazyload\" decoding=\"async\" src=\"data:image\/gif;base64,R0lGODlhAQABAAAAACH5BAEKAAEALAAAAAABAAEAAAICTAEAOw==\" data-orig-src=\"https:\/\/www.scpet.si\/vss\/wp-content\/uploads\/sites\/3\/2021\/06\/file-word-regular.svg\" \/><\/a><\/td>\n<\/tr>\n<tr>\n<td align=\"left\">29.03.2020<\/td>\n<td align=\"left\">TK<\/td>\n<td align=\"left\">Bo\u0161tjan Tav\u010dar<\/td>\n<td align=\"left\">omre\u017eja in storitve, varnost v telekomunikacijah<\/td>\n<td align=\"center\"><a href=\"https:\/\/www.scpet.si\/vss\/wp-content\/uploads\/sites\/3\/2021\/06\/6400_TEME_dipl_nalog_Tavcar_2020.pdf\" target=\"_blank\" rel=\"noopener\"><img class=\"lazyload\" decoding=\"async\" src=\"data:image\/gif;base64,R0lGODlhAQABAAAAACH5BAEKAAEALAAAAAABAAEAAAICTAEAOw==\" data-orig-src=\"https:\/\/www.scpet.si\/vss\/wp-content\/uploads\/sites\/3\/2021\/06\/file-word-regular.svg\" \/><\/a><\/td>\n<\/tr>\n<tr>\n<td align=\"left\">27.03.2020<\/td>\n<td align=\"left\">TK<\/td>\n<td align=\"left\">Mile Jovanovski<\/td>\n<td align=\"left\">tr\u017eenje in prodaja v telekomunikacijah<\/td>\n<td align=\"center\"><a href=\"https:\/\/www.scpet.si\/vss\/wp-content\/uploads\/sites\/3\/2021\/06\/2447_TEME_dipl.nalog_Jovanovski_2020.pdf\" target=\"_blank\" rel=\"noopener\"><img class=\"lazyload\" decoding=\"async\" src=\"data:image\/gif;base64,R0lGODlhAQABAAAAACH5BAEKAAEALAAAAAABAAEAAAICTAEAOw==\" data-orig-src=\"https:\/\/www.scpet.si\/vss\/wp-content\/uploads\/sites\/3\/2021\/06\/file-word-regular.svg\" \/><\/a><\/td>\n<\/tr>\n<tr>\n<td align=\"left\">27.03.2020<\/td>\n<td align=\"left\">EKO<\/td>\n<td align=\"left\">dr. Helena Pov\u0161e<\/td>\n<td align=\"left\">ekonomija splo\u0161no<\/td>\n<td align=\"center\"><a href=\"https:\/\/www.scpet.si\/vss\/wp-content\/uploads\/sites\/3\/2021\/06\/9309_TEME_dipl.nalog_Povse_2020.pdf\" target=\"_blank\" rel=\"noopener\"><img class=\"lazyload\" decoding=\"async\" src=\"data:image\/gif;base64,R0lGODlhAQABAAAAACH5BAEKAAEALAAAAAABAAEAAAICTAEAOw==\" data-orig-src=\"https:\/\/www.scpet.si\/vss\/wp-content\/uploads\/sites\/3\/2021\/06\/file-word-regular.svg\" \/><\/a><\/td>\n<\/tr>\n<tr>\n<td align=\"left\">27.03.2020<\/td>\n<td align=\"left\">EKO<\/td>\n<td align=\"left\">mag. Nata\u0161a N. Ipavec<\/td>\n<td align=\"left\">ekonomija splo\u0161no<\/td>\n<td align=\"center\"><a href=\"https:\/\/www.scpet.si\/vss\/wp-content\/uploads\/sites\/3\/2021\/06\/2976_TEME_dipl.nalog_N.Ipavec_2020.pdf\" target=\"_blank\" rel=\"noopener\"><img class=\"lazyload\" decoding=\"async\" src=\"data:image\/gif;base64,R0lGODlhAQABAAAAACH5BAEKAAEALAAAAAABAAEAAAICTAEAOw==\" data-orig-src=\"https:\/\/www.scpet.si\/vss\/wp-content\/uploads\/sites\/3\/2021\/06\/file-word-regular.svg\" \/><\/a><\/td>\n<\/tr>\n<tr>\n<td align=\"left\">27.03.2020<\/td>\n<td align=\"left\">EKO<\/td>\n<td align=\"left\">mag. Darko Rupret<\/td>\n<td align=\"left\">ekonomija splo\u0161no<\/td>\n<td align=\"center\"><a href=\"https:\/\/www.scpet.si\/vss\/wp-content\/uploads\/sites\/3\/2021\/06\/2243_TEME_dipl.nalog_Rupret_2020.pdf\" target=\"_blank\" rel=\"noopener\"><img class=\"lazyload\" decoding=\"async\" src=\"data:image\/gif;base64,R0lGODlhAQABAAAAACH5BAEKAAEALAAAAAABAAEAAAICTAEAOw==\" data-orig-src=\"https:\/\/www.scpet.si\/vss\/wp-content\/uploads\/sites\/3\/2021\/06\/file-word-regular.svg\" \/><\/a><\/td>\n<\/tr>\n<tr>\n<td align=\"left\">27.03.2020<\/td>\n<td align=\"left\">EKO<\/td>\n<td align=\"left\">Damjana Trtnik<\/td>\n<td align=\"left\">smer zavarovalni\u0161tvo<\/td>\n<td align=\"center\"><a href=\"https:\/\/www.scpet.si\/vss\/wp-content\/uploads\/sites\/3\/2021\/06\/6827_TEME_dipl_nalog_Trtnik_2020.pdf\" target=\"_blank\" rel=\"noopener\"><img class=\"lazyload\" decoding=\"async\" src=\"data:image\/gif;base64,R0lGODlhAQABAAAAACH5BAEKAAEALAAAAAABAAEAAAICTAEAOw==\" data-orig-src=\"https:\/\/www.scpet.si\/vss\/wp-content\/uploads\/sites\/3\/2021\/06\/file-word-regular.svg\" \/><\/a><\/td>\n<\/tr>\n<tr>\n<td align=\"left\">18.02.2020<\/td>\n<td align=\"left\">EKO<\/td>\n<td align=\"left\">mag. Bo\u017eena Kramar<\/td>\n<td align=\"left\">smer ban\u010dni\u0161tvo<\/td>\n<td align=\"center\"><a href=\"https:\/\/www.scpet.si\/vss\/wp-content\/uploads\/sites\/3\/2021\/06\/9609_TEME_dipl.nalog_Kramar_2020.pdf\" target=\"_blank\" rel=\"noopener\"><img class=\"lazyload\" decoding=\"async\" src=\"data:image\/gif;base64,R0lGODlhAQABAAAAACH5BAEKAAEALAAAAAABAAEAAAICTAEAOw==\" data-orig-src=\"https:\/\/www.scpet.si\/vss\/wp-content\/uploads\/sites\/3\/2021\/06\/file-word-regular.svg\" \/><\/a><\/td>\n<\/tr>\n<tr>\n<td align=\"left\">06.02.2020<\/td>\n<td align=\"left\">EKO<\/td>\n<td align=\"left\">mag. Ludvik Pevec<\/td>\n<td align=\"left\">smer poslovna logistika<\/td>\n<td align=\"center\"><a href=\"https:\/\/www.scpet.si\/vss\/wp-content\/uploads\/sites\/3\/2021\/06\/9379_Teme_DN_Pevec__2020_.pdf\" target=\"_blank\" rel=\"noopener\"><img class=\"lazyload\" decoding=\"async\" src=\"data:image\/gif;base64,R0lGODlhAQABAAAAACH5BAEKAAEALAAAAAABAAEAAAICTAEAOw==\" data-orig-src=\"https:\/\/www.scpet.si\/vss\/wp-content\/uploads\/sites\/3\/2021\/06\/file-word-regular.svg\" \/><\/a><\/td>\n<\/tr>\n<tr>\n<td align=\"left\">06.02.2020<\/td>\n<td align=\"left\">EKO<\/td>\n<td align=\"left\">mag. Bo\u017eena Kramar, Maja Blaj<\/td>\n<td align=\"left\">smer ban\u010dni\u0161tvo<\/td>\n<td align=\"center\"><a href=\"https:\/\/www.scpet.si\/vss\/wp-content\/uploads\/sites\/3\/2021\/06\/4068_Teme_DN_Kramar_Blaj__2020_.pdf\" target=\"_blank\" rel=\"noopener\"><img class=\"lazyload\" decoding=\"async\" src=\"data:image\/gif;base64,R0lGODlhAQABAAAAACH5BAEKAAEALAAAAAABAAEAAAICTAEAOw==\" data-orig-src=\"https:\/\/www.scpet.si\/vss\/wp-content\/uploads\/sites\/3\/2021\/06\/file-word-regular.svg\" \/><\/a><\/td>\n<\/tr>\n<tr>\n<td align=\"left\">03.12.2018<\/td>\n<td align=\"left\">TK<\/td>\n<td align=\"left\">dr. Samo Bo\u017ei\u010d<\/td>\n<td align=\"left\">tr\u017eenje in prodaja v telekomunikacijah, splo\u0161no<\/td>\n<td align=\"center\"><a href=\"https:\/\/www.scpet.si\/vss\/wp-content\/uploads\/sites\/3\/2021\/06\/5196_TEME_dipl.nalog_Bozic_2018.pdf\" target=\"_blank\" rel=\"noopener\"><img class=\"lazyload\" decoding=\"async\" src=\"data:image\/gif;base64,R0lGODlhAQABAAAAACH5BAEKAAEALAAAAAABAAEAAAICTAEAOw==\" data-orig-src=\"https:\/\/www.scpet.si\/vss\/wp-content\/uploads\/sites\/3\/2021\/06\/file-word-regular.svg\" \/><\/a><\/td>\n<\/tr>\n<tr>\n<td align=\"left\">26.11.2018<\/td>\n<td align=\"left\">EKO<\/td>\n<td align=\"left\">mag. Igor \u017dvokelj<\/td>\n<td align=\"left\">smer ban\u010dni\u0161tvo<\/td>\n<td align=\"center\"><a href=\"https:\/\/www.scpet.si\/vss\/wp-content\/uploads\/sites\/3\/2021\/06\/6207_TEME_dipl.nalog_Zvokelj_2018.pdf\" target=\"_blank\" rel=\"noopener\"><img class=\"lazyload\" decoding=\"async\" src=\"data:image\/gif;base64,R0lGODlhAQABAAAAACH5BAEKAAEALAAAAAABAAEAAAICTAEAOw==\" data-orig-src=\"https:\/\/www.scpet.si\/vss\/wp-content\/uploads\/sites\/3\/2021\/06\/file-word-regular.svg\" \/><\/a><\/td>\n<\/tr>\n<tr>\n<td align=\"left\">23.11.2018<\/td>\n<td align=\"left\">EKO<\/td>\n<td align=\"left\">Bojan Radinja<\/td>\n<td align=\"left\">smer poslovna logistika<\/td>\n<td align=\"center\"><a href=\"https:\/\/www.scpet.si\/vss\/wp-content\/uploads\/sites\/3\/2021\/06\/7162_TEME_dipl.nalog_Radinja_2018.pdf\" target=\"_blank\" rel=\"noopener\"><img class=\"lazyload\" decoding=\"async\" src=\"data:image\/gif;base64,R0lGODlhAQABAAAAACH5BAEKAAEALAAAAAABAAEAAAICTAEAOw==\" data-orig-src=\"https:\/\/www.scpet.si\/vss\/wp-content\/uploads\/sites\/3\/2021\/06\/file-word-regular.svg\" \/><\/a><\/td>\n<\/tr>\n<tr>\n<td align=\"left\">22.11.2018<\/td>\n<td align=\"left\">TK<\/td>\n<td align=\"left\">Sa\u0161o \u017dbontar<\/td>\n<td align=\"left\">telekomunikacije, omre\u017eja in storitve<\/td>\n<td align=\"center\"><a href=\"https:\/\/www.scpet.si\/vss\/wp-content\/uploads\/sites\/3\/2021\/06\/4490_TEME_dipl.nalog_Zbontar_2018.pdf\" target=\"_blank\" rel=\"noopener\"><img class=\"lazyload\" decoding=\"async\" src=\"data:image\/gif;base64,R0lGODlhAQABAAAAACH5BAEKAAEALAAAAAABAAEAAAICTAEAOw==\" data-orig-src=\"https:\/\/www.scpet.si\/vss\/wp-content\/uploads\/sites\/3\/2021\/06\/file-word-regular.svg\" \/><\/a><\/td>\n<\/tr>\n<tr>\n<td align=\"left\">22.11.2018<\/td>\n<td align=\"left\">EKO<\/td>\n<td align=\"left\">Tanja Cebek<\/td>\n<td align=\"left\">smer zavarovalni\u0161tvo<\/td>\n<td align=\"center\"><a href=\"https:\/\/www.scpet.si\/vss\/wp-content\/uploads\/sites\/3\/2021\/06\/2966_TEME_dipl.nalog_Cebek_2018.pdf\" target=\"_blank\" rel=\"noopener\"><img class=\"lazyload\" decoding=\"async\" src=\"data:image\/gif;base64,R0lGODlhAQABAAAAACH5BAEKAAEALAAAAAABAAEAAAICTAEAOw==\" data-orig-src=\"https:\/\/www.scpet.si\/vss\/wp-content\/uploads\/sites\/3\/2021\/06\/file-word-regular.svg\" \/><\/a><\/td>\n<\/tr>\n<tr>\n<td align=\"left\">21.11.2018<\/td>\n<td align=\"left\">EKO<\/td>\n<td align=\"left\">mag. Mojca Skok<\/td>\n<td align=\"left\">podro\u010dje kakovosti<\/td>\n<td align=\"center\"><a href=\"https:\/\/www.scpet.si\/vss\/wp-content\/uploads\/sites\/3\/2021\/06\/6306_TEME_dipl_nalog__Skok__2018_.pdf\" target=\"_blank\" rel=\"noopener\"><img class=\"lazyload\" decoding=\"async\" src=\"data:image\/gif;base64,R0lGODlhAQABAAAAACH5BAEKAAEALAAAAAABAAEAAAICTAEAOw==\" data-orig-src=\"https:\/\/www.scpet.si\/vss\/wp-content\/uploads\/sites\/3\/2021\/06\/file-word-regular.svg\" \/><\/a><\/td>\n<\/tr>\n<tr>\n<td align=\"left\">19.11.2018<\/td>\n<td align=\"left\">TK<\/td>\n<td align=\"left\">mag. Peter Peterlin<\/td>\n<td align=\"left\">telekomunikacije, storitve, splo\u0161no<\/td>\n<td align=\"center\"><a href=\"https:\/\/www.scpet.si\/vss\/wp-content\/uploads\/sites\/3\/2021\/06\/1621_TEME_dipl_nalog__Peterlin__2018_.pdf\" target=\"_blank\" rel=\"noopener\"><img class=\"lazyload\" decoding=\"async\" src=\"data:image\/gif;base64,R0lGODlhAQABAAAAACH5BAEKAAEALAAAAAABAAEAAAICTAEAOw==\" data-orig-src=\"https:\/\/www.scpet.si\/vss\/wp-content\/uploads\/sites\/3\/2021\/06\/file-word-regular.svg\" \/><\/a><\/td>\n<\/tr>\n<tr>\n<td align=\"left\">16.11.2015<\/td>\n<td align=\"left\">TK<\/td>\n<td align=\"left\">mag. Janez An\u017ei\u010d<\/td>\n<td align=\"left\">telekomunikacije splo\u0161no, omre\u017eja in storitve<\/td>\n<td align=\"center\"><a href=\"https:\/\/www.scpet.si\/vss\/wp-content\/uploads\/sites\/3\/2021\/06\/4579_TEME_dip__J__Anzic__nov__2015_.pdf\" target=\"_blank\" rel=\"noopener\"><img class=\"lazyload\" decoding=\"async\" src=\"data:image\/gif;base64,R0lGODlhAQABAAAAACH5BAEKAAEALAAAAAABAAEAAAICTAEAOw==\" data-orig-src=\"https:\/\/www.scpet.si\/vss\/wp-content\/uploads\/sites\/3\/2021\/06\/file-word-regular.svg\" \/><\/a><\/td>\n<\/tr>\n<\/tbody>\n<\/table>\n<\/div>\n<div class=\"fusion-clearfix\"><\/div><\/div><\/div><\/div><\/div>\n","protected":false},"excerpt":{"rendered":"","protected":false},"author":1,"featured_media":0,"parent":331,"menu_order":0,"comment_status":"closed","ping_status":"closed","template":"100-width.php","meta":{"xn-wppe-expiration":[],"xn-wppe-expiration-action":[],"xn-wppe-expiration-prefix":[],"_mi_skip_tracking":false,"_exactmetrics_sitenote_active":false,"_exactmetrics_sitenote_note":"","_exactmetrics_sitenote_category":0},"yoast_head":"<!-- This site is optimized with the Yoast SEO plugin v20.8 - https:\/\/yoast.com\/wordpress\/plugins\/seo\/ -->\n<title>Objava tem dipl. nalog - VI\u0160JA STROKOVNA \u0160OLA<\/title>\n<meta name=\"description\" content=\"Objava tem dipl. nalog\" \/>\n<meta name=\"robots\" content=\"index, follow, max-snippet:-1, max-image-preview:large, max-video-preview:-1\" \/>\n<link rel=\"canonical\" href=\"https:\/\/www.scpet.si\/vss\/studij\/diplomski-izpit\/objava-tem-dipl-nalog\/\" \/>\n<meta property=\"og:locale\" content=\"sl_SI\" \/>\n<meta property=\"og:type\" content=\"article\" \/>\n<meta property=\"og:title\" content=\"Objava tem dipl. nalog - VI\u0160JA STROKOVNA \u0160OLA\" \/>\n<meta property=\"og:description\" content=\"Objava tem dipl. nalog\" \/>\n<meta property=\"og:url\" content=\"https:\/\/www.scpet.si\/vss\/studij\/diplomski-izpit\/objava-tem-dipl-nalog\/\" \/>\n<meta property=\"og:site_name\" content=\"VI\u0160JA STROKOVNA \u0160OLA\" \/>\n<meta property=\"article:modified_time\" content=\"2023-10-26T06:59:23+00:00\" \/>\n<meta property=\"og:image\" content=\"https:\/\/www.scpet.si\/vss\/wp-content\/uploads\/sites\/3\/2021\/06\/file-word-regular.svg\" \/>\n<meta name=\"twitter:card\" content=\"summary_large_image\" \/>\n<meta name=\"twitter:label1\" content=\"Est. reading time\" \/>\n\t<meta name=\"twitter:data1\" content=\"3 minute\" \/>\n<script type=\"application\/ld+json\" class=\"yoast-schema-graph\">{\"@context\":\"https:\/\/schema.org\",\"@graph\":[{\"@type\":\"WebPage\",\"@id\":\"https:\/\/www.scpet.si\/vss\/studij\/diplomski-izpit\/objava-tem-dipl-nalog\/\",\"url\":\"https:\/\/www.scpet.si\/vss\/studij\/diplomski-izpit\/objava-tem-dipl-nalog\/\",\"name\":\"Objava tem dipl. nalog - VI\u0160JA STROKOVNA \u0160OLA\",\"isPartOf\":{\"@id\":\"\/#website\"},\"datePublished\":\"2021-06-01T14:09:13+00:00\",\"dateModified\":\"2023-10-26T06:59:23+00:00\",\"description\":\"Objava tem dipl. nalog\",\"breadcrumb\":{\"@id\":\"https:\/\/www.scpet.si\/vss\/studij\/diplomski-izpit\/objava-tem-dipl-nalog\/#breadcrumb\"},\"inLanguage\":\"sl-SI\",\"potentialAction\":[{\"@type\":\"ReadAction\",\"target\":[\"https:\/\/www.scpet.si\/vss\/studij\/diplomski-izpit\/objava-tem-dipl-nalog\/\"]}]},{\"@type\":\"BreadcrumbList\",\"@id\":\"https:\/\/www.scpet.si\/vss\/studij\/diplomski-izpit\/objava-tem-dipl-nalog\/#breadcrumb\",\"itemListElement\":[{\"@type\":\"ListItem\",\"position\":1,\"name\":\"Home\",\"item\":\"https:\/\/www.scpet.si\/vss\/\"},{\"@type\":\"ListItem\",\"position\":2,\"name\":\"\u0160TUDIJ\",\"item\":\"https:\/\/www.scpet.si\/vss\/studij\/\"},{\"@type\":\"ListItem\",\"position\":3,\"name\":\"Diplomski izpit\",\"item\":\"https:\/\/www.scpet.si\/vss\/studij\/diplomski-izpit\/\"},{\"@type\":\"ListItem\",\"position\":4,\"name\":\"Objava tem dipl. nalog\"}]},{\"@type\":\"WebSite\",\"@id\":\"\/#website\",\"url\":\"\/\",\"name\":\"VI\u0160JA STROKOVNA \u0160OLA\",\"description\":\"Just another \u0160C PET Sites site\",\"potentialAction\":[{\"@type\":\"SearchAction\",\"target\":{\"@type\":\"EntryPoint\",\"urlTemplate\":\"\/?s={search_term_string}\"},\"query-input\":\"required name=search_term_string\"}],\"inLanguage\":\"sl-SI\"}]}<\/script>\n<!-- \/ Yoast SEO plugin. -->","yoast_head_json":{"title":"Objava tem dipl. nalog - VI\u0160JA STROKOVNA \u0160OLA","description":"Objava tem dipl. nalog","robots":{"index":"index","follow":"follow","max-snippet":"max-snippet:-1","max-image-preview":"max-image-preview:large","max-video-preview":"max-video-preview:-1"},"canonical":"https:\/\/www.scpet.si\/vss\/studij\/diplomski-izpit\/objava-tem-dipl-nalog\/","og_locale":"sl_SI","og_type":"article","og_title":"Objava tem dipl. nalog - VI\u0160JA STROKOVNA \u0160OLA","og_description":"Objava tem dipl. nalog","og_url":"https:\/\/www.scpet.si\/vss\/studij\/diplomski-izpit\/objava-tem-dipl-nalog\/","og_site_name":"VI\u0160JA STROKOVNA \u0160OLA","article_modified_time":"2023-10-26T06:59:23+00:00","og_image":[{"url":"https:\/\/www.scpet.si\/vss\/wp-content\/uploads\/sites\/3\/2021\/06\/file-word-regular.svg"}],"twitter_card":"summary_large_image","twitter_misc":{"Est. reading time":"3 minute"},"schema":{"@context":"https:\/\/schema.org","@graph":[{"@type":"WebPage","@id":"https:\/\/www.scpet.si\/vss\/studij\/diplomski-izpit\/objava-tem-dipl-nalog\/","url":"https:\/\/www.scpet.si\/vss\/studij\/diplomski-izpit\/objava-tem-dipl-nalog\/","name":"Objava tem dipl. nalog - VI\u0160JA STROKOVNA \u0160OLA","isPartOf":{"@id":"\/#website"},"datePublished":"2021-06-01T14:09:13+00:00","dateModified":"2023-10-26T06:59:23+00:00","description":"Objava tem dipl. nalog","breadcrumb":{"@id":"https:\/\/www.scpet.si\/vss\/studij\/diplomski-izpit\/objava-tem-dipl-nalog\/#breadcrumb"},"inLanguage":"sl-SI","potentialAction":[{"@type":"ReadAction","target":["https:\/\/www.scpet.si\/vss\/studij\/diplomski-izpit\/objava-tem-dipl-nalog\/"]}]},{"@type":"BreadcrumbList","@id":"https:\/\/www.scpet.si\/vss\/studij\/diplomski-izpit\/objava-tem-dipl-nalog\/#breadcrumb","itemListElement":[{"@type":"ListItem","position":1,"name":"Home","item":"https:\/\/www.scpet.si\/vss\/"},{"@type":"ListItem","position":2,"name":"\u0160TUDIJ","item":"https:\/\/www.scpet.si\/vss\/studij\/"},{"@type":"ListItem","position":3,"name":"Diplomski izpit","item":"https:\/\/www.scpet.si\/vss\/studij\/diplomski-izpit\/"},{"@type":"ListItem","position":4,"name":"Objava tem dipl. nalog"}]},{"@type":"WebSite","@id":"\/#website","url":"\/","name":"VI\u0160JA STROKOVNA \u0160OLA","description":"Just another \u0160C PET Sites site","potentialAction":[{"@type":"SearchAction","target":{"@type":"EntryPoint","urlTemplate":"\/?s={search_term_string}"},"query-input":"required name=search_term_string"}],"inLanguage":"sl-SI"}]}},"_links":{"self":[{"href":"https:\/\/www.scpet.si\/vss\/wp-json\/wp\/v2\/pages\/609"}],"collection":[{"href":"https:\/\/www.scpet.si\/vss\/wp-json\/wp\/v2\/pages"}],"about":[{"href":"https:\/\/www.scpet.si\/vss\/wp-json\/wp\/v2\/types\/page"}],"author":[{"embeddable":true,"href":"https:\/\/www.scpet.si\/vss\/wp-json\/wp\/v2\/users\/1"}],"replies":[{"embeddable":true,"href":"https:\/\/www.scpet.si\/vss\/wp-json\/wp\/v2\/comments?post=609"}],"version-history":[{"count":0,"href":"https:\/\/www.scpet.si\/vss\/wp-json\/wp\/v2\/pages\/609\/revisions"}],"up":[{"embeddable":true,"href":"https:\/\/www.scpet.si\/vss\/wp-json\/wp\/v2\/pages\/331"}],"wp:attachment":[{"href":"https:\/\/www.scpet.si\/vss\/wp-json\/wp\/v2\/media?parent=609"}],"curies":[{"name":"wp","href":"https:\/\/api.w.org\/{rel}","templated":true}]}}